Back to Multiple platform build/check report for BioC 3.21: simplified long |
|
This page was generated on 2025-10-06 11:39 -0400 (Mon, 06 Oct 2025).
Hostname | OS | Arch (*) | R version | Installed pkgs |
---|---|---|---|---|
nebbiolo1 | Linux (Ubuntu 24.04.3 LTS) | x86_64 | 4.5.1 (2025-06-13) -- "Great Square Root" | 4832 |
merida1 | macOS 12.7.5 Monterey | x86_64 | 4.5.1 RC (2025-06-05 r88288) -- "Great Square Root" | 4613 |
kjohnson1 | macOS 13.6.6 Ventura | arm64 | 4.5.1 Patched (2025-06-14 r88325) -- "Great Square Root" | 4554 |
kunpeng2 | Linux (openEuler 24.03 LTS) | aarch64 | R Under development (unstable) (2025-02-19 r87757) -- "Unsuffered Consequences" | 4585 |
Click on any hostname to see more info about the system (e.g. compilers) (*) as reported by 'uname -p', except on Windows and Mac OS X |
Package 1694/2341 | Hostname | OS / Arch | INSTALL | BUILD | CHECK | BUILD BIN | ||||||||
Rarr 1.8.0 (landing page) Mike Smith
| nebbiolo1 | Linux (Ubuntu 24.04.3 LTS) / x86_64 | OK | ERROR | skipped | |||||||||
merida1 | macOS 12.7.5 Monterey / x86_64 | OK | ERROR | skipped | skipped | |||||||||
kjohnson1 | macOS 13.6.6 Ventura / arm64 | OK | ERROR | skipped | skipped | |||||||||
kunpeng2 | Linux (openEuler 24.03 LTS) / aarch64 | OK | ERROR | skipped | ||||||||||
To the developers/maintainers of the Rarr package: - Allow up to 24 hours (and sometimes 48 hours) for your latest push to git@git.bioconductor.org:packages/Rarr.git to reflect on this report. See Troubleshooting Build Report for more information. - Use the following Renviron settings to reproduce errors and warnings. - If 'R CMD check' started to fail recently on the Linux builder(s) over a missing dependency, add the missing dependency to 'Suggests:' in your DESCRIPTION file. See Renviron.bioc for more information. |
Package: Rarr |
Version: 1.8.0 |
Command: /Library/Frameworks/R.framework/Resources/bin/R CMD build --keep-empty-dirs --no-resave-data Rarr |
StartedAt: 2025-10-02 21:51:28 -0400 (Thu, 02 Oct 2025) |
EndedAt: 2025-10-02 21:54:16 -0400 (Thu, 02 Oct 2025) |
EllapsedTime: 168.0 seconds |
RetCode: 1 |
Status: ERROR |
PackageFile: None |
PackageFileSize: NA |
############################################################################## ############################################################################## ### ### Running command: ### ### /Library/Frameworks/R.framework/Resources/bin/R CMD build --keep-empty-dirs --no-resave-data Rarr ### ############################################################################## ############################################################################## * checking for file ‘Rarr/DESCRIPTION’ ... OK * preparing ‘Rarr’: * checking DESCRIPTION meta-information ... OK * cleaning src * running ‘cleanup’ * installing the package to build vignettes * creating vignettes ... ERROR --- re-building ‘Rarr.Rmd’ using rmarkdown Quitting from Rarr.Rmd:106-112 [unnamed-chunk-3] ~~~~~~~~~~~~~~~~~~~~~~~~~~~~~~~~~~~~~~~~~~~~~~~~~~~~~~~~~~~~~~~~~~~~~~~~~~~~~~~~ <error/rlang_error> Error: ! InvalidAccessKeyId (HTTP 403). The Access Key Id you provided does not exist in our records. --- Backtrace: ▆ 1. └─Rarr::zarr_overview("https://s3.embl.de/rarr-testing/bzip2.zarr") 2. └─Rarr:::read_array_metadata(path = zarr_array_path, s3_client = s3_client) 3. └─s3_client$get_object(Bucket = parsed_url$bucket, Key = parsed_url$object) 4. └─paws.common::send_request(request) 5. └─paws.common:::retry(request) 6. └─paws.common:::run(request, retry) 7. └─handler$fn(request) ~~~~~~~~~~~~~~~~~~~~~~~~~~~~~~~~~~~~~~~~~~~~~~~~~~~~~~~~~~~~~~~~~~~~~~~~~~~~~~~~ Error: processing vignette 'Rarr.Rmd' failed with diagnostics: InvalidAccessKeyId (HTTP 403). The Access Key Id you provided does not exist in our records. --- failed re-building ‘Rarr.Rmd’ SUMMARY: processing the following file failed: ‘Rarr.Rmd’ Error: Vignette re-building failed. Execution halted