| Back to Multiple platform build/check report for BioC 3.22: simplified long |
|
This page was generated on 2025-11-06 12:00 -0500 (Thu, 06 Nov 2025).
| Hostname | OS | Arch (*) | R version | Installed pkgs |
|---|---|---|---|---|
| nebbiolo2 | Linux (Ubuntu 24.04.3 LTS) | x86_64 | 4.5.1 Patched (2025-08-23 r88802) -- "Great Square Root" | 4902 |
| kjohnson3 | macOS 13.7.7 Ventura | arm64 | 4.5.1 Patched (2025-09-10 r88807) -- "Great Square Root" | 4638 |
| Click on any hostname to see more info about the system (e.g. compilers) (*) as reported by 'uname -p', except on Windows and Mac OS X | ||||
| Package 1871/2361 | Hostname | OS / Arch | INSTALL | BUILD | CHECK | BUILD BIN | ||||||||
| RUVcorr 1.42.0 (landing page) Saskia Freytag
| nebbiolo2 | Linux (Ubuntu 24.04.3 LTS) / x86_64 | OK | OK | WARNINGS | |||||||||
| kjohnson3 | macOS 13.7.7 Ventura / arm64 | OK | OK | WARNINGS | OK | |||||||||
|
To the developers/maintainers of the RUVcorr package: - Allow up to 24 hours (and sometimes 48 hours) for your latest push to git@git.bioconductor.org:packages/RUVcorr.git to reflect on this report. See Troubleshooting Build Report for more information. - Use the following Renviron settings to reproduce errors and warnings. - If 'R CMD check' started to fail recently on the Linux builder(s) over a missing dependency, add the missing dependency to 'Suggests:' in your DESCRIPTION file. See Renviron.bioc for more information. |
| Package: RUVcorr |
| Version: 1.42.0 |
| Command: /home/biocbuild/bbs-3.22-bioc/R/bin/R CMD check --install=check:RUVcorr.install-out.txt --library=/home/biocbuild/bbs-3.22-bioc/R/site-library --timings RUVcorr_1.42.0.tar.gz |
| StartedAt: 2025-11-06 03:39:56 -0500 (Thu, 06 Nov 2025) |
| EndedAt: 2025-11-06 03:41:24 -0500 (Thu, 06 Nov 2025) |
| EllapsedTime: 87.1 seconds |
| RetCode: 0 |
| Status: WARNINGS |
| CheckDir: RUVcorr.Rcheck |
| Warnings: 1 |
##############################################################################
##############################################################################
###
### Running command:
###
### /home/biocbuild/bbs-3.22-bioc/R/bin/R CMD check --install=check:RUVcorr.install-out.txt --library=/home/biocbuild/bbs-3.22-bioc/R/site-library --timings RUVcorr_1.42.0.tar.gz
###
##############################################################################
##############################################################################
* using log directory ‘/home/biocbuild/bbs-3.22-bioc/meat/RUVcorr.Rcheck’
* using R version 4.5.1 Patched (2025-08-23 r88802)
* using platform: x86_64-pc-linux-gnu
* R was compiled by
gcc (Ubuntu 13.3.0-6ubuntu2~24.04) 13.3.0
GNU Fortran (Ubuntu 13.3.0-6ubuntu2~24.04) 13.3.0
* running under: Ubuntu 24.04.3 LTS
* using session charset: UTF-8
* checking for file ‘RUVcorr/DESCRIPTION’ ... OK
* checking extension type ... Package
* this is package ‘RUVcorr’ version ‘1.42.0’
* checking package namespace information ... NOTE
Found export directives that require package ‘methods’:
‘exportClasses’ ‘exportMethods’
Remove all such namespace directives (if obsolete) or ensure that the
DESCRIPTION Depends or Imports field contains ‘methods’.
* checking package dependencies ... OK
* checking if this is a source package ... OK
* checking if there is a namespace ... OK
* checking for hidden files and directories ... OK
* checking for portable file names ... OK
* checking for sufficient/correct file permissions ... OK
* checking whether package ‘RUVcorr’ can be installed ... OK
* checking installed package size ... OK
* checking package directory ... OK
* checking ‘build’ directory ... OK
* checking DESCRIPTION meta-information ... OK
* checking top-level files ... OK
* checking for left-over files ... OK
* checking index information ... OK
* checking package subdirectories ... OK
* checking code files for non-ASCII characters ... OK
* checking R files for syntax errors ... OK
* checking whether the package can be loaded ... OK
* checking whether the package can be loaded with stated dependencies ... OK
* checking whether the package can be unloaded cleanly ... OK
* checking whether the namespace can be loaded with stated dependencies ... WARNING
Warning: S4 exports specified in 'NAMESPACE' but not defined in package ‘RUVcorr’
* checking whether the namespace can be unloaded cleanly ... OK
* checking loading without being on the library search path ... OK
* checking dependencies in R code ... OK
* checking S3 generic/method consistency ... OK
* checking replacement functions ... OK
* checking foreign function calls ... OK
* checking R code for possible problems ... OK
* checking Rd files ... NOTE
checkRd: (-1) calculateThreshold.Rd:48: Lost braces in \itemize; \value handles \item{}{} directly
checkRd: (-1) calculateThreshold.Rd:49: Lost braces in \itemize; \value handles \item{}{} directly
checkRd: (-1) calculateThreshold.Rd:50: Lost braces in \itemize; \value handles \item{}{} directly
checkRd: (-1) findWeights.Rd:21: Lost braces in \itemize; \value handles \item{}{} directly
checkRd: (-1) findWeights.Rd:22: Lost braces in \itemize; \value handles \item{}{} directly
checkRd: (-1) simulateGEdata.Rd:54: Lost braces in \itemize; \value handles \item{}{} directly
checkRd: (-1) simulateGEdata.Rd:55: Lost braces in \itemize; \value handles \item{}{} directly
checkRd: (-1) simulateGEdata.Rd:56: Lost braces in \itemize; \value handles \item{}{} directly
checkRd: (-1) simulateGEdata.Rd:57: Lost braces in \itemize; \value handles \item{}{} directly
checkRd: (-1) simulateGEdata.Rd:58: Lost braces in \itemize; \value handles \item{}{} directly
* checking Rd metadata ... OK
* checking Rd cross-references ... OK
* checking for missing documentation entries ... OK
* checking for code/documentation mismatches ... OK
* checking Rd \usage sections ... NOTE
Documented arguments not in \usage in Rd file 'findIQR.Rd':
‘Vector’
Functions with \usage entries need to have the appropriate \alias
entries, and all their arguments documented.
The \usage entries must correspond to syntactically valid R code.
See chapter ‘Writing R documentation files’ in the ‘Writing R
Extensions’ manual.
* checking Rd contents ... OK
* checking for unstated dependencies in examples ... OK
* checking files in ‘vignettes’ ... OK
* checking examples ... OK
* checking for unstated dependencies in vignettes ... OK
* checking package vignettes ... OK
* checking re-building of vignette outputs ... OK
* checking PDF version of manual ... OK
* DONE
Status: 1 WARNING, 3 NOTEs
See
‘/home/biocbuild/bbs-3.22-bioc/meat/RUVcorr.Rcheck/00check.log’
for details.
RUVcorr.Rcheck/00install.out
############################################################################## ############################################################################## ### ### Running command: ### ### /home/biocbuild/bbs-3.22-bioc/R/bin/R CMD INSTALL RUVcorr ### ############################################################################## ############################################################################## * installing to library ‘/home/biocbuild/bbs-3.22-bioc/R/site-library’ * installing *source* package ‘RUVcorr’ ... ** this is package ‘RUVcorr’ version ‘1.42.0’ ** using staged installation ** R ** inst ** byte-compile and prepare package for lazy loading ** help *** installing help indices ** building package indices ** installing vignettes ** testing if installed package can be loaded from temporary location ** testing if installed package can be loaded from final location ** testing if installed package keeps a record of temporary installation path * DONE (RUVcorr)
RUVcorr.Rcheck/RUVcorr-Ex.timings
| name | user | system | elapsed | |
| ECDFPlot | 0.648 | 0.021 | 0.669 | |
| PCAPlot | 1.498 | 0.034 | 1.532 | |
| RLEPlot | 1.408 | 0.016 | 1.424 | |
| RUVNaiveRidge | 0.408 | 0.001 | 0.409 | |
| assessQuality | 0.071 | 0.000 | 0.070 | |
| background | 0.061 | 0.001 | 0.062 | |
| calculateThreshold | 1.185 | 0.111 | 1.295 | |
| compareRanks | 0.666 | 0.040 | 0.707 | |
| correlationPlot | 0.097 | 0.010 | 0.107 | |
| eigenvaluePlot | 0.349 | 0.004 | 0.353 | |
| empNegativeControls | 0.144 | 0.019 | 0.164 | |
| findWeights | 0.294 | 0.070 | 0.364 | |
| genePlot | 0.180 | 0.021 | 0.201 | |
| histogramPlot | 0.272 | 0.008 | 0.279 | |
| is.optimizeParameters | 0 | 0 | 0 | |
| is.simulateGEdata | 0 | 0 | 0 | |
| optimizeParameters | 1.304 | 0.005 | 1.309 | |
| plot.optimizeParameters | 1.661 | 0.025 | 1.687 | |
| plotDesign | 0.474 | 0.004 | 0.477 | |
| plotThreshold | 1.321 | 0.036 | 1.357 | |
| print.simulateGEdata | 0 | 0 | 0 | |
| prioritise | 0.303 | 0.015 | 0.317 | |
| simulateGEdata | 0.321 | 0.004 | 0.325 | |
| wcor | 0.406 | 0.007 | 0.414 | |