| Back to Multiple platform build/check report for BioC 3.21: simplified long |
|
This page was generated on 2025-08-18 11:42 -0400 (Mon, 18 Aug 2025).
| Hostname | OS | Arch (*) | R version | Installed pkgs |
|---|---|---|---|---|
| nebbiolo1 | Linux (Ubuntu 24.04.3 LTS) | x86_64 | 4.5.1 (2025-06-13) -- "Great Square Root" | 4824 |
| palomino7 | Windows Server 2022 Datacenter | x64 | 4.5.1 (2025-06-13 ucrt) -- "Great Square Root" | 4566 |
| merida1 | macOS 12.7.5 Monterey | x86_64 | 4.5.1 RC (2025-06-05 r88288) -- "Great Square Root" | 4604 |
| kjohnson1 | macOS 13.6.6 Ventura | arm64 | 4.5.1 Patched (2025-06-14 r88325) -- "Great Square Root" | 4545 |
| kunpeng2 | Linux (openEuler 24.03 LTS) | aarch64 | R Under development (unstable) (2025-02-19 r87757) -- "Unsuffered Consequences" | 4579 |
| Click on any hostname to see more info about the system (e.g. compilers) (*) as reported by 'uname -p', except on Windows and Mac OS X | ||||
| Package 1844/2341 | Hostname | OS / Arch | INSTALL | BUILD | CHECK | BUILD BIN | ||||||||
| RTCA 1.60.0 (landing page) Jitao David Zhang
| nebbiolo1 | Linux (Ubuntu 24.04.3 LTS) / x86_64 | OK | OK | WARNINGS | |||||||||
| palomino7 | Windows Server 2022 Datacenter / x64 | OK | OK | WARNINGS | OK | |||||||||
| merida1 | macOS 12.7.5 Monterey / x86_64 | OK | OK | WARNINGS | OK | |||||||||
| kjohnson1 | macOS 13.6.6 Ventura / arm64 | OK | OK | WARNINGS | OK | |||||||||
| kunpeng2 | Linux (openEuler 24.03 LTS) / aarch64 | OK | OK | WARNINGS | ||||||||||
|
To the developers/maintainers of the RTCA package: - Allow up to 24 hours (and sometimes 48 hours) for your latest push to git@git.bioconductor.org:packages/RTCA.git to reflect on this report. See Troubleshooting Build Report for more information. - Use the following Renviron settings to reproduce errors and warnings. - If 'R CMD check' started to fail recently on the Linux builder(s) over a missing dependency, add the missing dependency to 'Suggests:' in your DESCRIPTION file. See Renviron.bioc for more information. |
| Package: RTCA |
| Version: 1.60.0 |
| Command: E:\biocbuild\bbs-3.21-bioc\R\bin\R.exe CMD check --no-multiarch --install=check:RTCA.install-out.txt --library=E:\biocbuild\bbs-3.21-bioc\R\library --no-vignettes --timings RTCA_1.60.0.tar.gz |
| StartedAt: 2025-08-15 06:22:55 -0400 (Fri, 15 Aug 2025) |
| EndedAt: 2025-08-15 06:23:44 -0400 (Fri, 15 Aug 2025) |
| EllapsedTime: 48.6 seconds |
| RetCode: 0 |
| Status: WARNINGS |
| CheckDir: RTCA.Rcheck |
| Warnings: 1 |
##############################################################################
##############################################################################
###
### Running command:
###
### E:\biocbuild\bbs-3.21-bioc\R\bin\R.exe CMD check --no-multiarch --install=check:RTCA.install-out.txt --library=E:\biocbuild\bbs-3.21-bioc\R\library --no-vignettes --timings RTCA_1.60.0.tar.gz
###
##############################################################################
##############################################################################
* using log directory 'E:/biocbuild/bbs-3.21-bioc/meat/RTCA.Rcheck'
* using R version 4.5.1 (2025-06-13 ucrt)
* using platform: x86_64-w64-mingw32
* R was compiled by
gcc.exe (GCC) 14.2.0
GNU Fortran (GCC) 14.2.0
* running under: Windows Server 2022 x64 (build 20348)
* using session charset: UTF-8
* using option '--no-vignettes'
* checking for file 'RTCA/DESCRIPTION' ... OK
* checking extension type ... Package
* this is package 'RTCA' version '1.60.0'
* checking package namespace information ... OK
* checking package dependencies ... OK
* checking if this is a source package ... OK
* checking if there is a namespace ... OK
* checking for hidden files and directories ... OK
* checking for portable file names ... OK
* checking whether package 'RTCA' can be installed ... OK
* checking installed package size ... OK
* checking package directory ... OK
* checking 'build' directory ... OK
* checking DESCRIPTION meta-information ... OK
* checking top-level files ... OK
* checking for left-over files ... OK
* checking index information ... OK
* checking package subdirectories ... OK
* checking code files for non-ASCII characters ... OK
* checking R files for syntax errors ... OK
* checking whether the package can be loaded ... OK
* checking whether the package can be loaded with stated dependencies ... OK
* checking whether the package can be unloaded cleanly ... OK
* checking whether the namespace can be loaded with stated dependencies ... OK
* checking whether the namespace can be unloaded cleanly ... OK
* checking dependencies in R code ... OK
* checking S3 generic/method consistency ... OK
* checking replacement functions ... OK
* checking foreign function calls ... OK
* checking R code for possible problems ... OK
* checking Rd files ... NOTE
checkRd: (-1) RTCA-class.Rd:79: Lost braces
79 | \item{expID}{code{signature(object = "RTCA")}: get Experiment ID}
| ^
checkRd: (-1) RTCA-class.Rd:80: Lost braces
80 | \item{expID<-}{code{signature(object = "RTCA", value = "ANY")}: set Experiment ID}
| ^
* checking Rd metadata ... OK
* checking Rd cross-references ... NOTE
Found the following Rd file(s) with Rd \link{} targets missing package
anchors:
RTCA-class.Rd: ExpressionSet-class, eSet-class,
VersionedBiobase-class, Versioned-class
Please provide package anchors for all Rd \link{} targets not in the
package itself and the base packages.
* checking for missing documentation entries ... OK
* checking for code/documentation mismatches ... OK
* checking Rd \usage sections ... WARNING
Documented arguments not in \usage in Rd file 'interpolationTransform.Rd':
'...'
Functions with \usage entries need to have the appropriate \alias
entries, and all their arguments documented.
The \usage entries must correspond to syntactically valid R code.
See chapter 'Writing R documentation files' in the 'Writing R
Extensions' manual.
* checking Rd contents ... OK
* checking for unstated dependencies in examples ... OK
* checking line endings in Makefiles ... OK
* checking for GNU extensions in Makefiles ... OK
* checking include directives in Makefiles ... OK
* checking sizes of PDF files under 'inst/doc' ... OK
* checking files in 'vignettes' ... OK
* checking examples ... OK
* checking for unstated dependencies in 'tests' ... OK
* checking tests ...
Running 'essentials.R'
OK
* checking for unstated dependencies in vignettes ... OK
* checking package vignettes ... OK
* checking running R code from vignettes ... SKIPPED
* checking re-building of vignette outputs ... SKIPPED
* checking PDF version of manual ... OK
* DONE
Status: 1 WARNING, 2 NOTEs
See
'E:/biocbuild/bbs-3.21-bioc/meat/RTCA.Rcheck/00check.log'
for details.
RTCA.Rcheck/00install.out
############################################################################## ############################################################################## ### ### Running command: ### ### E:\biocbuild\bbs-3.21-bioc\R\bin\R.exe CMD INSTALL RTCA ### ############################################################################## ############################################################################## * installing to library 'E:/biocbuild/bbs-3.21-bioc/R/library' * installing *source* package 'RTCA' ... ** this is package 'RTCA' version '1.60.0' ** using staged installation ** R ** inst ** byte-compile and prepare package for lazy loading ** help *** installing help indices ** building package indices ** installing vignettes ** testing if installed package can be loaded from temporary location ** testing if installed package can be loaded from final location ** testing if installed package keeps a record of temporary installation path * DONE (RTCA)
RTCA.Rcheck/tests/essentials.Rout
R version 4.5.1 (2025-06-13 ucrt) -- "Great Square Root"
Copyright (C) 2025 The R Foundation for Statistical Computing
Platform: x86_64-w64-mingw32/x64
R is free software and comes with ABSOLUTELY NO WARRANTY.
You are welcome to redistribute it under certain conditions.
Type 'license()' or 'licence()' for distribution details.
R is a collaborative project with many contributors.
Type 'contributors()' for more information and
'citation()' on how to cite R or R packages in publications.
Type 'demo()' for some demos, 'help()' for on-line help, or
'help.start()' for an HTML browser interface to help.
Type 'q()' to quit R.
> library(RTCA)
Loading required package: Biobase
Loading required package: BiocGenerics
Loading required package: generics
Attaching package: 'generics'
The following objects are masked from 'package:base':
as.difftime, as.factor, as.ordered, intersect, is.element, setdiff,
setequal, union
Attaching package: 'BiocGenerics'
The following objects are masked from 'package:stats':
IQR, mad, sd, var, xtabs
The following objects are masked from 'package:base':
Filter, Find, Map, Position, Reduce, anyDuplicated, aperm, append,
as.data.frame, basename, cbind, colnames, dirname, do.call,
duplicated, eval, evalq, get, grep, grepl, is.unsorted, lapply,
mapply, match, mget, order, paste, pmax, pmax.int, pmin, pmin.int,
rank, rbind, rownames, sapply, saveRDS, table, tapply, unique,
unsplit, which.max, which.min
Welcome to Bioconductor
Vignettes contain introductory material; view with
'browseVignettes()'. To cite Bioconductor, see
'citation("Biobase")', and for packages 'citation("pkgname")'.
Loading required package: RColorBrewer
Loading required package: gtools
>
>
> tl <- new("RTCAtimeline")
> timeUnit(tl) <- "hour"
> startTime(tl) <- Sys.time()-3e6
> show(tl)
RTCAtimeline
================================================
time action
0 start
================================================
Time unit: hour
RTCA-run start time: 2025-07-11 13:03:33.46027
>
> tl2 <- addAction(tl, 1, "seeding")
> show(tl2)
RTCAtimeline
================================================
time action
0 start
1 seeding
================================================
Time unit: hour
RTCA-run start time: 2025-07-11 13:03:33.46027
> stopifnot(getAction(tl2, 0)=="start")
> stopifnot(is.null(getAction(tl2, -1)))
>
> rmAction(tl2, 0)
RTCAtimeline
================================================
time action
1 seeding
================================================
Time unit: hour
RTCA-run start time: 2025-07-11 13:03:33.46027
> rmAction(tl2, 1)
RTCAtimeline
================================================
time action
0 start
================================================
Time unit: hour
RTCA-run start time: 2025-07-11 13:03:33.46027
> rmAction(tl2, -1)
RTCAtimeline
================================================
time action
0 start
1 seeding
================================================
Time unit: hour
RTCA-run start time: 2025-07-11 13:03:33.46027
>
> updateAction(tl2, 1, "not seeding")
RTCAtimeline
================================================
time action
0 start
1 not seeding
================================================
Time unit: hour
RTCA-run start time: 2025-07-11 13:03:33.46027
> updateAction(tl2, -1,"not seeding")
RTCAtimeline
================================================
time action
-1 not seeding
0 start
1 seeding
================================================
Time unit: hour
RTCA-run start time: 2025-07-11 13:03:33.46027
> updateAction(tl2, -1,"not seeding", ifnotfound="ignore")
RTCAtimeline
================================================
time action
0 start
1 seeding
================================================
Time unit: hour
RTCA-run start time: 2025-07-11 13:03:33.46027
> startTime(tl2) <- as.POSIXct("2009-05-06 14:52:03")
> tl2
RTCAtimeline
================================================
time action
0 start
1 seeding
================================================
Time unit: hour
RTCA-run start time: 2009-05-06 14:52:03
>
> ofile <- system.file("/extdata/testOutput.csv", package="RTCA")
> x <- parseRTCA(ofile)
Read 245 items
>
> ## add actions to timeline
> x <- addAction(x, 22, "transfection")
> x <- addAction(x, 30, "change medium")
>
> xr <- ratioTransform(x, 35)
> xrs <- smoothTransform(xr)
> xi <- interpolationTransform(x)
> xd <- derivativeTransform(x)
> xrgr <- rgrTransform(x)
> #plotRTCA(xrgr, xlim=c(35, 80), ylim=c(-0.2, 0.2))
> plot(sliceRTCA(x,0, 80)[,c(11,13)], type="l", col="black", ylim=c(0, 1.5))
> abline(h=0, col=2, lty=5)
> plot(sliceRTCA(xrgr, 20, 80)[,c(11,13)], type="l", col="black")
> abline(h=0, col=2, lty=5)
>
> plotGridEffect(x)
> plotGridEffect(x, "col")
> plateView(sliceRTCA(x, 0, 80))
>
> proc.time()
user system elapsed
2.14 0.09 2.20
RTCA.Rcheck/RTCA-Ex.timings
| name | user | system | elapsed | |
| RTCA-class | 0.31 | 0.02 | 0.35 | |
| RTCAtimeline-class | 0 | 0 | 0 | |
| alphaNames | 0 | 0 | 0 | |
| combineRTCA | 0.21 | 0.00 | 0.20 | |
| controlView | 0.14 | 0.00 | 0.14 | |
| derivativeTransform | 0.14 | 0.00 | 0.14 | |
| factor2numeric | 0 | 0 | 0 | |
| interpolationTransform | 0.26 | 0.02 | 0.28 | |
| nearestTimeIndex | 0.18 | 0.02 | 0.19 | |
| parseRTCA | 0.61 | 0.03 | 0.64 | |
| plateView | 0.30 | 0.03 | 0.33 | |
| plotGridEffect | 0.29 | 0.00 | 0.30 | |
| ratioTransform | 0.13 | 0.00 | 0.12 | |
| rgrTransform | 0.33 | 0.03 | 0.36 | |
| sliceRTCA | 0.15 | 0.01 | 0.17 | |
| smoothTransform | 0.32 | 0.00 | 0.31 | |
| spectramaxImport | 0.02 | 0.00 | 0.01 | |