| Back to Multiple platform build/check report for BioC 3.22: simplified long | 
  | 
This page was generated on 2025-11-03 12:03 -0500 (Mon, 03 Nov 2025).
| Hostname | OS | Arch (*) | R version | Installed pkgs | 
|---|---|---|---|---|
| nebbiolo2 | Linux (Ubuntu 24.04.3 LTS) | x86_64 | 4.5.1 Patched (2025-08-23 r88802) -- "Great Square Root" | 4902 | 
| lconway | macOS 12.7.6 Monterey | x86_64 | 4.5.1 Patched (2025-09-10 r88807) -- "Great Square Root" | 4692 | 
| kjohnson3 | macOS 13.7.7 Ventura | arm64 | 4.5.1 Patched (2025-09-10 r88807) -- "Great Square Root" | 4638 | 
| Click on any hostname to see more info about the system (e.g. compilers) (*) as reported by 'uname -p', except on Windows and Mac OS X | ||||
| Package 1806/2361 | Hostname | OS / Arch | INSTALL | BUILD | CHECK | BUILD BIN | ||||||||
| RITAN 1.34.0  (landing page) Michael Zimmermann 
  | nebbiolo2 | Linux (Ubuntu 24.04.3 LTS) / x86_64 | OK | OK | WARNINGS | |||||||||
| lconway | macOS 12.7.6 Monterey / x86_64 | OK | OK | WARNINGS | OK | |||||||||
| kjohnson3 | macOS 13.7.7 Ventura / arm64 | OK | OK | WARNINGS | OK | |||||||||
| 
To the developers/maintainers of the RITAN package: - Allow up to 24 hours (and sometimes 48 hours) for your latest push to git@git.bioconductor.org:packages/RITAN.git to reflect on this report. See Troubleshooting Build Report for more information. - Use the following Renviron settings to reproduce errors and warnings. - If 'R CMD check' started to fail recently on the Linux builder(s) over a missing dependency, add the missing dependency to 'Suggests:' in your DESCRIPTION file. See Renviron.bioc for more information.  | 
| Package: RITAN | 
| Version: 1.34.0 | 
| Command: /home/biocbuild/bbs-3.22-bioc/R/bin/R CMD check --install=check:RITAN.install-out.txt --library=/home/biocbuild/bbs-3.22-bioc/R/site-library --timings RITAN_1.34.0.tar.gz | 
| StartedAt: 2025-11-03 03:38:18 -0500 (Mon, 03 Nov 2025) | 
| EndedAt: 2025-11-03 03:45:13 -0500 (Mon, 03 Nov 2025) | 
| EllapsedTime: 414.5 seconds | 
| RetCode: 0 | 
| Status: WARNINGS | 
| CheckDir: RITAN.Rcheck | 
| Warnings: 1 | 
##############################################################################
##############################################################################
###
### Running command:
###
###   /home/biocbuild/bbs-3.22-bioc/R/bin/R CMD check --install=check:RITAN.install-out.txt --library=/home/biocbuild/bbs-3.22-bioc/R/site-library --timings RITAN_1.34.0.tar.gz
###
##############################################################################
##############################################################################
* using log directory ‘/home/biocbuild/bbs-3.22-bioc/meat/RITAN.Rcheck’
* using R version 4.5.1 Patched (2025-08-23 r88802)
* using platform: x86_64-pc-linux-gnu
* R was compiled by
    gcc (Ubuntu 13.3.0-6ubuntu2~24.04) 13.3.0
    GNU Fortran (Ubuntu 13.3.0-6ubuntu2~24.04) 13.3.0
* running under: Ubuntu 24.04.3 LTS
* using session charset: UTF-8
* checking for file ‘RITAN/DESCRIPTION’ ... OK
* checking extension type ... Package
* this is package ‘RITAN’ version ‘1.34.0’
* checking package namespace information ... OK
* checking package dependencies ... INFO
Imports includes 21 non-default packages.
Importing from so many packages makes the package vulnerable to any of
them becoming unavailable.  Move as many as possible to Suggests and
use conditionally.
* checking if this is a source package ... OK
* checking if there is a namespace ... OK
* checking for hidden files and directories ... OK
* checking for portable file names ... OK
* checking for sufficient/correct file permissions ... OK
* checking whether package ‘RITAN’ can be installed ... WARNING
Found the following significant warnings:
  Warning: replacing previous import 'ensembldb::filter' by 'stats::filter' when loading 'RITAN'
See ‘/home/biocbuild/bbs-3.22-bioc/meat/RITAN.Rcheck/00install.out’ for details.
* checking installed package size ... OK
* checking package directory ... OK
* checking ‘build’ directory ... OK
* checking DESCRIPTION meta-information ... NOTE
Package listed in more than one of Depends, Imports, Suggests, Enhances:
  ‘BgeeDB’
A package should be listed in only one of these fields.
* checking top-level files ... OK
* checking for left-over files ... OK
* checking index information ... OK
* checking package subdirectories ... OK
* checking code files for non-ASCII characters ... OK
* checking R files for syntax errors ... OK
* checking whether the package can be loaded ... OK
* checking whether the package can be loaded with stated dependencies ... OK
* checking whether the package can be unloaded cleanly ... OK
* checking whether the namespace can be loaded with stated dependencies ... OK
* checking whether the namespace can be unloaded cleanly ... OK
* checking loading without being on the library search path ... OK
* checking dependencies in R code ... NOTE
Namespaces in Imports field not imported from:
  'BgeeDB' 'hash' 'knitr'
  All declared Imports should be used.
* checking S3 generic/method consistency ... OK
* checking replacement functions ... OK
* checking foreign function calls ... OK
* checking R code for possible problems ... NOTE
enrichment_symbols: no visible binding for global variable
  'active_genesets'
icon_dual_between: no visible binding for global variable 'all_symbols'
icon_single_within: no visible binding for global variable
  'all_symbols'
load_geneset_symbols: no visible binding for global variable
  'geneset_list'
load_geneset_symbols: no visible binding for global variable
  'active_genesets'
plot.term_enrichment_by_subset: no visible binding for global variable
  'Var2'
plot.term_enrichment_by_subset: no visible binding for global variable
  'Var1'
show_active_genesets_hist: no visible binding for global variable
  'active_genesets'
term_enrichment : process_source: no visible binding for global
  variable 'active_genesets'
Undefined global functions or variables:
  Var1 Var2 active_genesets all_symbols geneset_list
* checking Rd files ... OK
* checking Rd metadata ... OK
* checking Rd cross-references ... OK
* checking for missing documentation entries ... OK
* checking for code/documentation mismatches ... OK
* checking Rd \usage sections ... OK
* checking Rd contents ... OK
* checking for unstated dependencies in examples ... OK
* checking contents of ‘data’ directory ... OK
* checking data for non-ASCII characters ... OK
* checking LazyData ... OK
* checking data for ASCII and uncompressed saves ... OK
* checking files in ‘vignettes’ ... OK
* checking examples ... OK
* checking for unstated dependencies in vignettes ... OK
* checking package vignettes ... OK
* checking re-building of vignette outputs ... OK
* checking PDF version of manual ... OK
* DONE
Status: 1 WARNING, 3 NOTEs
See
  ‘/home/biocbuild/bbs-3.22-bioc/meat/RITAN.Rcheck/00check.log’
for details.
RITAN.Rcheck/00install.out
############################################################################## ############################################################################## ### ### Running command: ### ### /home/biocbuild/bbs-3.22-bioc/R/bin/R CMD INSTALL RITAN ### ############################################################################## ############################################################################## * installing to library ‘/home/biocbuild/bbs-3.22-bioc/R/site-library’ * installing *source* package ‘RITAN’ ... ** this is package ‘RITAN’ version ‘1.34.0’ ** using staged installation ** R ** data *** moving datasets to lazyload DB ** inst ** byte-compile and prepare package for lazy loading Warning: replacing previous import 'ensembldb::filter' by 'stats::filter' when loading 'RITAN' ** help *** installing help indices ** building package indices ** installing vignettes ** testing if installed package can be loaded from temporary location Warning: replacing previous import 'ensembldb::filter' by 'stats::filter' when loading 'RITAN' ** testing if installed package can be loaded from final location Warning: replacing previous import 'ensembldb::filter' by 'stats::filter' when loading 'RITAN' ** testing if installed package keeps a record of temporary installation path * DONE (RITAN)
RITAN.Rcheck/RITAN-Ex.timings
| name | user | system | elapsed | |
| as.graph | 0 | 0 | 0 | |
| check_any_net_input | 2.238 | 0.133 | 2.378 | |
| check_net_input | 0.040 | 0.002 | 0.042 | |
| enrichment_symbols | 0.713 | 0.039 | 0.753 | |
| geneset_overlap | 0.094 | 0.000 | 0.094 | |
| icon_test | 0 | 0 | 0 | |
| load_geneset_symbols | 0.008 | 0.000 | 0.009 | |
| network_overlap | 0.014 | 0.000 | 0.015 | |
| plot.term_enrichment | 1.578 | 0.208 | 1.791 | |
| plot.term_enrichment_by_subset | 0.015 | 0.000 | 0.016 | |
| readGMT | 0.000 | 0.000 | 0.001 | |
| readSIF | 0 | 0 | 0 | |
| resource_reduce | 2.020 | 0.065 | 2.086 | |
| show_active_genesets_hist | 0.019 | 0.000 | 0.018 | |
| summary.term_enrichment | 0.629 | 0.133 | 0.763 | |
| summary.term_enrichment_by_subset | 1.134 | 0.246 | 1.381 | |
| term_enrichment | 0.577 | 0.127 | 0.705 | |
| term_enrichment_by_subset | 0.008 | 0.003 | 0.011 | |
| vac1.day0vs31.de.genes | 0 | 0 | 0 | |
| vac1.day0vs56.de.genes | 0 | 0 | 0 | |
| vac2.day0vs31.de.genes | 0 | 0 | 0 | |
| vac2.day0vs56.de.genes | 0 | 0 | 0 | |
| writeGMT | 0 | 0 | 0 | |
| write_simple_table | 0 | 0 | 0 | |