Back to Multiple platform build/check report for BioC 3.21:   simplified   long
ABCDEFGHIJKLMNOPQ[R]STUVWXYZ

This page was generated on 2025-04-22 13:20 -0400 (Tue, 22 Apr 2025).

HostnameOSArch (*)R versionInstalled pkgs
nebbiolo1Linux (Ubuntu 24.04.1 LTS)x86_644.5.0 RC (2025-04-04 r88126) -- "How About a Twenty-Six" 4831
palomino7Windows Server 2022 Datacenterx644.5.0 RC (2025-04-04 r88126 ucrt) -- "How About a Twenty-Six" 4573
lconwaymacOS 12.7.1 Montereyx86_644.5.0 RC (2025-04-04 r88126) -- "How About a Twenty-Six" 4599
kjohnson3macOS 13.7.1 Venturaarm644.5.0 RC (2025-04-04 r88126) -- "How About a Twenty-Six" 4553
kunpeng2Linux (openEuler 24.03 LTS)aarch64R Under development (unstable) (2025-02-19 r87757) -- "Unsuffered Consequences" 4570
Click on any hostname to see more info about the system (e.g. compilers)      (*) as reported by 'uname -p', except on Windows and Mac OS X

Package 1723/2341HostnameOS / ArchINSTALLBUILDCHECKBUILD BIN
RCyjs 2.30.0  (landing page)
Paul Shannon
Snapshot Date: 2025-04-21 13:40 -0400 (Mon, 21 Apr 2025)
git_url: https://git.bioconductor.org/packages/RCyjs
git_branch: RELEASE_3_21
git_last_commit: 4b23fe7
git_last_commit_date: 2025-04-15 10:50:16 -0400 (Tue, 15 Apr 2025)
nebbiolo1Linux (Ubuntu 24.04.1 LTS) / x86_64  OK    OK    WARNINGS  YES
palomino7Windows Server 2022 Datacenter / x64  OK    OK    WARNINGS    OK  YES
lconwaymacOS 12.7.1 Monterey / x86_64  OK    OK    WARNINGS    OK  YES
kjohnson3macOS 13.7.1 Ventura / arm64  OK    OK    WARNINGS    OK  YES
kunpeng2Linux (openEuler 24.03 LTS) / aarch64  OK    OK    WARNINGS  


CHECK results for RCyjs on kunpeng2

To the developers/maintainers of the RCyjs package:
- Allow up to 24 hours (and sometimes 48 hours) for your latest push to git@git.bioconductor.org:packages/RCyjs.git to reflect on this report. See Troubleshooting Build Report for more information.
- Use the following Renviron settings to reproduce errors and warnings.
- If 'R CMD check' started to fail recently on the Linux builder(s) over a missing dependency, add the missing dependency to 'Suggests:' in your DESCRIPTION file. See Renviron.bioc for more information.
- See Martin Grigorov's blog post for how to debug Linux ARM64 related issues on a x86_64 host.

raw results


Summary

Package: RCyjs
Version: 2.30.0
Command: /home/biocbuild/R/R/bin/R CMD check --install=check:RCyjs.install-out.txt --library=/home/biocbuild/R/R/site-library --no-vignettes --timings RCyjs_2.30.0.tar.gz
StartedAt: 2025-04-22 12:49:19 -0000 (Tue, 22 Apr 2025)
EndedAt: 2025-04-22 12:50:01 -0000 (Tue, 22 Apr 2025)
EllapsedTime: 42.1 seconds
RetCode: 0
Status:   WARNINGS  
CheckDir: RCyjs.Rcheck
Warnings: 1

Command output

##############################################################################
##############################################################################
###
### Running command:
###
###   /home/biocbuild/R/R/bin/R CMD check --install=check:RCyjs.install-out.txt --library=/home/biocbuild/R/R/site-library --no-vignettes --timings RCyjs_2.30.0.tar.gz
###
##############################################################################
##############################################################################


* using log directory ‘/home/biocbuild/bbs-3.21-bioc/meat/RCyjs.Rcheck’
* using R Under development (unstable) (2025-02-19 r87757)
* using platform: aarch64-unknown-linux-gnu
* R was compiled by
    aarch64-unknown-linux-gnu-gcc (GCC) 14.2.0
    GNU Fortran (GCC) 14.2.0
* running under: openEuler 24.03 (LTS-SP1)
* using session charset: UTF-8
* using option ‘--no-vignettes’
* checking for file ‘RCyjs/DESCRIPTION’ ... OK
* checking extension type ... Package
* this is package ‘RCyjs’ version ‘2.30.0’
* checking package namespace information ... OK
* checking package dependencies ... OK
* checking if this is a source package ... OK
* checking if there is a namespace ... OK
* checking for hidden files and directories ... OK
* checking for portable file names ... OK
* checking for sufficient/correct file permissions ... OK
* checking whether package ‘RCyjs’ can be installed ... OK
* checking installed package size ... OK
* checking package directory ... OK
* checking ‘build’ directory ... OK
* checking DESCRIPTION meta-information ... NOTE
License stub is invalid DCF.
* checking top-level files ... OK
* checking for left-over files ... OK
* checking index information ... OK
* checking package subdirectories ... OK
* checking code files for non-ASCII characters ... OK
* checking R files for syntax errors ... OK
* checking whether the package can be loaded ... OK
* checking whether the package can be loaded with stated dependencies ... OK
* checking whether the package can be unloaded cleanly ... OK
* checking whether the namespace can be loaded with stated dependencies ... OK
* checking whether the namespace can be unloaded cleanly ... OK
* checking loading without being on the library search path ... OK
* checking whether startup messages can be suppressed ... OK
* checking dependencies in R code ... OK
* checking S3 generic/method consistency ... OK
* checking replacement functions ... OK
* checking foreign function calls ... OK
* checking R code for possible problems ... OK
* checking Rd files ... OK
* checking Rd metadata ... OK
* checking Rd cross-references ... OK
* checking for missing documentation entries ... OK
* checking for code/documentation mismatches ... OK
* checking Rd \usage sections ... WARNING
Undocumented arguments in Rd file 'hideNodes.Rd'
  ‘nodeIDs’

Undocumented arguments in Rd file 'readAndStandardizeJSONNetworkFile.Rd'
  ‘filename’
Documented arguments not in \usage in Rd file 'readAndStandardizeJSONNetworkFile.Rd':
  ‘file’

Undocumented arguments in Rd file 'readAndStandardizeJSONStyleFile.Rd'
  ‘filename’
Documented arguments not in \usage in Rd file 'readAndStandardizeJSONStyleFile.Rd':
  ‘file’

Undocumented arguments in Rd file 'showNodes.Rd'
  ‘nodeIDs’

Functions with \usage entries need to have the appropriate \alias
entries, and all their arguments documented.
The \usage entries must correspond to syntactically valid R code.
See chapter ‘Writing R documentation files’ in the ‘Writing R
Extensions’ manual.
* checking Rd contents ... OK
* checking for unstated dependencies in examples ... OK
* checking include directives in Makefiles ... OK
* checking files in ‘vignettes’ ... OK
* checking examples ... OK
* checking for unstated dependencies in ‘tests’ ... OK
* checking tests ...
  Running ‘runTests.R’
 OK
* checking for unstated dependencies in vignettes ... OK
* checking package vignettes ... OK
* checking running R code from vignettes ... SKIPPED
* checking re-building of vignette outputs ... SKIPPED
* checking PDF version of manual ... OK
* DONE

Status: 1 WARNING, 1 NOTE
See
  ‘/home/biocbuild/bbs-3.21-bioc/meat/RCyjs.Rcheck/00check.log’
for details.


Installation output

RCyjs.Rcheck/00install.out

##############################################################################
##############################################################################
###
### Running command:
###
###   /home/biocbuild/R/R/bin/R CMD INSTALL RCyjs
###
##############################################################################
##############################################################################


* installing to library ‘/home/biocbuild/R/R-devel_2025-02-19/site-library’
* installing *source* package ‘RCyjs’ ...
** this is package ‘RCyjs’ version ‘2.30.0’
** using staged installation
** R
** inst
** byte-compile and prepare package for lazy loading
Creating a new generic function for ‘layout’ in package ‘RCyjs’
** help
*** installing help indices
** building package indices
** installing vignettes
** testing if installed package can be loaded from temporary location
** testing if installed package can be loaded from final location
** testing if installed package keeps a record of temporary installation path
* DONE (RCyjs)

Tests output

RCyjs.Rcheck/tests/runTests.Rout


R Under development (unstable) (2025-02-19 r87757) -- "Unsuffered Consequences"
Copyright (C) 2025 The R Foundation for Statistical Computing
Platform: aarch64-unknown-linux-gnu

R is free software and comes with ABSOLUTELY NO WARRANTY.
You are welcome to redistribute it under certain conditions.
Type 'license()' or 'licence()' for distribution details.

R is a collaborative project with many contributors.
Type 'contributors()' for more information and
'citation()' on how to cite R or R packages in publications.

Type 'demo()' for some demos, 'help()' for on-line help, or
'help.start()' for an HTML browser interface to help.
Type 'q()' to quit R.

> # disabled: the bioc build system no longer supports browser use.
> # BiocGenerics:::testPackage("RCyjs")
> 
> proc.time()
   user  system elapsed 
  0.187   0.036   0.208 

Example timings

RCyjs.Rcheck/RCyjs-Ex.timings

nameusersystemelapsed
RCyjs-class0.0010.0000.000
addGraph000
addGraphFromFile000
clearSelection000
createTestGaph0.0070.0000.007
deleteGraph000
deleteSelectedNodes000
eda000
edaNames000
fit0.0000.0000.001
fitSelection000
getEdgeCount000
getJSON000
getLayoutStrategies000
getNodeCount0.0000.0000.001
getNodes000
getPosition0.0010.0000.000
getSelectedNodes000
getSupportedEdgeDecoratorShapes000
getSupportedNodeShapes0.0010.0000.001
getZoom000
graphNELtoJSON.string000
hAlign000
hideAllEdges000
hideEdges0.0010.0000.000
hideNodes000
hideSelectedNodes000
invertNodeSelection000
layout0.0010.0000.001
layoutSelectionInGrid0.0000.0000.001
layoutSelectionInGridInferAnchorm000
loadStyleFile000
noa0.0000.0000.001
noaNames000
redraw0.0010.0000.000
restoreLayout000
saveJPG000
saveLayout000
savePNG0.0010.0000.001
selectFirstNeighborsOfSelectedNodes000
selectNodes000
setBackgroundColor0.0000.0000.001
setDefaultEdgeColor000
setDefaultEdgeLineColor000
setDefaultEdgeLineStyle000
setDefaultEdgeSourceArrowColor000
setDefaultEdgeSourceArrowShape0.0010.0000.000
setDefaultEdgeTargetArrowColor000
setDefaultEdgeTargetArrowShape0.0000.0010.000
setDefaultEdgeWidth000
setDefaultNodeBorderColor000
setDefaultNodeBorderWidth000
setDefaultNodeColor000
setDefaultNodeFontColor000
setDefaultNodeFontSize000
setDefaultNodeHeight000
setDefaultNodeShape000
setDefaultNodeSize0.0000.0000.001
setDefaultNodeWidth000
setDefaultStyle000
setEdgeStyle0.0000.0000.001
setGraph000
setNodeAttributes000
setNodeBorderColor000
setNodeBorderWidth000
setNodeColor000
setNodeColorRule000
setNodeFontColor000
setNodeFontSize0.0010.0000.000
setNodeHeight000
setNodeLabelRule000
setNodeShape000
setNodeSize000
setNodeSizeRule0.0010.0000.000
setNodeWidth0.0000.0000.001
setPosition000
setZoom000
sfn0.0000.0000.001
showAll000
showEdges000
showNodes0.0010.0000.001
simpleDemoGraph0.0730.0000.073
vAlign000