| Back to Multiple platform build/check report for BioC 3.21: simplified long |
|
This page was generated on 2025-10-16 11:38 -0400 (Thu, 16 Oct 2025).
| Hostname | OS | Arch (*) | R version | Installed pkgs |
|---|---|---|---|---|
| nebbiolo1 | Linux (Ubuntu 24.04.3 LTS) | x86_64 | 4.5.1 (2025-06-13) -- "Great Square Root" | 4833 |
| merida1 | macOS 12.7.6 Monterey | x86_64 | 4.5.1 RC (2025-06-05 r88288) -- "Great Square Root" | 4614 |
| kjohnson1 | macOS 13.7.5 Ventura | arm64 | 4.5.1 Patched (2025-06-14 r88325) -- "Great Square Root" | 4555 |
| kunpeng2 | Linux (openEuler 24.03 LTS) | aarch64 | R Under development (unstable) (2025-02-19 r87757) -- "Unsuffered Consequences" | 4586 |
| Click on any hostname to see more info about the system (e.g. compilers) (*) as reported by 'uname -p', except on Windows and Mac OS X | ||||
| Package 1549/2341 | Hostname | OS / Arch | INSTALL | BUILD | CHECK | BUILD BIN | ||||||||
| PDATK 1.16.1 (landing page) Benjamin Haibe-Kains
| nebbiolo1 | Linux (Ubuntu 24.04.3 LTS) / x86_64 | OK | OK | WARNINGS | |||||||||
| merida1 | macOS 12.7.6 Monterey / x86_64 | OK | OK | WARNINGS | OK | |||||||||
| kjohnson1 | macOS 13.7.5 Ventura / arm64 | OK | OK | WARNINGS | OK | |||||||||
| kunpeng2 | Linux (openEuler 24.03 LTS) / aarch64 | OK | TIMEOUT | skipped | ||||||||||
|
To the developers/maintainers of the PDATK package: - Allow up to 24 hours (and sometimes 48 hours) for your latest push to git@git.bioconductor.org:packages/PDATK.git to reflect on this report. See Troubleshooting Build Report for more information. - Use the following Renviron settings to reproduce errors and warnings. - If 'R CMD check' started to fail recently on the Linux builder(s) over a missing dependency, add the missing dependency to 'Suggests:' in your DESCRIPTION file. See Renviron.bioc for more information. |
| Package: PDATK |
| Version: 1.16.1 |
| Command: /home/biocbuild/bbs-3.21-bioc/R/bin/R CMD check --install=check:PDATK.install-out.txt --library=/home/biocbuild/bbs-3.21-bioc/R/site-library --timings PDATK_1.16.1.tar.gz |
| StartedAt: 2025-10-16 02:06:12 -0400 (Thu, 16 Oct 2025) |
| EndedAt: 2025-10-16 02:13:00 -0400 (Thu, 16 Oct 2025) |
| EllapsedTime: 407.6 seconds |
| RetCode: 0 |
| Status: WARNINGS |
| CheckDir: PDATK.Rcheck |
| Warnings: 2 |
##############################################################################
##############################################################################
###
### Running command:
###
### /home/biocbuild/bbs-3.21-bioc/R/bin/R CMD check --install=check:PDATK.install-out.txt --library=/home/biocbuild/bbs-3.21-bioc/R/site-library --timings PDATK_1.16.1.tar.gz
###
##############################################################################
##############################################################################
* using log directory ‘/home/biocbuild/bbs-3.21-bioc/meat/PDATK.Rcheck’
* using R version 4.5.1 (2025-06-13)
* using platform: x86_64-pc-linux-gnu
* R was compiled by
gcc (Ubuntu 13.3.0-6ubuntu2~24.04) 13.3.0
GNU Fortran (Ubuntu 13.3.0-6ubuntu2~24.04) 13.3.0
* running under: Ubuntu 24.04.3 LTS
* using session charset: UTF-8
* checking for file ‘PDATK/DESCRIPTION’ ... OK
* checking extension type ... Package
* this is package ‘PDATK’ version ‘1.16.1’
* package encoding: UTF-8
* checking package namespace information ... OK
* checking package dependencies ... INFO
Imports includes 28 non-default packages.
Importing from so many packages makes the package vulnerable to any of
them becoming unavailable. Move as many as possible to Suggests and
use conditionally.
* checking if this is a source package ... OK
* checking if there is a namespace ... OK
* checking for hidden files and directories ... OK
* checking for portable file names ... OK
* checking for sufficient/correct file permissions ... OK
* checking whether package ‘PDATK’ can be installed ... WARNING
Found the following significant warnings:
Warning: replacing previous import ‘survival::brier’ by ‘verification::brier’ when loading ‘PDATK’
See ‘/home/biocbuild/bbs-3.21-bioc/meat/PDATK.Rcheck/00install.out’ for details.
* checking installed package size ... OK
* checking package directory ... OK
* checking ‘build’ directory ... OK
* checking DESCRIPTION meta-information ... NOTE
License stub is invalid DCF.
* checking top-level files ... OK
* checking for left-over files ... OK
* checking index information ... OK
* checking package subdirectories ... OK
* checking code files for non-ASCII characters ... OK
* checking R files for syntax errors ... OK
* checking whether the package can be loaded ... OK
* checking whether the package can be loaded with stated dependencies ... OK
* checking whether the package can be unloaded cleanly ... OK
* checking whether the namespace can be loaded with stated dependencies ... OK
* checking whether the namespace can be unloaded cleanly ... OK
* checking loading without being on the library search path ... OK
* checking dependencies in R code ... OK
* checking S3 generic/method consistency ... OK
* checking replacement functions ... OK
* checking foreign function calls ... OK
* checking R code for possible problems ... NOTE
.calculateMSMthresholds: no visible binding for global variable
‘funContext’
.plotNetwork: no visible global function definition for ‘legend’
NCSModel: no visible binding for global variable ‘metric’
NCSModel: no visible binding for global variable ‘comparison’
NCSModel: no visible binding for global variable ‘centroid_K’
NCSModel: no visible binding for global variable ‘assay_K’
NetworkCommunitySearchModel: no visible binding for global variable
‘metric’
NetworkCommunitySearchModel: no visible binding for global variable
‘comparison’
NetworkCommunitySearchModel: no visible binding for global variable
‘centroid_K’
NetworkCommunitySearchModel: no visible binding for global variable
‘assay_K’
predictClasses,ConsensusMetaclusteringModel-ANY: no visible global
function definition for ‘.error’
predictClasses,NCSModel-ANY: no visible binding for global variable
‘centroid_cohort’
predictClasses,NCSModel-ANY: no visible binding for global variable
‘centroid_K’
predictClasses,NCSModel-ANY: no visible binding for global variable
‘assay_cohort’
predictClasses,NCSModel-ANY: no visible binding for global variable
‘assay_K’
predictClasses,NCSModel-ANY: no visible binding for global variable
‘tmp’
predictClasses,NCSModel-ANY: no visible binding for global variable
‘cluster_label’
rankFeatures,MultiAssayExperiment: no visible binding for global
variable ‘feature’
rankFeatures,MultiAssayExperiment: no visible binding for global
variable ‘missignAssays’
rankFeatures,MultiAssayExperiment: no visible binding for global
variable ‘feature_score’
rankFeatures,MultiAssayExperiment: no visible binding for global
variable ‘feature_rank’
trainModel,ConsensusMetaclusteringModel: no visible global function
definition for ‘pdf’
trainModel,ConsensusMetaclusteringModel: no visible global function
definition for ‘dev.off’
trainModel,NCSModel: no visible binding for global variable
‘ingroup_proportion’
trainModel,NCSModel: no visible binding for global variable
‘cor_threshold’
Undefined global functions or variables:
.error assay_K assay_cohort centroid_K centroid_cohort cluster_label
comparison cor_threshold dev.off feature feature_rank feature_score
funContext ingroup_proportion legend metric missignAssays pdf tmp
Consider adding
importFrom("grDevices", "dev.off", "pdf")
importFrom("graphics", "legend")
to your NAMESPACE file.
* checking Rd files ... OK
* checking Rd metadata ... OK
* checking Rd cross-references ... WARNING
Missing link(s) in Rd file 'rankFeatures-MultiAssayExperiment-method.Rd':
‘[dplyr:ranking]{dplyr::dense_rank}’
See section 'Cross-references' in the 'Writing R Extensions' manual.
* checking for missing documentation entries ... OK
* checking for code/documentation mismatches ... OK
* checking Rd \usage sections ... NOTE
Documented arguments not in \usage in Rd file 'dot-randomSampleIndex.Rd':
‘numSamples’
Functions with \usage entries need to have the appropriate \alias
entries, and all their arguments documented.
The \usage entries must correspond to syntactically valid R code.
See chapter ‘Writing R documentation files’ in the ‘Writing R
Extensions’ manual.
* checking Rd contents ... OK
* checking for unstated dependencies in examples ... OK
* checking contents of ‘data’ directory ... OK
* checking data for non-ASCII characters ... OK
* checking data for ASCII and uncompressed saves ... OK
* checking files in ‘vignettes’ ... OK
* checking examples ... OK
* checking for unstated dependencies in ‘tests’ ... OK
* checking tests ...
Running ‘testthat.R’
OK
* checking for unstated dependencies in vignettes ... OK
* checking package vignettes ... OK
* checking re-building of vignette outputs ... OK
* checking PDF version of manual ... OK
* DONE
Status: 2 WARNINGs, 3 NOTEs
See
‘/home/biocbuild/bbs-3.21-bioc/meat/PDATK.Rcheck/00check.log’
for details.
PDATK.Rcheck/00install.out
############################################################################## ############################################################################## ### ### Running command: ### ### /home/biocbuild/bbs-3.21-bioc/R/bin/R CMD INSTALL PDATK ### ############################################################################## ############################################################################## * installing to library ‘/home/biocbuild/bbs-3.21-bioc/R/site-library’ * installing *source* package ‘PDATK’ ... ** this is package ‘PDATK’ version ‘1.16.1’ ** using staged installation ** R ** data ** byte-compile and prepare package for lazy loading Warning: replacing previous import ‘survival::brier’ by ‘verification::brier’ when loading ‘PDATK’ Warning: replacing previous import ‘limma::logsumexp’ by ‘mclust::logsumexp’ when loading ‘genefu’ ** help *** installing help indices ** building package indices ** installing vignettes ** testing if installed package can be loaded from temporary location Warning: replacing previous import ‘survival::brier’ by ‘verification::brier’ when loading ‘PDATK’ Warning: replacing previous import ‘limma::logsumexp’ by ‘mclust::logsumexp’ when loading ‘genefu’ ** testing if installed package can be loaded from final location Warning: replacing previous import ‘survival::brier’ by ‘verification::brier’ when loading ‘PDATK’ Warning: replacing previous import ‘limma::logsumexp’ by ‘mclust::logsumexp’ when loading ‘genefu’ ** testing if installed package keeps a record of temporary installation path * DONE (PDATK)
PDATK.Rcheck/tests/testthat.Rout
R version 4.5.1 (2025-06-13) -- "Great Square Root"
Copyright (C) 2025 The R Foundation for Statistical Computing
Platform: x86_64-pc-linux-gnu
R is free software and comes with ABSOLUTELY NO WARRANTY.
You are welcome to redistribute it under certain conditions.
Type 'license()' or 'licence()' for distribution details.
R is a collaborative project with many contributors.
Type 'contributors()' for more information and
'citation()' on how to cite R or R packages in publications.
Type 'demo()' for some demos, 'help()' for on-line help, or
'help.start()' for an HTML browser interface to help.
Type 'q()' to quit R.
> library(testthat)
> library(PDATK)
Loading required package: SummarizedExperiment
Loading required package: MatrixGenerics
Loading required package: matrixStats
Attaching package: 'MatrixGenerics'
The following objects are masked from 'package:matrixStats':
colAlls, colAnyNAs, colAnys, colAvgsPerRowSet, colCollapse,
colCounts, colCummaxs, colCummins, colCumprods, colCumsums,
colDiffs, colIQRDiffs, colIQRs, colLogSumExps, colMadDiffs,
colMads, colMaxs, colMeans2, colMedians, colMins, colOrderStats,
colProds, colQuantiles, colRanges, colRanks, colSdDiffs, colSds,
colSums2, colTabulates, colVarDiffs, colVars, colWeightedMads,
colWeightedMeans, colWeightedMedians, colWeightedSds,
colWeightedVars, rowAlls, rowAnyNAs, rowAnys, rowAvgsPerColSet,
rowCollapse, rowCounts, rowCummaxs, rowCummins, rowCumprods,
rowCumsums, rowDiffs, rowIQRDiffs, rowIQRs, rowLogSumExps,
rowMadDiffs, rowMads, rowMaxs, rowMeans2, rowMedians, rowMins,
rowOrderStats, rowProds, rowQuantiles, rowRanges, rowRanks,
rowSdDiffs, rowSds, rowSums2, rowTabulates, rowVarDiffs, rowVars,
rowWeightedMads, rowWeightedMeans, rowWeightedMedians,
rowWeightedSds, rowWeightedVars
Loading required package: GenomicRanges
Loading required package: stats4
Loading required package: BiocGenerics
Loading required package: generics
Attaching package: 'generics'
The following objects are masked from 'package:base':
as.difftime, as.factor, as.ordered, intersect, is.element, setdiff,
setequal, union
Attaching package: 'BiocGenerics'
The following objects are masked from 'package:stats':
IQR, mad, sd, var, xtabs
The following objects are masked from 'package:base':
Filter, Find, Map, Position, Reduce, anyDuplicated, aperm, append,
as.data.frame, basename, cbind, colnames, dirname, do.call,
duplicated, eval, evalq, get, grep, grepl, is.unsorted, lapply,
mapply, match, mget, order, paste, pmax, pmax.int, pmin, pmin.int,
rank, rbind, rownames, sapply, saveRDS, table, tapply, unique,
unsplit, which.max, which.min
Loading required package: S4Vectors
Attaching package: 'S4Vectors'
The following object is masked from 'package:utils':
findMatches
The following objects are masked from 'package:base':
I, expand.grid, unname
Loading required package: IRanges
Loading required package: GenomeInfoDb
Loading required package: Biobase
Welcome to Bioconductor
Vignettes contain introductory material; view with
'browseVignettes()'. To cite Bioconductor, see
'citation("Biobase")', and for packages 'citation("pkgname")'.
Attaching package: 'Biobase'
The following object is masked from 'package:MatrixGenerics':
rowMedians
The following objects are masked from 'package:matrixStats':
anyMissing, rowMedians
Warning messages:
1: replacing previous import 'survival::brier' by 'verification::brier' when loading 'PDATK'
2: replacing previous import 'limma::logsumexp' by 'mclust::logsumexp' when loading 'genefu'
>
> test_check("PDATK")
[ FAIL 0 | WARN 13 | SKIP 0 | PASS 77 ]
[ FAIL 0 | WARN 13 | SKIP 0 | PASS 77 ]
>
> proc.time()
user system elapsed
29.194 8.434 33.885
PDATK.Rcheck/PDATK-Ex.timings
| name | user | system | elapsed | |
| CSPC_MAE | 0.029 | 0.001 | 0.030 | |
| ClinicalModel-class | 0.073 | 0.000 | 0.073 | |
| ClinicalModel | 0.069 | 0.001 | 0.071 | |
| CohortList | 0.022 | 0.002 | 0.024 | |
| ConsensusMetaclusteringModel | 0.012 | 0.000 | 0.011 | |
| CoxModel | 0.242 | 0.003 | 0.245 | |
| GeneFuModel | 0.085 | 0.003 | 0.087 | |
| ModelComparison | 3.858 | 0.094 | 3.953 | |
| PCOSP | 0.068 | 0.004 | 0.072 | |
| RandomGeneAssignmentModel | 0.063 | 0.005 | 0.068 | |
| RandomLabelShufflingModel | 0.064 | 0.005 | 0.069 | |
| SurvivalExperiment | 0.067 | 0.012 | 0.079 | |
| SurvivalModel-class | 0.032 | 0.004 | 0.037 | |
| SurvivalModel | 0.032 | 0.004 | 0.036 | |
| assignColDataColumn | 0.024 | 0.007 | 0.031 | |
| assignSubtypes-CohortList-list-method | 0.400 | 0.066 | 0.468 | |
| assignSubtypes-SurvivalExperiment-data.frame-method | 0.032 | 0.001 | 0.033 | |
| assignSubtypes | 0.029 | 0.003 | 0.033 | |
| barPlotModelComparison-ClinicalModel-PCOSP_or_RLS_or_RGA-method | 0.625 | 0.021 | 0.647 | |
| barPlotModelComparison | 0.615 | 0.002 | 0.616 | |
| birnbaum | 0.002 | 0.001 | 0.002 | |
| chen | 0.002 | 0.001 | 0.002 | |
| cohortSubtypeDFs | 0.001 | 0.002 | 0.003 | |
| compareModels-ModelComparison-SurvivalModel-method | 0.609 | 0.009 | 0.619 | |
| compareModels-SurvivalModel-SurvivalModel-method | 0.571 | 0.003 | 0.575 | |
| compareModels | 0.574 | 0.019 | 0.594 | |
| dropNotCensored-CohortList-method | 0.418 | 0.025 | 0.443 | |
| dropNotCensored-SurvivalExperiment-method | 0.036 | 0.002 | 0.038 | |
| dropNotCensored | 0.037 | 0.000 | 0.037 | |
| existingClassifierData | 0.002 | 0.001 | 0.003 | |
| findCommonGenes-CohortList-method | 0.023 | 0.000 | 0.024 | |
| findCommonGenes | 0.021 | 0.002 | 0.023 | |
| findCommonSamples-CohortList-method | 0.030 | 0.002 | 0.032 | |
| findCommonSamples | 0.028 | 0.002 | 0.031 | |
| forestPlot-ModelComparison-method | 0.760 | 0.011 | 0.772 | |
| forestPlot-PCOSP_or_ClinicalModel-method | 0.114 | 0.003 | 0.117 | |
| forestPlot | 0.158 | 0.000 | 0.158 | |
| getModelSeed-SurvivalModel-method | 0.006 | 0.001 | 0.007 | |
| getModelSeed | 0.007 | 0.000 | 0.006 | |
| getTopFeatures-PCOSP-method | 0.007 | 0.001 | 0.008 | |
| getTopFeatures-SummarizedExperiment-method | 0.114 | 0.001 | 0.116 | |
| getTopFeatures | 0.007 | 0.001 | 0.007 | |
| haiderSigScores | 0.002 | 0.001 | 0.003 | |
| hasColDataColumns | 0.012 | 0.000 | 0.011 | |
| merge-SurvivalExperiment-SurvivalExperiment-method | 0.115 | 0.001 | 0.116 | |
| modelParams-set | 0.010 | 0.001 | 0.012 | |
| modelParams | 0.012 | 0.001 | 0.013 | |
| models-SurvivalModel-method | 0.007 | 0.000 | 0.008 | |
| models-set-SurvivalModel-SimpleList-method | 0.007 | 0.001 | 0.008 | |
| models-set | 0.011 | 0.001 | 0.012 | |
| models | 0.005 | 0.002 | 0.008 | |
| normalsMAE | 0.001 | 0.000 | 0.002 | |
| plotROC-PCOSP-method | 0.288 | 0.001 | 0.289 | |
| predictClasses-CohortList-ClinicalModel-method | 0.214 | 0.005 | 0.219 | |
| predictClasses-CohortList-PCOSP_or_RLS_or_RGA-method | 0.269 | 0.015 | 0.284 | |
| predictClasses-SurvivalExperiment-ClinicalModel-method | 0.109 | 0.002 | 0.110 | |
| predictClasses-SurvivalExperiment-PCOSP_or_RLS_or_RGA-method | 0.106 | 0.002 | 0.108 | |
| predictClasses | 0.101 | 0.001 | 0.102 | |
| rankFeatures-SummarizedExperiment-method | 0.109 | 0.001 | 0.110 | |
| rankFeatures | 0.087 | 0.002 | 0.089 | |
| removeColDataFactorColumns | 0.015 | 0.002 | 0.017 | |
| removeFactorColumns | 0.002 | 0.001 | 0.002 | |
| renameColDataColumns | 0.016 | 0.001 | 0.018 | |
| renameColumns | 0.002 | 0.000 | 0.002 | |
| sampleClinicalModel | 0.005 | 0.001 | 0.006 | |
| sampleCohortList | 0.022 | 0.001 | 0.022 | |
| sampleICGCmicro | 0.006 | 0.001 | 0.007 | |
| samplePCOSPmodel | 0.007 | 0.000 | 0.007 | |
| samplePCOSPpredList | 0.029 | 0.000 | 0.029 | |
| samplePCSIsurvExp | 0.004 | 0.001 | 0.005 | |
| sampleRGAmodel | 0.006 | 0.001 | 0.007 | |
| sampleRLSmodel | 0.006 | 0.001 | 0.006 | |
| sampleTrainedPCOSPmodel | 0.007 | 0.000 | 0.007 | |
| sampleValPCOSPmodel | 0.028 | 0.002 | 0.030 | |
| show-S4Model-method | 0.045 | 0.002 | 0.048 | |
| subset-CohortList-method | 0.145 | 0.007 | 0.153 | |
| trainData-set | 0.010 | 0.003 | 0.014 | |
| trainData | 0.008 | 0.000 | 0.007 | |
| trainModel-ClinicalModel-method | 0.040 | 0.004 | 0.044 | |
| trainModel-PCOSP-method | 1.120 | 0.062 | 1.183 | |
| trainModel-RGAModel-method | 1.037 | 0.013 | 1.051 | |
| trainModel-RLSModel-method | 1.012 | 0.000 | 1.011 | |
| trainModel | 1.037 | 0.003 | 1.040 | |
| validateModel-ClinicalModel-CohortList-method | 0.199 | 0.004 | 0.203 | |
| validateModel-ClinicalModel-SurvivalExperiment-method | 0.515 | 0.004 | 0.519 | |
| validateModel-GeneFuModel-CohortList-method | 0.882 | 0.002 | 0.885 | |
| validateModel-PCOSP_or_RLS_or_RGA-CohortList-method | 0.938 | 0.005 | 0.943 | |
| validateModel-PCOSP_or_RLS_or_RGA-SurvivalExperiment-method | 0.858 | 0.018 | 0.876 | |
| validateModel | 0.082 | 0.001 | 0.083 | |
| validationData-SurvivalModel-method | 0.007 | 0.001 | 0.008 | |
| validationData-set-SurvivalModel-CohortList-method | 0.005 | 0.001 | 0.006 | |
| validationData-set | 0.007 | 0.001 | 0.008 | |
| validationData | 0.005 | 0.001 | 0.007 | |
| validationStats-SurvivalModel-method | 0.007 | 0.000 | 0.007 | |
| validationStats-set-SurvivalModel-data.frame-method | 0.008 | 0.000 | 0.008 | |
| validationStats-set | 0.006 | 0.002 | 0.008 | |
| validationStats | 0.007 | 0.000 | 0.007 | |