| Back to Multiple platform build/check report for BioC 3.21: simplified long | 
 | 
This page was generated on 2025-05-05 11:39 -0400 (Mon, 05 May 2025).
| Hostname | OS | Arch (*) | R version | Installed pkgs | 
|---|---|---|---|---|
| nebbiolo1 | Linux (Ubuntu 24.04.1 LTS) | x86_64 | 4.5.0 RC (2025-04-04 r88126) -- "How About a Twenty-Six" | 4832 | 
| palomino7 | Windows Server 2022 Datacenter | x64 | 4.5.0 RC (2025-04-04 r88126 ucrt) -- "How About a Twenty-Six" | 4574 | 
| merida1 | macOS 12.7.5 Monterey | x86_64 | 4.5.0 RC (2025-04-04 r88126) -- "How About a Twenty-Six" | 4599 | 
| kjohnson1 | macOS 13.6.6 Ventura | arm64 | 4.5.0 RC (2025-04-04 r88129) -- "How About a Twenty-Six" | 4553 | 
| Click on any hostname to see more info about the system (e.g. compilers) (*) as reported by 'uname -p', except on Windows and Mac OS X | ||||
| Package 1364/2341 | Hostname | OS / Arch | INSTALL | BUILD | CHECK | BUILD BIN | ||||||||
| MsDataHub 1.8.0  (landing page) Laurent Gatto 
 | nebbiolo1 | Linux (Ubuntu 24.04.1 LTS) / x86_64 | OK | OK | ERROR | |||||||||
| palomino7 | Windows Server 2022 Datacenter / x64 | OK | OK | OK | OK |  | ||||||||
| merida1 | macOS 12.7.5 Monterey / x86_64 | OK | OK | OK | OK |  | ||||||||
| kjohnson1 | macOS 13.6.6 Ventura / arm64 | OK | OK | OK | OK |  | ||||||||
| To the developers/maintainers of the MsDataHub package: - Allow up to 24 hours (and sometimes 48 hours) for your latest push to git@git.bioconductor.org:packages/MsDataHub.git to reflect on this report. See Troubleshooting Build Report for more information. - Use the following Renviron settings to reproduce errors and warnings. - If 'R CMD check' started to fail recently on the Linux builder(s) over a missing dependency, add the missing dependency to 'Suggests:' in your DESCRIPTION file. See Renviron.bioc for more information. | 
| Package: MsDataHub | 
| Version: 1.8.0 | 
| Command: /home/biocbuild/bbs-3.21-bioc/R/bin/R CMD check --install=check:MsDataHub.install-out.txt --library=/home/biocbuild/bbs-3.21-bioc/R/site-library --timings MsDataHub_1.8.0.tar.gz | 
| StartedAt: 2025-05-05 00:36:38 -0400 (Mon, 05 May 2025) | 
| EndedAt: 2025-05-05 00:38:54 -0400 (Mon, 05 May 2025) | 
| EllapsedTime: 136.2 seconds | 
| RetCode: 1 | 
| Status: ERROR | 
| CheckDir: MsDataHub.Rcheck | 
| Warnings: NA | 
##############################################################################
##############################################################################
###
### Running command:
###
###   /home/biocbuild/bbs-3.21-bioc/R/bin/R CMD check --install=check:MsDataHub.install-out.txt --library=/home/biocbuild/bbs-3.21-bioc/R/site-library --timings MsDataHub_1.8.0.tar.gz
###
##############################################################################
##############################################################################
* using log directory ‘/home/biocbuild/bbs-3.21-bioc/meat/MsDataHub.Rcheck’
* using R version 4.5.0 RC (2025-04-04 r88126)
* using platform: x86_64-pc-linux-gnu
* R was compiled by
    gcc (Ubuntu 13.3.0-6ubuntu2~24.04) 13.3.0
    GNU Fortran (Ubuntu 13.3.0-6ubuntu2~24.04) 13.3.0
* running under: Ubuntu 24.04.2 LTS
* using session charset: UTF-8
* checking for file ‘MsDataHub/DESCRIPTION’ ... OK
* this is package ‘MsDataHub’ version ‘1.8.0’
* package encoding: UTF-8
* checking package namespace information ... OK
* checking package dependencies ... OK
* checking if this is a source package ... OK
* checking if there is a namespace ... OK
* checking for hidden files and directories ... OK
* checking for portable file names ... OK
* checking for sufficient/correct file permissions ... OK
* checking whether package ‘MsDataHub’ can be installed ... OK
* checking installed package size ... OK
* checking package directory ... OK
* checking ‘build’ directory ... OK
* checking DESCRIPTION meta-information ... OK
* checking top-level files ... OK
* checking for left-over files ... OK
* checking index information ... OK
* checking package subdirectories ... OK
* checking code files for non-ASCII characters ... OK
* checking R files for syntax errors ... OK
* checking whether the package can be loaded ... OK
* checking whether the package can be loaded with stated dependencies ... OK
* checking whether the package can be unloaded cleanly ... OK
* checking whether the namespace can be loaded with stated dependencies ... OK
* checking whether the namespace can be unloaded cleanly ... OK
* checking loading without being on the library search path ... OK
* checking whether startup messages can be suppressed ... OK
* checking dependencies in R code ... OK
* checking S3 generic/method consistency ... OK
* checking replacement functions ... OK
* checking foreign function calls ... OK
* checking R code for possible problems ... OK
* checking Rd files ... OK
* checking Rd metadata ... OK
* checking Rd cross-references ... OK
* checking for missing documentation entries ... OK
* checking for code/documentation mismatches ... OK
* checking Rd \usage sections ... OK
* checking Rd contents ... OK
* checking for unstated dependencies in examples ... OK
* checking files in ‘vignettes’ ... OK
* checking examples ... OK
* checking for unstated dependencies in ‘tests’ ... OK
* checking tests ...
  Running ‘testthat.R’
 OK
* checking for unstated dependencies in vignettes ... OK
* checking package vignettes ... OK
* checking re-building of vignette outputs ... ERROR
Error(s) in re-building vignettes:
--- re-building ‘MsDataHub.Rmd’ using rmarkdown
Quitting from MsDataHub.Rmd:64-68 [unnamed-chunk-1]
~~~~~~~~~~~~~~~~~~~~~~~~~~~~~~~~~~~~~~~~~~~~~~~~~~~~~~~~~~~~~~~~~~~~~~~~~~~~~~~~
<error/rlang_error>
Error:
! BiocParallel errors
  1 remote errors, element index: 1
  0 unevaluated and other errors
  first remote error:
Error in substr(readBin(x, character(), n = 1), 1, 3): invalid multibyte string at '<fd>7zXZ'
---
Backtrace:
     ▆
  1. ├─Spectra::Spectra(f)
  2. └─Spectra::Spectra(f)
  3.   └─Spectra (local) .local(object, ...)
  4.     └─Spectra:::.create_spectra(...)
  5.       ├─ProtGenerics::backendInitialize(...)
  6.       └─Spectra::backendInitialize(...)
  7.         └─Spectra (local) .local(object, ...)
  8.           ├─base::do.call(...)
  9.           ├─BiocParallel::bplapply(...)
 10.           └─BiocParallel::bplapply(...)
 11.             └─BiocParallel:::.bpinit(...)
~~~~~~~~~~~~~~~~~~~~~~~~~~~~~~~~~~~~~~~~~~~~~~~~~~~~~~~~~~~~~~~~~~~~~~~~~~~~~~~~
Error: processing vignette 'MsDataHub.Rmd' failed with diagnostics:
BiocParallel errors
  1 remote errors, element index: 1
  0 unevaluated and other errors
  first remote error:
Error in substr(readBin(x, character(), n = 1), 1, 3): invalid multibyte string at '<fd>7zXZ'
--- failed re-building ‘MsDataHub.Rmd’
SUMMARY: processing the following file failed:
  ‘MsDataHub.Rmd’
Error: Vignette re-building failed.
Execution halted
* checking PDF version of manual ... OK
* DONE
Status: 1 ERROR
See
  ‘/home/biocbuild/bbs-3.21-bioc/meat/MsDataHub.Rcheck/00check.log’
for details.
MsDataHub.Rcheck/00install.out
############################################################################## ############################################################################## ### ### Running command: ### ### /home/biocbuild/bbs-3.21-bioc/R/bin/R CMD INSTALL MsDataHub ### ############################################################################## ############################################################################## * installing to library ‘/home/biocbuild/bbs-3.21-bioc/R/site-library’ * installing *source* package ‘MsDataHub’ ... ** this is package ‘MsDataHub’ version ‘1.8.0’ ** using staged installation ** R ** inst ** byte-compile and prepare package for lazy loading ** help *** installing help indices ** building package indices ** installing vignettes ** testing if installed package can be loaded from temporary location ** testing if installed package can be loaded from final location ** testing if installed package keeps a record of temporary installation path * DONE (MsDataHub)
MsDataHub.Rcheck/tests/testthat.Rout
R version 4.5.0 RC (2025-04-04 r88126) -- "How About a Twenty-Six"
Copyright (C) 2025 The R Foundation for Statistical Computing
Platform: x86_64-pc-linux-gnu
R is free software and comes with ABSOLUTELY NO WARRANTY.
You are welcome to redistribute it under certain conditions.
Type 'license()' or 'licence()' for distribution details.
R is a collaborative project with many contributors.
Type 'contributors()' for more information and
'citation()' on how to cite R or R packages in publications.
Type 'demo()' for some demos, 'help()' for on-line help, or
'help.start()' for an HTML browser interface to help.
Type 'q()' to quit R.
> # This file is part of the standard setup for testthat.
> # It is recommended that you do not modify it.
> #
> # Where should you do additional test configuration?
> # Learn more about the roles of various files in:
> # * https://r-pkgs.org/tests.html
> # * https://testthat.r-lib.org/reference/test_package.html#special-files
> 
> library(testthat)
> library(MsDataHub)
> 
> test_check("MsDataHub")
[ FAIL 0 | WARN 1 | SKIP 0 | PASS 1 ]
[ FAIL 0 | WARN 1 | SKIP 0 | PASS 1 ]
> 
> proc.time()
   user  system elapsed 
  4.258   0.266   4.511 
MsDataHub.Rcheck/MsDataHub-Ex.timings
| name | user | system | elapsed | |
| MsDataHub | 0.009 | 0.001 | 0.011 | |