Back to Multiple platform build/check report for BioC 3.21:   simplified   long
ABCDEFGHIJKL[M]NOPQRSTUVWXYZ

This page was generated on 2025-10-16 11:38 -0400 (Thu, 16 Oct 2025).

HostnameOSArch (*)R versionInstalled pkgs
nebbiolo1Linux (Ubuntu 24.04.3 LTS)x86_644.5.1 (2025-06-13) -- "Great Square Root" 4833
merida1macOS 12.7.6 Montereyx86_644.5.1 RC (2025-06-05 r88288) -- "Great Square Root" 4614
kjohnson1macOS 13.7.5 Venturaarm644.5.1 Patched (2025-06-14 r88325) -- "Great Square Root" 4555
kunpeng2Linux (openEuler 24.03 LTS)aarch64R Under development (unstable) (2025-02-19 r87757) -- "Unsuffered Consequences" 4586
Click on any hostname to see more info about the system (e.g. compilers)      (*) as reported by 'uname -p', except on Windows and Mac OS X

Package 1220/2341HostnameOS / ArchINSTALLBUILDCHECKBUILD BIN
MesKit 1.18.0  (landing page)
Mengni Liu
Snapshot Date: 2025-10-13 13:40 -0400 (Mon, 13 Oct 2025)
git_url: https://git.bioconductor.org/packages/MesKit
git_branch: RELEASE_3_21
git_last_commit: 9981ad5
git_last_commit_date: 2025-04-15 12:05:40 -0400 (Tue, 15 Apr 2025)
nebbiolo1Linux (Ubuntu 24.04.3 LTS) / x86_64  OK    OK    WARNINGS  UNNEEDED, same version is already published
merida1macOS 12.7.6 Monterey / x86_64  OK    OK    WARNINGS    OK  UNNEEDED, same version is already published
kjohnson1macOS 13.7.5 Ventura / arm64  OK    OK    WARNINGS    OK  UNNEEDED, same version is already published
kunpeng2Linux (openEuler 24.03 LTS) / aarch64  OK    OK    WARNINGS  


CHECK results for MesKit on nebbiolo1

To the developers/maintainers of the MesKit package:
- Allow up to 24 hours (and sometimes 48 hours) for your latest push to git@git.bioconductor.org:packages/MesKit.git to reflect on this report. See Troubleshooting Build Report for more information.
- Use the following Renviron settings to reproduce errors and warnings.
- If 'R CMD check' started to fail recently on the Linux builder(s) over a missing dependency, add the missing dependency to 'Suggests:' in your DESCRIPTION file. See Renviron.bioc for more information.

raw results


Summary

Package: MesKit
Version: 1.18.0
Command: /home/biocbuild/bbs-3.21-bioc/R/bin/R CMD check --install=check:MesKit.install-out.txt --library=/home/biocbuild/bbs-3.21-bioc/R/site-library --timings MesKit_1.18.0.tar.gz
StartedAt: 2025-10-16 00:48:11 -0400 (Thu, 16 Oct 2025)
EndedAt: 2025-10-16 00:58:05 -0400 (Thu, 16 Oct 2025)
EllapsedTime: 593.8 seconds
RetCode: 0
Status:   WARNINGS  
CheckDir: MesKit.Rcheck
Warnings: 1

Command output

##############################################################################
##############################################################################
###
### Running command:
###
###   /home/biocbuild/bbs-3.21-bioc/R/bin/R CMD check --install=check:MesKit.install-out.txt --library=/home/biocbuild/bbs-3.21-bioc/R/site-library --timings MesKit_1.18.0.tar.gz
###
##############################################################################
##############################################################################


* using log directory ‘/home/biocbuild/bbs-3.21-bioc/meat/MesKit.Rcheck’
* using R version 4.5.1 (2025-06-13)
* using platform: x86_64-pc-linux-gnu
* R was compiled by
    gcc (Ubuntu 13.3.0-6ubuntu2~24.04) 13.3.0
    GNU Fortran (Ubuntu 13.3.0-6ubuntu2~24.04) 13.3.0
* running under: Ubuntu 24.04.3 LTS
* using session charset: UTF-8
* checking for file ‘MesKit/DESCRIPTION’ ... OK
* checking extension type ... Package
* this is package ‘MesKit’ version ‘1.18.0’
* package encoding: UTF-8
* checking package namespace information ... OK
* checking package dependencies ... OK
* checking if this is a source package ... OK
* checking if there is a namespace ... OK
* checking for hidden files and directories ... OK
* checking for portable file names ... OK
* checking for sufficient/correct file permissions ... OK
* checking whether package ‘MesKit’ can be installed ... WARNING
Found the following significant warnings:
  Warning: replacing previous import ‘ape::degree’ by ‘circlize::degree’ when loading ‘MesKit’
  Warning: replacing previous import ‘ape::where’ by ‘dplyr::where’ when loading ‘MesKit’
See ‘/home/biocbuild/bbs-3.21-bioc/meat/MesKit.Rcheck/00install.out’ for details.
* checking installed package size ... OK
* checking package directory ... OK
* checking ‘build’ directory ... OK
* checking DESCRIPTION meta-information ... OK
* checking top-level files ... NOTE
File
  LICENSE
is not mentioned in the DESCRIPTION file.
* checking for left-over files ... OK
* checking index information ... OK
* checking package subdirectories ... OK
* checking code files for non-ASCII characters ... OK
* checking R files for syntax errors ... OK
* checking whether the package can be loaded ... OK
* checking whether the package can be loaded with stated dependencies ... OK
* checking whether the package can be unloaded cleanly ... OK
* checking whether the namespace can be loaded with stated dependencies ... OK
* checking whether the namespace can be unloaded cleanly ... OK
* checking loading without being on the library search path ... OK
* checking dependencies in R code ... OK
* checking S3 generic/method consistency ... OK
* checking replacement functions ... OK
* checking foreign function calls ... OK
* checking R code for possible problems ... NOTE
calJSI : processJSI: no visible binding for global variable ‘CCF’
cna2gene: no visible global function definition for ‘genes’
cna2gene: no visible binding for global variable ‘org.Hs.eg.db’
cna2gene: no visible binding for global variable ‘seqnames’
cna2gene: no visible binding for global variable ‘Chromosome’
cna2gene: no visible binding for global variable ‘Hugo_Symbol’
cna2gene: no visible binding for global variable ‘Start_Position’
cna2gene: no visible binding for global variable ‘End_Position’
cna2gene: no visible binding for global variable ‘i.End_Position’
cna2gene: no visible binding for global variable ‘i.Start_Position’
cna2gene: no visible binding for global variable ‘Patient_ID’
cna2gene: no visible binding for global variable ‘Tumor_Sample_Barcode’
cna2gene: no visible binding for global variable ‘seg_id’
cna2gene: no visible binding for global variable ‘overlap_width’
copyNumberFilter: no visible binding for global variable ‘Patient_ID’
drawVAFCombine: no visible binding for global variable ‘V’
drawVAFCombineVline: no visible binding for global variable ‘V’
fitSignatures : processFitSig: no visible binding for global variable
  ‘Branch’
fitSignatures : processFitSig: no visible binding for global variable
  ‘Original’
fitSignatures : processFitSig: no visible binding for global variable
  ‘Reconstructed’
mutCluster : processVafcluster_sample: no visible binding for global
  variable ‘cluster’
plotCNA: no visible binding for global variable ‘Cytoband’
plotCNA: no visible binding for global variable ‘Cytoband_pos’
plotCNA: no visible binding for global variable ‘gene_id’
plotCNA: no visible binding for global variable ‘gene_pos’
plotCNA: no visible binding for global variable ‘Hugo_Symbol’
plotTree: no visible binding for global variable ‘is.match’
plotTree: no visible binding for global variable ‘x’
plotTree: no visible binding for global variable ‘y’
plotTree: no visible binding for global variable ‘xend’
plotTree: no visible binding for global variable ‘yend’
Undefined global functions or variables:
  Branch CCF Chromosome Cytoband Cytoband_pos End_Position Hugo_Symbol
  Original Patient_ID Reconstructed Start_Position Tumor_Sample_Barcode
  V cluster gene_id gene_pos genes i.End_Position i.Start_Position
  is.match org.Hs.eg.db overlap_width seg_id seqnames x xend y yend
* checking Rd files ... OK
* checking Rd metadata ... OK
* checking Rd cross-references ... OK
* checking for missing documentation entries ... OK
* checking for code/documentation mismatches ... OK
* checking Rd \usage sections ... OK
* checking Rd contents ... OK
* checking for unstated dependencies in examples ... OK
* checking files in ‘vignettes’ ... OK
* checking examples ... OK
Examples with CPU (user + system) or elapsed time > 5s
                       user system elapsed
cna2gene             18.973  0.791  19.579
calFst               14.869  0.294  15.135
getTreeMethod        14.353  0.237  14.526
getCCFMatrix         14.375  0.209  14.514
getPhyloTreeTsbLabel 14.221  0.021  14.192
plotMutSigProfile    13.746  0.198  13.891
getBranchType        13.566  0.119  13.640
getTree              13.483  0.086  13.521
getBootstrapValue    13.504  0.031  13.489
getBinaryMatrix      13.377  0.125  13.456
mutHeatmap           13.181  0.036  13.171
getPhyloTreeRef      13.198  0.003  13.151
getPhyloTreePatient  13.063  0.031  13.046
getPhyloTree         12.798  0.156  12.906
getMutBranches       12.567  0.182  12.704
compareCCF            9.940  0.988  10.882
compareTree          10.700  0.104  10.749
calNeiDist           10.517  0.055  10.523
calJSI               10.357  0.148  10.456
mutCluster            9.574  0.276   9.811
ccfAUC                9.717  0.096   9.767
testNeutral           9.444  0.009   9.399
fitSignatures         9.123  0.209   9.295
triMatrix             8.735  0.144   8.842
classifyMut           8.336  0.510   8.798
mutTrunkBranch        8.649  0.186   8.781
plotPhyloTree         8.226  0.079   8.269
plotMutProfile        8.197  0.043   8.189
getSampleInfo         7.030  0.018   7.014
readMaf               6.954  0.044   6.934
subMaf                6.784  0.006   6.754
getMafData            6.611  0.028   6.590
getNonSyn_vc          6.594  0.023   6.585
getMafRef             6.550  0.040   6.563
mathScore             6.521  0.046   6.517
getMafPatient         6.521  0.024   6.512
* checking for unstated dependencies in vignettes ... OK
* checking package vignettes ... OK
* checking re-building of vignette outputs ... OK
* checking PDF version of manual ... OK
* DONE

Status: 1 WARNING, 2 NOTEs
See
  ‘/home/biocbuild/bbs-3.21-bioc/meat/MesKit.Rcheck/00check.log’
for details.


Installation output

MesKit.Rcheck/00install.out

##############################################################################
##############################################################################
###
### Running command:
###
###   /home/biocbuild/bbs-3.21-bioc/R/bin/R CMD INSTALL MesKit
###
##############################################################################
##############################################################################


* installing to library ‘/home/biocbuild/bbs-3.21-bioc/R/site-library’
* installing *source* package ‘MesKit’ ...
** this is package ‘MesKit’ version ‘1.18.0’
** using staged installation
** R
** inst
** byte-compile and prepare package for lazy loading
Warning: replacing previous import ‘ape::degree’ by ‘circlize::degree’ when loading ‘MesKit’
Warning: replacing previous import ‘ape::where’ by ‘dplyr::where’ when loading ‘MesKit’
** help
*** installing help indices
** building package indices
** installing vignettes
** testing if installed package can be loaded from temporary location
Warning: replacing previous import ‘ape::degree’ by ‘circlize::degree’ when loading ‘MesKit’
Warning: replacing previous import ‘ape::where’ by ‘dplyr::where’ when loading ‘MesKit’
** testing if installed package can be loaded from final location
Warning: replacing previous import ‘ape::degree’ by ‘circlize::degree’ when loading ‘MesKit’
Warning: replacing previous import ‘ape::where’ by ‘dplyr::where’ when loading ‘MesKit’
** testing if installed package keeps a record of temporary installation path
* DONE (MesKit)

Tests output


Example timings

MesKit.Rcheck/MesKit-Ex.timings

nameusersystemelapsed
calFst14.869 0.29415.135
calJSI10.357 0.14810.456
calNeiDist10.517 0.05510.523
ccfAUC9.7170.0969.767
classifyMut8.3360.5108.798
cna2gene18.973 0.79119.579
compareCCF 9.940 0.98810.882
compareTree10.700 0.10410.749
fitSignatures9.1230.2099.295
getBinaryMatrix13.377 0.12513.456
getBootstrapValue13.504 0.03113.489
getBranchType13.566 0.11913.640
getCCFMatrix14.375 0.20914.514
getMafData6.6110.0286.590
getMafPatient6.5210.0246.512
getMafRef6.5500.0406.563
getMutBranches12.567 0.18212.704
getNonSyn_vc6.5940.0236.585
getPhyloTree12.798 0.15612.906
getPhyloTreePatient13.063 0.03113.046
getPhyloTreeRef13.198 0.00313.151
getPhyloTreeTsbLabel14.221 0.02114.192
getSampleInfo7.0300.0187.014
getTree13.483 0.08613.521
getTreeMethod14.353 0.23714.526
mathScore6.5210.0466.517
mutCluster9.5740.2769.811
mutHeatmap13.181 0.03613.171
mutTrunkBranch8.6490.1868.781
plotCNA3.2660.0033.172
plotMutProfile8.1970.0438.189
plotMutSigProfile13.746 0.19813.891
plotPhyloTree8.2260.0798.269
readMaf6.9540.0446.934
readSegment0.4700.0050.417
runMesKit000
subMaf6.7840.0066.754
testNeutral9.4440.0099.399
triMatrix8.7350.1448.842