Back to Multiple platform build/check report for BioC 3.22:   simplified   long
ABCDEFGHIJKL[M]NOPQRSTUVWXYZ

This page was generated on 2025-11-01 12:03 -0400 (Sat, 01 Nov 2025).

HostnameOSArch (*)R versionInstalled pkgs
nebbiolo2Linux (Ubuntu 24.04.3 LTS)x86_644.5.1 Patched (2025-08-23 r88802) -- "Great Square Root" 4901
lconwaymacOS 12.7.6 Montereyx86_644.5.1 Patched (2025-09-10 r88807) -- "Great Square Root" 4691
kjohnson3macOS 13.7.7 Venturaarm644.5.1 Patched (2025-09-10 r88807) -- "Great Square Root" 4637
Click on any hostname to see more info about the system (e.g. compilers)      (*) as reported by 'uname -p', except on Windows and Mac OS X

Package 1171/2361HostnameOS / ArchINSTALLBUILDCHECKBUILD BIN
Macarron 1.14.0  (landing page)
Sagun Maharjan
Snapshot Date: 2025-10-31 13:45 -0400 (Fri, 31 Oct 2025)
git_url: https://git.bioconductor.org/packages/Macarron
git_branch: RELEASE_3_22
git_last_commit: 28010af
git_last_commit_date: 2025-10-29 11:16:43 -0400 (Wed, 29 Oct 2025)
nebbiolo2Linux (Ubuntu 24.04.3 LTS) / x86_64  OK    ERROR  skipped
lconwaymacOS 12.7.6 Monterey / x86_64  OK    ERROR  skippedskipped
kjohnson3macOS 13.7.7 Ventura / arm64  OK    ERROR  skippedskipped


BUILD results for Macarron on nebbiolo2

To the developers/maintainers of the Macarron package:
- Allow up to 24 hours (and sometimes 48 hours) for your latest push to git@git.bioconductor.org:packages/Macarron.git to reflect on this report. See Troubleshooting Build Report for more information.
- Use the following Renviron settings to reproduce errors and warnings.
- If 'R CMD check' started to fail recently on the Linux builder(s) over a missing dependency, add the missing dependency to 'Suggests:' in your DESCRIPTION file. See Renviron.bioc for more information.

raw results


Summary

Package: Macarron
Version: 1.14.0
Command: /home/biocbuild/bbs-3.22-bioc/R/bin/R CMD build --keep-empty-dirs --no-resave-data --md5 Macarron
StartedAt: 2025-10-31 18:34:29 -0400 (Fri, 31 Oct 2025)
EndedAt: 2025-10-31 18:40:32 -0400 (Fri, 31 Oct 2025)
EllapsedTime: 363.3 seconds
RetCode: 1
Status:   ERROR  
PackageFile: None
PackageFileSize: NA

Command output

##############################################################################
##############################################################################
###
### Running command:
###
###   /home/biocbuild/bbs-3.22-bioc/R/bin/R CMD build --keep-empty-dirs --no-resave-data --md5 Macarron
###
##############################################################################
##############################################################################


* checking for file ‘Macarron/DESCRIPTION’ ... OK
* preparing ‘Macarron’:
* checking DESCRIPTION meta-information ... OK
* installing the package to build vignettes
* creating vignettes ... ERROR
--- re-building ‘Macarron.Rmd’ using rmarkdown

Quitting from Macarron.Rmd:92-106 [unnamed-chunk-2]
~~~~~~~~~~~~~~~~~~~~~~~~~~~~~~~~~~~~~~~~~~~~~~~~~~~~~~~~~~~~~~~~~~~~~~~~~~~~~~~~
<error/rlang_error>
Error:
! <ggplot2::labels> object is invalid:
- every label must be named.
---
Backtrace:
    ▆
 1. └─Macarron::Macarron(...)
 2.   └─Macarron::calQval(...)
 3.     └─Maaslin2::Maaslin2(...)
 4.       └─Maaslin2:::maaslin2_association_plots(...)
 5.         └─ggplot2::labs("")
 6.           └─ggplot2::class_labels(args)
 7.             └─S7::new_object(labels)
 8.               └─S7::validate(object, recursive = !parent_validated)
~~~~~~~~~~~~~~~~~~~~~~~~~~~~~~~~~~~~~~~~~~~~~~~~~~~~~~~~~~~~~~~~~~~~~~~~~~~~~~~~

Error: processing vignette 'Macarron.Rmd' failed with diagnostics:
<ggplot2::labels> object is invalid:
- every label must be named.
--- failed re-building ‘Macarron.Rmd’

SUMMARY: processing the following file failed:
  ‘Macarron.Rmd’

Error: Vignette re-building failed.
Execution halted