| Back to Multiple platform build/check report for BioC 3.22: simplified long |
|
This page was generated on 2025-11-01 12:03 -0400 (Sat, 01 Nov 2025).
| Hostname | OS | Arch (*) | R version | Installed pkgs |
|---|---|---|---|---|
| nebbiolo2 | Linux (Ubuntu 24.04.3 LTS) | x86_64 | 4.5.1 Patched (2025-08-23 r88802) -- "Great Square Root" | 4901 |
| lconway | macOS 12.7.6 Monterey | x86_64 | 4.5.1 Patched (2025-09-10 r88807) -- "Great Square Root" | 4691 |
| kjohnson3 | macOS 13.7.7 Ventura | arm64 | 4.5.1 Patched (2025-09-10 r88807) -- "Great Square Root" | 4637 |
| Click on any hostname to see more info about the system (e.g. compilers) (*) as reported by 'uname -p', except on Windows and Mac OS X | ||||
| Package 1358/2361 | Hostname | OS / Arch | INSTALL | BUILD | CHECK | BUILD BIN | ||||||||
| MOSim 2.6.0 (landing page) Sonia Tarazona
| nebbiolo2 | Linux (Ubuntu 24.04.3 LTS) / x86_64 | OK | OK | WARNINGS | |||||||||
| lconway | macOS 12.7.6 Monterey / x86_64 | OK | OK | WARNINGS | OK | |||||||||
| kjohnson3 | macOS 13.7.7 Ventura / arm64 | OK | OK | WARNINGS | OK | |||||||||
|
To the developers/maintainers of the MOSim package: - Allow up to 24 hours (and sometimes 48 hours) for your latest push to git@git.bioconductor.org:packages/MOSim.git to reflect on this report. See Troubleshooting Build Report for more information. - Use the following Renviron settings to reproduce errors and warnings. - If 'R CMD check' started to fail recently on the Linux builder(s) over a missing dependency, add the missing dependency to 'Suggests:' in your DESCRIPTION file. See Renviron.bioc for more information. |
| Package: MOSim |
| Version: 2.6.0 |
| Command: /home/biocbuild/bbs-3.22-bioc/R/bin/R CMD check --install=check:MOSim.install-out.txt --library=/home/biocbuild/bbs-3.22-bioc/R/site-library --timings MOSim_2.6.0.tar.gz |
| StartedAt: 2025-11-01 01:49:49 -0400 (Sat, 01 Nov 2025) |
| EndedAt: 2025-11-01 02:08:51 -0400 (Sat, 01 Nov 2025) |
| EllapsedTime: 1142.1 seconds |
| RetCode: 0 |
| Status: WARNINGS |
| CheckDir: MOSim.Rcheck |
| Warnings: 1 |
##############################################################################
##############################################################################
###
### Running command:
###
### /home/biocbuild/bbs-3.22-bioc/R/bin/R CMD check --install=check:MOSim.install-out.txt --library=/home/biocbuild/bbs-3.22-bioc/R/site-library --timings MOSim_2.6.0.tar.gz
###
##############################################################################
##############################################################################
* using log directory ‘/home/biocbuild/bbs-3.22-bioc/meat/MOSim.Rcheck’
* using R version 4.5.1 Patched (2025-08-23 r88802)
* using platform: x86_64-pc-linux-gnu
* R was compiled by
gcc (Ubuntu 13.3.0-6ubuntu2~24.04) 13.3.0
GNU Fortran (Ubuntu 13.3.0-6ubuntu2~24.04) 13.3.0
* running under: Ubuntu 24.04.3 LTS
* using session charset: UTF-8
* checking for file ‘MOSim/DESCRIPTION’ ... OK
* this is package ‘MOSim’ version ‘2.6.0’
* package encoding: UTF-8
* checking package namespace information ... OK
* checking package dependencies ... OK
* checking if this is a source package ... OK
* checking if there is a namespace ... OK
* checking for hidden files and directories ... OK
* checking for portable file names ... OK
* checking for sufficient/correct file permissions ... OK
* checking whether package ‘MOSim’ can be installed ... WARNING
Found the following significant warnings:
Warning: replacing previous import ‘dplyr::count’ by ‘matrixStats::count’ when loading ‘MOSim’
See ‘/home/biocbuild/bbs-3.22-bioc/meat/MOSim.Rcheck/00install.out’ for details.
* used C++ compiler: ‘g++ (Ubuntu 13.3.0-6ubuntu2~24.04) 13.3.0’
* checking installed package size ... INFO
installed size is 7.3Mb
sub-directories of 1Mb or more:
data 5.8Mb
* checking package directory ... OK
* checking ‘build’ directory ... OK
* checking DESCRIPTION meta-information ... OK
* checking top-level files ... OK
* checking for left-over files ... OK
* checking index information ... OK
* checking package subdirectories ... OK
* checking code files for non-ASCII characters ... OK
* checking R files for syntax errors ... OK
* checking whether the package can be loaded ... OK
* checking whether the package can be loaded with stated dependencies ... OK
* checking whether the package can be unloaded cleanly ... OK
* checking whether the namespace can be loaded with stated dependencies ... OK
* checking whether the namespace can be unloaded cleanly ... OK
* checking loading without being on the library search path ... OK
* checking whether startup messages can be suppressed ... OK
* checking dependencies in R code ... OK
* checking S3 generic/method consistency ... OK
* checking replacement functions ... OK
* checking foreign function calls ... OK
* checking R code for possible problems ... NOTE
make_association_dataframe : keep_remaining: no visible binding for
global variable ‘Freq.a’
make_association_dataframe : keep_remaining: no visible binding for
global variable ‘Freq.ao’
make_association_dataframe : keep_remaining: no visible binding for
global variable ‘cluster’
make_association_dataframe : keep_remaining: no visible binding for
global variable ‘Freq’
make_association_dataframe : keep_remaining2: no visible binding for
global variable ‘Freq.a’
make_association_dataframe : keep_remaining2: no visible binding for
global variable ‘Freq.ao’
make_association_dataframe : keep_remaining2: no visible binding for
global variable ‘cluster’
make_association_dataframe : keep_remaining2: no visible binding for
global variable ‘Freq’
make_association_dataframe: no visible binding for global variable
‘Peak_ID’
make_association_dataframe: no visible binding for global variable
‘Gene_ID’
Undefined global functions or variables:
Freq Freq.a Freq.ao Gene_ID Peak_ID cluster
* checking Rd files ... NOTE
checkRd: (-1) TF_human.Rd:12: Lost braces; missing escapes or markup?
12 | @source {https://tflink.net/}
| ^
checkRd: (-1) associationList.Rd:14: Lost braces; missing escapes or markup?
14 | @source {Created in-house to serve as an example}
| ^
checkRd: (-1) sc_mosim.Rd:94: Lost braces; missing escapes or markup?
94 | {https://tflink.net/}}
| ^
checkRd: (-1) scatac.Rd:14-15: Lost braces
14 | @source {https://github.com/satijalab/seurat-data, we took 11 cells
| ^
checkRd: (-1) scrna.Rd:14-15: Lost braces
14 | @source {https://github.com/satijalab/seurat-data, we took 11 cells
| ^
checkRd: (-1) scrna.Rd:23-28: Lost braces
23 | for (cell_type in unique_cell_types) {
| ^
* checking Rd metadata ... OK
* checking Rd cross-references ... OK
* checking for missing documentation entries ... OK
* checking for code/documentation mismatches ... OK
* checking Rd \usage sections ... OK
* checking Rd contents ... OK
* checking for unstated dependencies in examples ... OK
* checking contents of ‘data’ directory ... OK
* checking data for non-ASCII characters ... OK
* checking data for ASCII and uncompressed saves ... OK
* checking line endings in C/C++/Fortran sources/headers ... OK
* checking compiled code ... NOTE
Note: information on .o files is not available
* checking files in ‘vignettes’ ... OK
* checking examples ... OK
Examples with CPU (user + system) or elapsed time > 5s
user system elapsed
omicSettings 68.947 0.643 69.590
discretize 67.123 0.946 68.071
plotProfile 63.272 0.456 63.728
omicSim 61.162 0.221 61.384
omicResults 54.625 0.119 54.748
mosim 49.960 0.340 50.301
experimentalDesign 48.238 0.432 48.672
sc_mosim 39.742 0.368 40.110
sc_omicResults 35.700 0.097 35.800
sc_omicSettings 34.591 0.249 34.840
make_cluster_patterns 13.087 0.025 13.112
* checking for unstated dependencies in ‘tests’ ... OK
* checking tests ...
Running ‘testthat.R’
OK
* checking for unstated dependencies in vignettes ... OK
* checking package vignettes ... OK
* checking re-building of vignette outputs ... OK
* checking PDF version of manual ... OK
* DONE
Status: 1 WARNING, 3 NOTEs
See
‘/home/biocbuild/bbs-3.22-bioc/meat/MOSim.Rcheck/00check.log’
for details.
MOSim.Rcheck/00install.out
############################################################################## ############################################################################## ### ### Running command: ### ### /home/biocbuild/bbs-3.22-bioc/R/bin/R CMD INSTALL MOSim ### ############################################################################## ############################################################################## * installing to library ‘/home/biocbuild/bbs-3.22-bioc/R/site-library’ * installing *source* package ‘MOSim’ ... ** this is package ‘MOSim’ version ‘2.6.0’ ** using staged installation ** libs using C++ compiler: ‘g++ (Ubuntu 13.3.0-6ubuntu2~24.04) 13.3.0’ g++ -std=gnu++17 -I"/home/biocbuild/bbs-3.22-bioc/R/include" -DNDEBUG -I'/home/biocbuild/bbs-3.22-bioc/R/site-library/cpp11/include' -I'/home/biocbuild/bbs-3.22-bioc/R/site-library/Rcpp/include' -I/usr/local/include -fpic -g -O2 -Wall -Werror=format-security -c Random_number.cpp -o Random_number.o g++ -std=gnu++17 -shared -L/home/biocbuild/bbs-3.22-bioc/R/lib -L/usr/local/lib -o MOSim.so Random_number.o -L/home/biocbuild/bbs-3.22-bioc/R/lib -lR installing to /home/biocbuild/bbs-3.22-bioc/R/site-library/00LOCK-MOSim/00new/MOSim/libs ** R ** data ** inst ** byte-compile and prepare package for lazy loading Warning: replacing previous import ‘dplyr::count’ by ‘matrixStats::count’ when loading ‘MOSim’ Creating a new generic function for ‘simulate’ in package ‘MOSim’ ** help *** installing help indices ** building package indices ** installing vignettes ** testing if installed package can be loaded from temporary location Warning: replacing previous import ‘dplyr::count’ by ‘matrixStats::count’ when loading ‘MOSim’ ** checking absolute paths in shared objects and dynamic libraries ** testing if installed package can be loaded from final location Warning: replacing previous import ‘dplyr::count’ by ‘matrixStats::count’ when loading ‘MOSim’ ** testing if installed package keeps a record of temporary installation path * DONE (MOSim)
MOSim.Rcheck/tests/testthat.Rout
R version 4.5.1 Patched (2025-08-23 r88802) -- "Great Square Root"
Copyright (C) 2025 The R Foundation for Statistical Computing
Platform: x86_64-pc-linux-gnu
R is free software and comes with ABSOLUTELY NO WARRANTY.
You are welcome to redistribute it under certain conditions.
Type 'license()' or 'licence()' for distribution details.
R is a collaborative project with many contributors.
Type 'contributors()' for more information and
'citation()' on how to cite R or R packages in publications.
Type 'demo()' for some demos, 'help()' for on-line help, or
'help.start()' for an HTML browser interface to help.
Type 'q()' to quit R.
> library(testthat)
> #library(MOSim)
>
> #test_check("MOSim")
>
> proc.time()
user system elapsed
0.324 0.047 0.360
MOSim.Rcheck/MOSim-Ex.timings
| name | user | system | elapsed | |
| calculate_mean_per_list_df | 0.003 | 0.000 | 0.002 | |
| check_patterns | 0.008 | 0.000 | 0.008 | |
| discretize | 67.123 | 0.946 | 68.071 | |
| experimentalDesign | 48.238 | 0.432 | 48.672 | |
| make_cluster_patterns | 13.087 | 0.025 | 13.112 | |
| match_gene_regulator | 0.021 | 0.000 | 0.021 | |
| match_gene_regulator_cluster | 0.051 | 0.000 | 0.052 | |
| mosim | 49.960 | 0.340 | 50.301 | |
| omicData | 3.331 | 0.044 | 3.375 | |
| omicResults | 54.625 | 0.119 | 54.748 | |
| omicSettings | 68.947 | 0.643 | 69.590 | |
| omicSim | 61.162 | 0.221 | 61.384 | |
| plotProfile | 63.272 | 0.456 | 63.728 | |
| sc_mosim | 39.742 | 0.368 | 40.110 | |
| sc_omicData | 0.746 | 0.010 | 0.756 | |
| sc_omicResults | 35.700 | 0.097 | 35.800 | |
| sc_omicSettings | 34.591 | 0.249 | 34.840 | |
| sc_param_estimation | 0.148 | 0.000 | 0.147 | |