| Back to Multiple platform build/check report for BioC 3.21: simplified long |
|
This page was generated on 2025-04-10 13:27 -0400 (Thu, 10 Apr 2025).
| Hostname | OS | Arch (*) | R version | Installed pkgs |
|---|---|---|---|---|
| nebbiolo1 | Linux (Ubuntu 24.04.1 LTS) | x86_64 | R Under development (unstable) (2025-03-13 r87965) -- "Unsuffered Consequences" | 4820 |
| palomino7 | Windows Server 2022 Datacenter | x64 | R Under development (unstable) (2025-03-01 r87860 ucrt) -- "Unsuffered Consequences" | 4585 |
| lconway | macOS 12.7.1 Monterey | x86_64 | R Under development (unstable) (2025-03-02 r87868) -- "Unsuffered Consequences" | 4614 |
| kjohnson3 | macOS 13.7.1 Ventura | arm64 | R Under development (unstable) (2025-03-02 r87868) -- "Unsuffered Consequences" | 4567 |
| kunpeng2 | Linux (openEuler 24.03 LTS) | aarch64 | R Under development (unstable) (2025-02-19 r87757) -- "Unsuffered Consequences" | 4559 |
| Click on any hostname to see more info about the system (e.g. compilers) (*) as reported by 'uname -p', except on Windows and Mac OS X | ||||
| Package 1135/2335 | Hostname | OS / Arch | INSTALL | BUILD | CHECK | BUILD BIN | ||||||||
| LOBSTAHS 1.33.0 (landing page) Henry Holm
| nebbiolo1 | Linux (Ubuntu 24.04.1 LTS) / x86_64 | OK | OK | ERROR | |||||||||
| palomino7 | Windows Server 2022 Datacenter / x64 | OK | OK | ERROR | OK | |||||||||
| lconway | macOS 12.7.1 Monterey / x86_64 | OK | OK | ERROR | OK | |||||||||
| kjohnson3 | macOS 13.7.1 Ventura / arm64 | OK | OK | ERROR | OK | |||||||||
| kunpeng2 | Linux (openEuler 24.03 LTS) / aarch64 | OK | OK | WARNINGS | ||||||||||
|
To the developers/maintainers of the LOBSTAHS package: - Allow up to 24 hours (and sometimes 48 hours) for your latest push to git@git.bioconductor.org:packages/LOBSTAHS.git to reflect on this report. See Troubleshooting Build Report for more information. - Use the following Renviron settings to reproduce errors and warnings. - If 'R CMD check' started to fail recently on the Linux builder(s) over a missing dependency, add the missing dependency to 'Suggests:' in your DESCRIPTION file. See Renviron.bioc for more information. |
| Package: LOBSTAHS |
| Version: 1.33.0 |
| Command: /Library/Frameworks/R.framework/Resources/bin/R CMD check --install=check:LOBSTAHS.install-out.txt --library=/Library/Frameworks/R.framework/Resources/library --no-vignettes --timings LOBSTAHS_1.33.0.tar.gz |
| StartedAt: 2025-04-09 20:08:42 -0400 (Wed, 09 Apr 2025) |
| EndedAt: 2025-04-09 20:10:53 -0400 (Wed, 09 Apr 2025) |
| EllapsedTime: 130.8 seconds |
| RetCode: 1 |
| Status: ERROR |
| CheckDir: LOBSTAHS.Rcheck |
| Warnings: NA |
##############################################################################
##############################################################################
###
### Running command:
###
### /Library/Frameworks/R.framework/Resources/bin/R CMD check --install=check:LOBSTAHS.install-out.txt --library=/Library/Frameworks/R.framework/Resources/library --no-vignettes --timings LOBSTAHS_1.33.0.tar.gz
###
##############################################################################
##############################################################################
* using log directory ‘/Users/biocbuild/bbs-3.21-bioc/meat/LOBSTAHS.Rcheck’
* using R Under development (unstable) (2025-03-02 r87868)
* using platform: aarch64-apple-darwin20
* R was compiled by
Apple clang version 14.0.0 (clang-1400.0.29.202)
GNU Fortran (GCC) 14.2.0
* running under: macOS Ventura 13.7.1
* using session charset: UTF-8
* using option ‘--no-vignettes’
* checking for file ‘LOBSTAHS/DESCRIPTION’ ... OK
* this is package ‘LOBSTAHS’ version ‘1.33.0’
* checking package namespace information ... OK
* checking package dependencies ... OK
* checking if this is a source package ... OK
* checking if there is a namespace ... OK
* checking for hidden files and directories ... OK
* checking for portable file names ... OK
* checking for sufficient/correct file permissions ... OK
* checking whether package ‘LOBSTAHS’ can be installed ... WARNING
Found the following significant warnings:
Warning: multiple methods tables found for ‘polarity<-’
See ‘/Users/biocbuild/bbs-3.21-bioc/meat/LOBSTAHS.Rcheck/00install.out’ for details.
* checking installed package size ... OK
* checking package directory ... OK
* checking ‘build’ directory ... OK
* checking DESCRIPTION meta-information ... OK
* checking top-level files ... OK
* checking for left-over files ... OK
* checking index information ... OK
* checking package subdirectories ... OK
* checking code files for non-ASCII characters ... OK
* checking R files for syntax errors ... OK
* checking whether the package can be loaded ... OK
* checking whether the package can be loaded with stated dependencies ... OK
* checking whether the package can be unloaded cleanly ... OK
* checking whether the namespace can be loaded with stated dependencies ... NOTE
Warning: multiple methods tables found for ‘polarity<-’
A namespace must be able to be loaded with just the base namespace
loaded: otherwise if the namespace gets loaded by a saved object, the
session will be unable to start.
Probably some imports need to be declared in the NAMESPACE file.
* checking whether the namespace can be unloaded cleanly ... OK
* checking whether startup messages can be suppressed ... OK
* checking dependencies in R code ... OK
* checking S3 generic/method consistency ... OK
* checking replacement functions ... OK
* checking foreign function calls ... OK
* checking R code for possible problems ... OK
* checking Rd files ... OK
* checking Rd metadata ... OK
* checking Rd cross-references ... NOTE
Found the following Rd file(s) with Rd \link{} targets missing package
anchors:
LOBSet-class.Rd: xsAnnotate-class
LOBSet.Rd: xsAnnotate-class
doLOBscreen.Rd: xsAnnotate-class, xcmsSet-class
Please provide package anchors for all Rd \link{} targets not in the
package itself and the base packages.
* checking for missing documentation entries ... OK
* checking for code/documentation mismatches ... OK
* checking Rd \usage sections ... OK
* checking Rd contents ... OK
* checking for unstated dependencies in examples ... OK
* checking contents of ‘data’ directory ... OK
* checking data for non-ASCII characters ... OK
* checking data for ASCII and uncompressed saves ... OK
* checking installed files from ‘inst/doc’ ... OK
* checking files in ‘vignettes’ ... OK
* checking examples ... ERROR
Running examples in ‘LOBSTAHS-Ex.R’ failed
The error most likely occurred in:
> base::assign(".ptime", proc.time(), pos = "CheckExEnv")
> ### Name: loadLOBdbase
> ### Title: Import and reconstruct LOBdbase from a text file
> ### Aliases: loadLOBdbase
> ### Keywords: methods
>
> ### ** Examples
>
> ## save the default negative mode database as a .csv file
>
> data(default.LOBdbase)
>
> neg.DB = default.LOBdbase$negative
>
> fname = paste0("LOBSTAHS_lipid-oxy_DB_",
+ strtrim(as.character(polarity(neg.DB)),3),".csv")
>
> exportmat = data.frame(frag_ID(neg.DB),
+ mz(neg.DB),
+ exact_parent_neutral_mass(neg.DB),
+ as.character(lipid_class(neg.DB)),
+ as.character(species(neg.DB)),
+ as.character(adduct(neg.DB)),
+ as.character(adduct_rank(neg.DB)),
+ FA_total_no_C(neg.DB),
+ FA_total_no_DB(neg.DB),
+ degree_oxidation(neg.DB),
+ parent_elem_formula(neg.DB),
+ parent_compound_name(neg.DB),
+ stringsAsFactors = FALSE)
>
> colnames(exportmat) = c("frag_ID","mz","exact_parent_neutral_mass",
+ "lipid_class","species","adduct","adduct_rank",
+ "FA_total_no_C","FA_total_no_DB","degree_oxidation",
+ "parent_elem_formula","parent_compound_name")
>
> write.csv(exportmat, fname)
>
> ## reimport it
>
> neg.DB.reimported = loadLOBdbase("LOBSTAHS_lipid-oxy_DB_neg.csv",
+ polarity = "negative",
+ num_compounds = NULL)
Error in grepl(as.character(pattern), x, ignore.case, FALSE, perl, fixed, :
NA in coercion to boolean
Calls: loadLOBdbase ... rowSums -> is.data.frame -> sapply -> lapply -> FUN
Execution halted
* checking for unstated dependencies in vignettes ... OK
* checking package vignettes ... OK
* checking running R code from vignettes ... SKIPPED
* checking re-building of vignette outputs ... SKIPPED
* checking PDF version of manual ... OK
* DONE
Status: 1 ERROR, 1 WARNING, 2 NOTEs
See
‘/Users/biocbuild/bbs-3.21-bioc/meat/LOBSTAHS.Rcheck/00check.log’
for details.
LOBSTAHS.Rcheck/00install.out
############################################################################## ############################################################################## ### ### Running command: ### ### /Library/Frameworks/R.framework/Resources/bin/R CMD INSTALL LOBSTAHS ### ############################################################################## ############################################################################## * installing to library ‘/Library/Frameworks/R.framework/Versions/4.5-arm64/Resources/library’ * installing *source* package ‘LOBSTAHS’ ... ** this is package ‘LOBSTAHS’ version ‘1.33.0’ ** using staged installation ** R ** data ** inst ** byte-compile and prepare package for lazy loading Creating a new generic function for ‘polarity<-’ in package ‘LOBSTAHS’ ** help *** installing help indices ** building package indices ** installing vignettes ** testing if installed package can be loaded from temporary location Warning: multiple methods tables found for ‘polarity<-’ ** testing if installed package can be loaded from final location Warning: multiple methods tables found for ‘polarity<-’ ** testing if installed package keeps a record of temporary installation path * DONE (LOBSTAHS)
LOBSTAHS.Rcheck/LOBSTAHS-Ex.timings
| name | user | system | elapsed | |
| LOBSet-class | 0 | 0 | 0 | |
| LOBSet | 0.001 | 0.000 | 0.001 | |
| LOBdbase-class | 0.001 | 0.000 | 0.000 | |
| LOBdbase | 0 | 0 | 0 | |
| doLOBscreen | 1.313 | 0.021 | 1.336 | |
| exportDBtoCSV | 0.523 | 0.027 | 0.550 | |
| extractLOBdbasedata | 0.181 | 0.005 | 0.186 | |
| generateLOBdbase | 0 | 0 | 0 | |
| getLOBpeaklist | 0.018 | 0.002 | 0.021 | |