Back to Multiple platform build/check report for BioC 3.22:   simplified   long
ABCDEFGH[I]JKLMNOPQRSTUVWXYZ

This page was generated on 2025-11-04 12:04 -0500 (Tue, 04 Nov 2025).

HostnameOSArch (*)R versionInstalled pkgs
nebbiolo2Linux (Ubuntu 24.04.3 LTS)x86_644.5.1 Patched (2025-08-23 r88802) -- "Great Square Root" 4902
lconwaymacOS 12.7.6 Montereyx86_644.5.1 Patched (2025-09-10 r88807) -- "Great Square Root" 4692
kjohnson3macOS 13.7.7 Venturaarm644.5.1 Patched (2025-09-10 r88807) -- "Great Square Root" 4638
Click on any hostname to see more info about the system (e.g. compilers)      (*) as reported by 'uname -p', except on Windows and Mac OS X

Package 1045/2361HostnameOS / ArchINSTALLBUILDCHECKBUILD BIN
ILoReg 1.20.0  (landing page)
Johannes Smolander
Snapshot Date: 2025-11-03 13:45 -0500 (Mon, 03 Nov 2025)
git_url: https://git.bioconductor.org/packages/ILoReg
git_branch: RELEASE_3_22
git_last_commit: 50b509c
git_last_commit_date: 2025-10-29 11:00:58 -0500 (Wed, 29 Oct 2025)
nebbiolo2Linux (Ubuntu 24.04.3 LTS) / x86_64  OK    OK    WARNINGS  UNNEEDED, same version is already published
lconwaymacOS 12.7.6 Monterey / x86_64  OK    OK    WARNINGS    OK  UNNEEDED, same version is already published
kjohnson3macOS 13.7.7 Ventura / arm64  OK    OK    WARNINGS    OK  UNNEEDED, same version is already published


CHECK results for ILoReg on lconway

To the developers/maintainers of the ILoReg package:
- Allow up to 24 hours (and sometimes 48 hours) for your latest push to git@git.bioconductor.org:packages/ILoReg.git to reflect on this report. See Troubleshooting Build Report for more information.
- Use the following Renviron settings to reproduce errors and warnings.
- If 'R CMD check' started to fail recently on the Linux builder(s) over a missing dependency, add the missing dependency to 'Suggests:' in your DESCRIPTION file. See Renviron.bioc for more information.

raw results


Summary

Package: ILoReg
Version: 1.20.0
Command: /Library/Frameworks/R.framework/Resources/bin/R CMD check --install=check:ILoReg.install-out.txt --library=/Library/Frameworks/R.framework/Resources/library --no-vignettes --timings ILoReg_1.20.0.tar.gz
StartedAt: 2025-11-03 21:57:09 -0500 (Mon, 03 Nov 2025)
EndedAt: 2025-11-03 22:03:03 -0500 (Mon, 03 Nov 2025)
EllapsedTime: 354.0 seconds
RetCode: 0
Status:   WARNINGS  
CheckDir: ILoReg.Rcheck
Warnings: 2

Command output

##############################################################################
##############################################################################
###
### Running command:
###
###   /Library/Frameworks/R.framework/Resources/bin/R CMD check --install=check:ILoReg.install-out.txt --library=/Library/Frameworks/R.framework/Resources/library --no-vignettes --timings ILoReg_1.20.0.tar.gz
###
##############################################################################
##############################################################################


* using log directory ‘/Users/biocbuild/bbs-3.22-bioc/meat/ILoReg.Rcheck’
* using R version 4.5.1 Patched (2025-09-10 r88807)
* using platform: x86_64-apple-darwin20
* R was compiled by
    Apple clang version 14.0.0 (clang-1400.0.29.202)
    GNU Fortran (GCC) 14.2.0
* running under: macOS Monterey 12.7.6
* using session charset: UTF-8
* using option ‘--no-vignettes’
* checking for file ‘ILoReg/DESCRIPTION’ ... OK
* checking extension type ... Package
* this is package ‘ILoReg’ version ‘1.20.0’
* package encoding: UTF-8
* checking package namespace information ... OK
* checking package dependencies ... INFO
Imports includes 25 non-default packages.
Importing from so many packages makes the package vulnerable to any of
them becoming unavailable.  Move as many as possible to Suggests and
use conditionally.
* checking if this is a source package ... OK
* checking if there is a namespace ... OK
* checking for hidden files and directories ... OK
* checking for portable file names ... OK
* checking for sufficient/correct file permissions ... OK
* checking whether package ‘ILoReg’ can be installed ... WARNING
Found the following significant warnings:
  Warning: replacing previous import ‘Matrix::det’ by ‘SparseM::det’ when loading ‘ILoReg’
See ‘/Users/biocbuild/bbs-3.22-bioc/meat/ILoReg.Rcheck/00install.out’ for details.
* checking installed package size ... OK
* checking package directory ... OK
* checking ‘build’ directory ... OK
* checking DESCRIPTION meta-information ... OK
* checking top-level files ... OK
* checking for left-over files ... OK
* checking index information ... OK
* checking package subdirectories ... OK
* checking code files for non-ASCII characters ... OK
* checking R files for syntax errors ... OK
* checking whether the package can be loaded ... OK
* checking whether the package can be loaded with stated dependencies ... OK
* checking whether the package can be unloaded cleanly ... OK
* checking whether the namespace can be loaded with stated dependencies ... OK
* checking whether the namespace can be unloaded cleanly ... OK
* checking dependencies in R code ... OK
* checking S3 generic/method consistency ... OK
* checking replacement functions ... OK
* checking foreign function calls ... OK
* checking R code for possible problems ... OK
* checking Rd files ... OK
* checking Rd metadata ... OK
* checking Rd cross-references ... OK
* checking for missing documentation entries ... OK
* checking for code/documentation mismatches ... WARNING
Codoc mismatches from Rd file 'FindAllGeneMarkers.Rd':
FindAllGeneMarkers.SingleCellExperiment
  Code: function(object, clustering.type, test, log2fc.threshold,
                 min.pct, min.diff.pct, min.cells.group,
                 max.cells.per.cluster, return.thresh, only.pos)
  Docs: function(object, clustering.type, test, log2fc.threshold,
                 min.pct, min.diff.pct, min.cells.group,
                 max.cells.per.cluster, pseudocount.use, return.thresh,
                 only.pos)
  Argument names in docs not in code:
    pseudocount.use
  Mismatches in argument names:
    Position: 9 Code: return.thresh Docs: pseudocount.use
    Position: 10 Code: only.pos Docs: return.thresh
\S4method{FindAllGeneMarkers}{SingleCellExperiment}
  Code: function(object, clustering.type = "manual", test = "wilcox",
                 log2fc.threshold = 0.25, min.pct = 0.1, min.diff.pct =
                 NULL, min.cells.group = 3, max.cells.per.cluster =
                 NULL, return.thresh = 0.01, only.pos = FALSE)
  Docs: function(object, clustering.type = "manual", test = "wilcox",
                 log2fc.threshold = 0.25, min.pct = 0.1, min.diff.pct =
                 NULL, min.cells.group = 3, max.cells.per.cluster =
                 NULL, pseudocount.use = 1, return.thresh = 0.01,
                 only.pos = FALSE)
  Argument names in docs not in code:
    pseudocount.use
  Mismatches in argument names:
    Position: 9 Code: return.thresh Docs: pseudocount.use
    Position: 10 Code: only.pos Docs: return.thresh

Codoc mismatches from Rd file 'FindGeneMarkers.Rd':
FindGeneMarkers.SingleCellExperiment
  Code: function(object, clusters.1, clusters.2, clustering.type, test,
                 logfc.threshold, min.pct, min.diff.pct,
                 min.cells.group, max.cells.per.cluster, return.thresh,
                 only.pos)
  Docs: function(object, clusters.1, clusters.2, clustering.type, test,
                 logfc.threshold, min.pct, min.diff.pct,
                 min.cells.group, max.cells.per.cluster,
                 pseudocount.use, return.thresh, only.pos)
  Argument names in docs not in code:
    pseudocount.use
  Mismatches in argument names:
    Position: 11 Code: return.thresh Docs: pseudocount.use
    Position: 12 Code: only.pos Docs: return.thresh
\S4method{FindGeneMarkers}{SingleCellExperiment}
  Code: function(object, clusters.1 = NULL, clusters.2 = NULL,
                 clustering.type = "", test = "wilcox", logfc.threshold
                 = 0.25, min.pct = 0.1, min.diff.pct = NULL,
                 min.cells.group = 3, max.cells.per.cluster = NULL,
                 return.thresh = 0.01, only.pos = FALSE)
  Docs: function(object, clusters.1 = NULL, clusters.2 = NULL,
                 clustering.type = "", test = "wilcox", logfc.threshold
                 = 0.25, min.pct = 0.1, min.diff.pct = NULL,
                 min.cells.group = 3, max.cells.per.cluster = NULL,
                 pseudocount.use = 1, return.thresh = 0.01, only.pos =
                 FALSE)
  Argument names in docs not in code:
    pseudocount.use
  Mismatches in argument names:
    Position: 11 Code: return.thresh Docs: pseudocount.use
    Position: 12 Code: only.pos Docs: return.thresh

Codoc mismatches from Rd file 'RunICP.Rd':
RunICP
  Code: function(normalized.data = NULL, k = 15, d = 0.3, r = 5, C = 5,
                 reg.type = "L1", max.iter = 200, icp.batch.size = Inf)
  Docs: function(normalized.data = NULL, k = 15, d = 0.3, r = 5, C = 5,
                 reg.type = "L1", max.iter = 200)
  Argument names in code not in docs:
    icp.batch.size

Codoc mismatches from Rd file 'RunParallelICP.Rd':
RunParallelICP.SingleCellExperiment
  Code: function(object, k, d, L, r, C, reg.type, max.iter, threads,
                 icp.batch.size)
  Docs: function(object, k, d, L, r, C, reg.type, max.iter, threads)
  Argument names in code not in docs:
    icp.batch.size
\S4method{RunParallelICP}{SingleCellExperiment}
  Code: function(object, k = 15, d = 0.3, L = 200, r = 5, C = 0.3,
                 reg.type = "L1", max.iter = 200, threads = 0,
                 icp.batch.size = Inf)
  Docs: function(object, k = 15, d = 0.3, L = 200, r = 5, C = 0.3,
                 reg.type = "L1", max.iter = 200, threads = 0)
  Argument names in code not in docs:
    icp.batch.size

* checking Rd \usage sections ... OK
* checking Rd contents ... OK
* checking for unstated dependencies in examples ... OK
* checking contents of ‘data’ directory ... OK
* checking data for non-ASCII characters ... OK
* checking LazyData ... OK
* checking data for ASCII and uncompressed saves ... OK
* checking files in ‘vignettes’ ... OK
* checking examples ... OK
Examples with CPU (user + system) or elapsed time > 5s
                        user system elapsed
FindAllGeneMarkers    15.317  1.175  16.609
SelectTopGenes        12.931  1.287  14.340
ClusteringScatterPlot 10.404  0.893  11.378
GeneHeatmap            8.599  0.999   9.707
AnnotationScatterPlot  8.391  0.811   9.319
GeneScatterPlot        7.873  0.847   8.813
RunUMAP                6.329  0.995   7.405
FindGeneMarkers        5.839  0.886   6.802
CalcSilhInfo           5.618  0.759   6.446
SilhouetteCurve        4.653  1.005   5.713
VlnPlot                4.770  0.877   5.700
RunTSNE                4.382  0.831   5.289
* checking for unstated dependencies in vignettes ... OK
* checking package vignettes ... OK
* checking running R code from vignettes ... SKIPPED
* checking re-building of vignette outputs ... SKIPPED
* checking PDF version of manual ... OK
* DONE

Status: 2 WARNINGs
See
  ‘/Users/biocbuild/bbs-3.22-bioc/meat/ILoReg.Rcheck/00check.log’
for details.


Installation output

ILoReg.Rcheck/00install.out

##############################################################################
##############################################################################
###
### Running command:
###
###   /Library/Frameworks/R.framework/Resources/bin/R CMD INSTALL ILoReg
###
##############################################################################
##############################################################################


* installing to library ‘/Library/Frameworks/R.framework/Versions/4.5-x86_64/Resources/library’
* installing *source* package ‘ILoReg’ ...
** this is package ‘ILoReg’ version ‘1.20.0’
** using staged installation
** R
** data
*** moving datasets to lazyload DB
** inst
** byte-compile and prepare package for lazy loading
Warning: replacing previous import ‘Matrix::det’ by ‘SparseM::det’ when loading ‘ILoReg’
** help
*** installing help indices
** building package indices
** installing vignettes
** testing if installed package can be loaded from temporary location
Warning: replacing previous import ‘Matrix::det’ by ‘SparseM::det’ when loading ‘ILoReg’
** testing if installed package can be loaded from final location
Warning: replacing previous import ‘Matrix::det’ by ‘SparseM::det’ when loading ‘ILoReg’
** testing if installed package keeps a record of temporary installation path
* DONE (ILoReg)

Tests output


Example timings

ILoReg.Rcheck/ILoReg-Ex.timings

nameusersystemelapsed
AnnotationScatterPlot8.3910.8119.319
CalcSilhInfo5.6180.7596.446
ClusteringScatterPlot10.404 0.89311.378
FindAllGeneMarkers15.317 1.17516.609
FindGeneMarkers5.8390.8866.802
GeneHeatmap8.5990.9999.707
GeneScatterPlot7.8730.8478.813
HierarchicalClustering3.2160.6663.907
MergeClusters3.9370.6814.659
PCAElbowPlot3.5190.7194.275
PrepareILoReg0.3820.0180.402
RenameAllClusters4.0060.7784.835
RenameCluster3.2630.7884.080
RunPCA3.9270.7934.751
RunParallelICP3.2610.7484.050
RunTSNE4.3820.8315.289
RunUMAP6.3290.9957.405
SelectKClusters3.5060.7964.377
SelectTopGenes12.931 1.28714.340
SilhouetteCurve4.6531.0055.713
VlnPlot4.7700.8775.700
pbmc3k_5000.0020.0020.003