| Back to Multiple platform build/check report for BioC 3.21: simplified long |
|
This page was generated on 2025-10-16 11:39 -0400 (Thu, 16 Oct 2025).
| Hostname | OS | Arch (*) | R version | Installed pkgs |
|---|---|---|---|---|
| nebbiolo1 | Linux (Ubuntu 24.04.3 LTS) | x86_64 | 4.5.1 (2025-06-13) -- "Great Square Root" | 4833 |
| merida1 | macOS 12.7.6 Monterey | x86_64 | 4.5.1 RC (2025-06-05 r88288) -- "Great Square Root" | 4614 |
| kjohnson1 | macOS 13.7.5 Ventura | arm64 | 4.5.1 Patched (2025-06-14 r88325) -- "Great Square Root" | 4555 |
| kunpeng2 | Linux (openEuler 24.03 LTS) | aarch64 | R Under development (unstable) (2025-02-19 r87757) -- "Unsuffered Consequences" | 4586 |
| Click on any hostname to see more info about the system (e.g. compilers) (*) as reported by 'uname -p', except on Windows and Mac OS X | ||||
| Package 726/2341 | Hostname | OS / Arch | INSTALL | BUILD | CHECK | BUILD BIN | ||||||||
| FGNet 3.42.0 (landing page) Sara Aibar
| nebbiolo1 | Linux (Ubuntu 24.04.3 LTS) / x86_64 | OK | OK | WARNINGS | |||||||||
| merida1 | macOS 12.7.6 Monterey / x86_64 | OK | OK | WARNINGS | OK | |||||||||
| kjohnson1 | macOS 13.7.5 Ventura / arm64 | OK | OK | WARNINGS | OK | |||||||||
| kunpeng2 | Linux (openEuler 24.03 LTS) / aarch64 | OK | OK | WARNINGS | ||||||||||
|
To the developers/maintainers of the FGNet package: - Allow up to 24 hours (and sometimes 48 hours) for your latest push to git@git.bioconductor.org:packages/FGNet.git to reflect on this report. See Troubleshooting Build Report for more information. - Use the following Renviron settings to reproduce errors and warnings. - If 'R CMD check' started to fail recently on the Linux builder(s) over a missing dependency, add the missing dependency to 'Suggests:' in your DESCRIPTION file. See Renviron.bioc for more information. |
| Package: FGNet |
| Version: 3.42.0 |
| Command: /Library/Frameworks/R.framework/Resources/bin/R CMD check --install=check:FGNet.install-out.txt --library=/Library/Frameworks/R.framework/Resources/library --no-vignettes --timings FGNet_3.42.0.tar.gz |
| StartedAt: 2025-10-14 03:48:06 -0400 (Tue, 14 Oct 2025) |
| EndedAt: 2025-10-14 03:50:20 -0400 (Tue, 14 Oct 2025) |
| EllapsedTime: 134.1 seconds |
| RetCode: 0 |
| Status: WARNINGS |
| CheckDir: FGNet.Rcheck |
| Warnings: 1 |
##############################################################################
##############################################################################
###
### Running command:
###
### /Library/Frameworks/R.framework/Resources/bin/R CMD check --install=check:FGNet.install-out.txt --library=/Library/Frameworks/R.framework/Resources/library --no-vignettes --timings FGNet_3.42.0.tar.gz
###
##############################################################################
##############################################################################
* using log directory ‘/Users/biocbuild/bbs-3.21-bioc/meat/FGNet.Rcheck’
* using R version 4.5.1 RC (2025-06-05 r88288)
* using platform: x86_64-apple-darwin20
* R was compiled by
Apple clang version 14.0.0 (clang-1400.0.29.202)
GNU Fortran (GCC) 14.2.0
* running under: macOS Monterey 12.7.6
* using session charset: UTF-8
* using option ‘--no-vignettes’
* checking for file ‘FGNet/DESCRIPTION’ ... OK
* checking extension type ... Package
* this is package ‘FGNet’ version ‘3.42.0’
* checking package namespace information ... OK
* checking package dependencies ... OK
* checking if this is a source package ... OK
* checking if there is a namespace ... OK
* checking for hidden files and directories ... OK
* checking for portable file names ... OK
* checking for sufficient/correct file permissions ... OK
* checking whether package ‘FGNet’ can be installed ... OK
* checking installed package size ... OK
* checking package directory ... OK
* checking ‘build’ directory ... OK
* checking DESCRIPTION meta-information ... OK
* checking top-level files ... OK
* checking for left-over files ... OK
* checking index information ... OK
* checking package subdirectories ... OK
* checking code files for non-ASCII characters ... OK
* checking R files for syntax errors ... OK
* checking whether the package can be loaded ... OK
* checking whether the package can be loaded with stated dependencies ... OK
* checking whether the package can be unloaded cleanly ... OK
* checking whether the namespace can be loaded with stated dependencies ... OK
* checking whether the namespace can be unloaded cleanly ... OK
* checking dependencies in R code ... WARNING
'::' or ':::' import not declared from: ‘RGtk2’
* checking S3 generic/method consistency ... OK
* checking replacement functions ... OK
* checking foreign function calls ... OK
* checking R code for possible problems ... NOTE
buildGeneSets: no visible global function definition for ‘columns’
buildGeneSets: no visible binding for global variable ‘GO.db’
buildGeneSets: no visible binding for global variable
‘reactomePATHID2NAME’
fea_gage: no visible global function definition for ‘exprs’
fea_gage: no visible global function definition for ‘gage’
fea_gage: no visible global function definition for ‘esset.grp’
fea_gtLinker_getResults: no visible global function definition for
‘url.exists’
fea_topGO: no visible global function definition for ‘groupGOTerms’
fea_topGO: no visible binding for global variable ‘annFUN.gene2GO’
fea_topGO: no visible global function definition for ‘getSigGroups’
fea_topGO: no visible global function definition for ‘GenTable’
fea_topGO : <anonymous>: no visible global function definition for
‘genesInTerm’
fea_topGO : <anonymous>: no visible global function definition for
‘sigGenes’
formatResultsFile: no visible binding for global variable ‘rawResults’
format_david: no visible global function definition for ‘getURL’
plotGoAncestors : <anonymous>: no visible binding for global variable
‘GOTERM’
processFile: no visible binding for '<<-' assignment to ‘rawResults’
processFile: no visible binding for global variable ‘rawResults’
refList: no visible global function definition for ‘columns’
submitQuery: no visible global function definition for ‘readList’
tabFEA_fill: no visible binding for global variable ‘GtkShadowType’
tabFEA_fill: no visible global function definition for ‘gtkVBox’
tabFEA_fill: no visible global function definition for
‘pangoFontDescriptionFromString’
tabFEA_fill: no visible global function definition for
‘gtkFrameSetShadowType’
tabFEA_fill: no visible global function definition for ‘gtkEntryNew’
tabFEA_fill: no visible global function definition for ‘newDavidVars’
tabFEA_fill: no visible global function definition for ‘tabDavid_fill’
tabFEA_fill: no visible binding for '<<-' assignment to ‘rawResults’
tabFEA_fill: no visible global function definition for ‘gtkLabelNew’
tabGTL_fill: no visible binding for global variable ‘GtkShadowType’
tabGage_fill: no visible binding for global variable ‘GtkShadowType’
tabHelp_fill: no visible binding for global variable ‘GtkShadowType’
tabNetwork_common_fill: no visible binding for global variable
‘GtkShadowType’
tabNetwork_common_fill: no visible global function definition for
‘pangoFontDescriptionFromString’
tabNetwork_common_fill: no visible global function definition for
‘gSignalConnect’
tabNetwork_fill: no visible global function definition for
‘gtkLabelNew’
tabOther_fill: no visible binding for global variable ‘GtkShadowType’
tabOther_fill : <anonymous>: no visible binding for global variable
‘GtkShadowType’
tabPlotNetwork_fill: no visible binding for global variable
‘GtkShadowType’
tabSubNetwork_fill: no visible binding for global variable
‘GtkShadowType’
tabTopGo_fill: no visible binding for global variable ‘GtkShadowType’
tabTopGo_fill: no visible binding for global variable ‘evidenceScroll’
viewFile: no visible binding for global variable ‘rawResults’
Undefined global functions or variables:
GO.db GOTERM GenTable GtkShadowType annFUN.gene2GO columns esset.grp
evidenceScroll exprs gSignalConnect gage genesInTerm getSigGroups
getURL groupGOTerms gtkEntryNew gtkFrameSetShadowType gtkLabelNew
gtkVBox newDavidVars pangoFontDescriptionFromString rawResults
reactomePATHID2NAME readList sigGenes tabDavid_fill url.exists
* checking Rd files ... OK
* checking Rd metadata ... OK
* checking Rd cross-references ... OK
* checking for missing documentation entries ... OK
* checking for code/documentation mismatches ... OK
* checking Rd \usage sections ... OK
* checking Rd contents ... OK
* checking for unstated dependencies in examples ... OK
* checking contents of ‘data’ directory ... OK
* checking data for non-ASCII characters ... OK
* checking data for ASCII and uncompressed saves ... OK
* checking files in ‘vignettes’ ... OK
* checking examples ... OK
Examples with CPU (user + system) or elapsed time > 5s
user system elapsed
plotGoAncestors 13.274 1.535 16.95
* checking for unstated dependencies in ‘tests’ ... OK
* checking tests ...
Running ‘runTests.R’
OK
* checking for unstated dependencies in vignettes ... OK
* checking package vignettes ... OK
* checking running R code from vignettes ... SKIPPED
* checking re-building of vignette outputs ... SKIPPED
* checking PDF version of manual ... OK
* DONE
Status: 1 WARNING, 1 NOTE
See
‘/Users/biocbuild/bbs-3.21-bioc/meat/FGNet.Rcheck/00check.log’
for details.
FGNet.Rcheck/00install.out
############################################################################## ############################################################################## ### ### Running command: ### ### /Library/Frameworks/R.framework/Resources/bin/R CMD INSTALL FGNet ### ############################################################################## ############################################################################## * installing to library ‘/Library/Frameworks/R.framework/Versions/4.5-x86_64/Resources/library’ * installing *source* package ‘FGNet’ ... ** this is package ‘FGNet’ version ‘3.42.0’ ** using staged installation ** R ** data ** inst ** byte-compile and prepare package for lazy loading ** help *** installing help indices ** building package indices ** installing vignettes ** testing if installed package can be loaded from temporary location ** testing if installed package can be loaded from final location ** testing if installed package keeps a record of temporary installation path * DONE (FGNet)
FGNet.Rcheck/tests/runTests.Rout
R version 4.5.1 RC (2025-06-05 r88288) -- "Great Square Root"
Copyright (C) 2025 The R Foundation for Statistical Computing
Platform: x86_64-apple-darwin20
R is free software and comes with ABSOLUTELY NO WARRANTY.
You are welcome to redistribute it under certain conditions.
Type 'license()' or 'licence()' for distribution details.
R is a collaborative project with many contributors.
Type 'contributors()' for more information and
'citation()' on how to cite R or R packages in publications.
Type 'demo()' for some demos, 'help()' for on-line help, or
'help.start()' for an HTML browser interface to help.
Type 'q()' to quit R.
> BiocGenerics:::testPackage("FGNet")
RUNIT TEST PROTOCOL -- Tue Oct 14 03:50:00 2025
***********************************************
Number of test functions: 1
Number of errors: 0
Number of failures: 0
1 Test Suite :
FGNet RUnit Tests - 1 test function, 0 errors, 0 failures
Number of test functions: 1
Number of errors: 0
Number of failures: 0
>
> proc.time()
user system elapsed
2.096 0.244 2.574
FGNet.Rcheck/FGNet-Ex.timings
| name | user | system | elapsed | |
| FGNet-package | 0.000 | 0.002 | 0.002 | |
| FGNet_GUI | 0.001 | 0.001 | 0.001 | |
| FGNet_report | 0.001 | 0.002 | 0.004 | |
| analyzeNetwork | 0.000 | 0.001 | 0.001 | |
| clustersDistance | 0.000 | 0.000 | 0.002 | |
| fea2incidMat | 0.001 | 0.001 | 0.002 | |
| fea_gage | 0.000 | 0.001 | 0.001 | |
| fea_gtLinker | 0.001 | 0.001 | 0.001 | |
| fea_topGO | 0.000 | 0.001 | 0.002 | |
| format_david | 2.131 | 0.134 | 2.616 | |
| format_results | 0.001 | 0.000 | 0.000 | |
| functionalNetwork | 0.001 | 0.001 | 0.002 | |
| getTerms | 0.001 | 0.000 | 0.001 | |
| keywordsTerm | 0.000 | 0.001 | 0.001 | |
| plotGoAncestors | 13.274 | 1.535 | 16.950 | |