| Back to Multiple platform build/check report for BioC 3.21: simplified long |
|
This page was generated on 2025-10-16 11:40 -0400 (Thu, 16 Oct 2025).
| Hostname | OS | Arch (*) | R version | Installed pkgs |
|---|---|---|---|---|
| nebbiolo1 | Linux (Ubuntu 24.04.3 LTS) | x86_64 | 4.5.1 (2025-06-13) -- "Great Square Root" | 4833 |
| merida1 | macOS 12.7.6 Monterey | x86_64 | 4.5.1 RC (2025-06-05 r88288) -- "Great Square Root" | 4614 |
| kjohnson1 | macOS 13.7.5 Ventura | arm64 | 4.5.1 Patched (2025-06-14 r88325) -- "Great Square Root" | 4555 |
| kunpeng2 | Linux (openEuler 24.03 LTS) | aarch64 | R Under development (unstable) (2025-02-19 r87757) -- "Unsuffered Consequences" | 4586 |
| Click on any hostname to see more info about the system (e.g. compilers) (*) as reported by 'uname -p', except on Windows and Mac OS X | ||||
| Package 542/2341 | Hostname | OS / Arch | INSTALL | BUILD | CHECK | BUILD BIN | ||||||||
| DEGreport 1.44.0 (landing page) Lorena Pantano
| nebbiolo1 | Linux (Ubuntu 24.04.3 LTS) / x86_64 | OK | ERROR | skipped | |||||||||
| merida1 | macOS 12.7.6 Monterey / x86_64 | OK | ERROR | skipped | skipped | |||||||||
| kjohnson1 | macOS 13.7.5 Ventura / arm64 | OK | ERROR | skipped | skipped | |||||||||
| kunpeng2 | Linux (openEuler 24.03 LTS) / aarch64 | OK | ERROR | skipped | ||||||||||
|
To the developers/maintainers of the DEGreport package: - Allow up to 24 hours (and sometimes 48 hours) for your latest push to git@git.bioconductor.org:packages/DEGreport.git to reflect on this report. See Troubleshooting Build Report for more information. - Use the following Renviron settings to reproduce errors and warnings. - If 'R CMD check' started to fail recently on the Linux builder(s) over a missing dependency, add the missing dependency to 'Suggests:' in your DESCRIPTION file. See Renviron.bioc for more information. |
| Package: DEGreport |
| Version: 1.44.0 |
| Command: /Library/Frameworks/R.framework/Resources/bin/R CMD build --keep-empty-dirs --no-resave-data DEGreport |
| StartedAt: 2025-10-13 22:54:48 -0400 (Mon, 13 Oct 2025) |
| EndedAt: 2025-10-13 22:55:44 -0400 (Mon, 13 Oct 2025) |
| EllapsedTime: 56.2 seconds |
| RetCode: 1 |
| Status: ERROR |
| PackageFile: None |
| PackageFileSize: NA |
##############################################################################
##############################################################################
###
### Running command:
###
### /Library/Frameworks/R.framework/Resources/bin/R CMD build --keep-empty-dirs --no-resave-data DEGreport
###
##############################################################################
##############################################################################
* checking for file ‘DEGreport/DESCRIPTION’ ... OK
* preparing ‘DEGreport’:
* checking DESCRIPTION meta-information ... OK
* installing the package to build vignettes
* creating vignettes ... ERROR
--- re-building ‘DEGreport.Rmd’ using rmarkdown
2025-10-13 22:55:43.333 R[51338:453422799] XType: Using static font registry.
Quitting from DEGreport.Rmd:93-95 [qc]
~~~~~~~~~~~~~~~~~~~~~~~~~~~~~~~~~~~~~~~~~~~~~~~~~~~~~~~~~~~~~~~~~~~~~~~~~~~~~~~~
<error/rlang_error>
Error:
! <ggplot2::labels> object is invalid:
- every label must be named.
---
Backtrace:
▆
1. └─DEGreport::degQC(counts, design[["group"]], pvalue = res[["pvalue"]])
2. └─DEGreport::degMean(pvalue, counts)
3. └─ggplot2::labs(list(x = "p-values", y = "# genes"))
4. └─ggplot2::class_labels(args)
5. └─S7::new_object(labels)
6. └─S7::validate(object, recursive = !parent_validated)
~~~~~~~~~~~~~~~~~~~~~~~~~~~~~~~~~~~~~~~~~~~~~~~~~~~~~~~~~~~~~~~~~~~~~~~~~~~~~~~~
Error: processing vignette 'DEGreport.Rmd' failed with diagnostics:
<ggplot2::labels> object is invalid:
- every label must be named.
--- failed re-building ‘DEGreport.Rmd’
SUMMARY: processing the following file failed:
‘DEGreport.Rmd’
Error: Vignette re-building failed.
Execution halted