| Back to Multiple platform build/check report for BioC 3.22: simplified long | 
  | 
This page was generated on 2025-11-03 12:04 -0500 (Mon, 03 Nov 2025).
| Hostname | OS | Arch (*) | R version | Installed pkgs | 
|---|---|---|---|---|
| nebbiolo2 | Linux (Ubuntu 24.04.3 LTS) | x86_64 | 4.5.1 Patched (2025-08-23 r88802) -- "Great Square Root" | 4902 | 
| lconway | macOS 12.7.6 Monterey | x86_64 | 4.5.1 Patched (2025-09-10 r88807) -- "Great Square Root" | 4692 | 
| kjohnson3 | macOS 13.7.7 Ventura | arm64 | 4.5.1 Patched (2025-09-10 r88807) -- "Great Square Root" | 4638 | 
| Click on any hostname to see more info about the system (e.g. compilers) (*) as reported by 'uname -p', except on Windows and Mac OS X | ||||
| Package 362/2361 | Hostname | OS / Arch | INSTALL | BUILD | CHECK | BUILD BIN | ||||||||
| ChromSCape 1.20.0  (landing page) Pacome Prompsy 
  | nebbiolo2 | Linux (Ubuntu 24.04.3 LTS) / x86_64 | OK | OK | WARNINGS | |||||||||
| lconway | macOS 12.7.6 Monterey / x86_64 | OK | OK | WARNINGS | OK | |||||||||
| kjohnson3 | macOS 13.7.7 Ventura / arm64 | OK | OK | WARNINGS | OK | |||||||||
| 
To the developers/maintainers of the ChromSCape package: - Allow up to 24 hours (and sometimes 48 hours) for your latest push to git@git.bioconductor.org:packages/ChromSCape.git to reflect on this report. See Troubleshooting Build Report for more information. - Use the following Renviron settings to reproduce errors and warnings. - If 'R CMD check' started to fail recently on the Linux builder(s) over a missing dependency, add the missing dependency to 'Suggests:' in your DESCRIPTION file. See Renviron.bioc for more information.  | 
| Package: ChromSCape | 
| Version: 1.20.0 | 
| Command: /Library/Frameworks/R.framework/Resources/bin/R CMD check --install=check:ChromSCape.install-out.txt --library=/Library/Frameworks/R.framework/Resources/library --no-vignettes --timings ChromSCape_1.20.0.tar.gz | 
| StartedAt: 2025-11-02 18:58:25 -0500 (Sun, 02 Nov 2025) | 
| EndedAt: 2025-11-02 19:03:30 -0500 (Sun, 02 Nov 2025) | 
| EllapsedTime: 305.8 seconds | 
| RetCode: 0 | 
| Status: WARNINGS | 
| CheckDir: ChromSCape.Rcheck | 
| Warnings: 1 | 
##############################################################################
##############################################################################
###
### Running command:
###
###   /Library/Frameworks/R.framework/Resources/bin/R CMD check --install=check:ChromSCape.install-out.txt --library=/Library/Frameworks/R.framework/Resources/library --no-vignettes --timings ChromSCape_1.20.0.tar.gz
###
##############################################################################
##############################################################################
* using log directory ‘/Users/biocbuild/bbs-3.22-bioc/meat/ChromSCape.Rcheck’
* using R version 4.5.1 Patched (2025-09-10 r88807)
* using platform: aarch64-apple-darwin20
* R was compiled by
    Apple clang version 16.0.0 (clang-1600.0.26.6)
    GNU Fortran (GCC) 14.2.0
* running under: macOS Ventura 13.7.7
* using session charset: UTF-8
* using option ‘--no-vignettes’
* checking for file ‘ChromSCape/DESCRIPTION’ ... OK
* this is package ‘ChromSCape’ version ‘1.20.0’
* package encoding: UTF-8
* checking package namespace information ... OK
* checking package dependencies ... INFO
Imports includes 51 non-default packages.
Importing from so many packages makes the package vulnerable to any of
them becoming unavailable.  Move as many as possible to Suggests and
use conditionally.
* checking if this is a source package ... OK
* checking if there is a namespace ... OK
* checking for hidden files and directories ... NOTE
Found the following hidden files and directories:
  .BBSoptions
These were most likely included in error. See section ‘Package
structure’ in the ‘Writing R Extensions’ manual.
* checking for portable file names ... OK
* checking for sufficient/correct file permissions ... OK
* checking whether package ‘ChromSCape’ can be installed ... OK
* used C++ compiler: ‘Apple clang version 15.0.0 (clang-1500.1.0.2.5)’
* used SDK: ‘MacOSX11.3.1.sdk’
* checking installed package size ... OK
* checking package directory ... OK
* checking ‘build’ directory ... OK
* checking DESCRIPTION meta-information ... OK
* checking top-level files ... OK
* checking for left-over files ... OK
* checking index information ... OK
* checking package subdirectories ... OK
* checking code files for non-ASCII characters ... OK
* checking R files for syntax errors ... OK
* checking whether the package can be loaded ... OK
* checking whether the package can be loaded with stated dependencies ... OK
* checking whether the package can be unloaded cleanly ... OK
* checking whether the namespace can be loaded with stated dependencies ... OK
* checking whether the namespace can be unloaded cleanly ... OK
* checking whether startup messages can be suppressed ... OK
* checking dependencies in R code ... WARNING
'loadNamespace' or 'requireNamespace' call not declared from: ‘flexdashboard’
* checking S3 generic/method consistency ... OK
* checking replacement functions ... OK
* checking foreign function calls ... OK
* checking R code for possible problems ... NOTE
bams_to_matrix_indexes: no visible binding for global variable
  ‘files_dir_list’
enrich_TF_ChEA3_genes: no visible binding for global variable
  ‘CheA3_TF_nTargets’
filter_correlated_cell_scExp: no visible binding for global variable
  ‘run_tsne’
generate_analysis: no visible global function definition for ‘head’
generate_analysis: no visible binding for global variable ‘k’
generate_analysis: no visible binding for global variable
  ‘clusterConsensus’
get_most_variable_cyto: no visible binding for global variable
  ‘cytoBand’
get_most_variable_cyto: no visible binding for global variable
  ‘Fri_cyto’
num_cell_after_QC_filt_scExp: no visible binding for global variable
  ‘sample_id’
num_cell_after_QC_filt_scExp: no visible binding for global variable
  ‘total_counts’
num_cell_scExp: no visible binding for global variable ‘sample_id’
num_cell_scExp: no visible binding for global variable ‘total_counts’
plot_correlation_PCA_scExp: no visible binding for global variable
  ‘Component’
plot_coverage_BigWig: no visible binding for global variable ‘molecule’
plot_coverage_BigWig: no visible binding for global variable
  ‘orientation’
plot_coverage_BigWig: no visible binding for global variable ‘Gene’
plot_gain_or_loss_barplots: no visible binding for global variable
  ‘Gain_or_Loss’
plot_gain_or_loss_barplots: no visible binding for global variable
  ‘ncells’
plot_gain_or_loss_barplots: no visible binding for global variable
  ‘cytoBand’
plot_most_contributing_features: no visible binding for global variable
  ‘genes’
plot_percent_active_feature_scExp: no visible binding for global
  variable ‘group’
plot_percent_active_feature_scExp: no visible binding for global
  variable ‘percent_active’
plot_pie_most_contributing_chr: no visible binding for global variable
  ‘absolute_value’
plot_reduced_dim_scExp: no visible binding for global variable ‘V1’
plot_reduced_dim_scExp: no visible binding for global variable ‘V2’
plot_reduced_dim_scExp: no visible binding for global variable
  ‘cluster’
plot_top_TF_scExp: no visible binding for global variable ‘TF’
rebin_helper: no visible binding for global variable ‘new_row’
rebin_helper: no visible binding for global variable ‘origin_value’
rebin_matrix: no visible binding for global variable ‘group’
subset_bam_call_peaks: no visible binding for global variable
  ‘merged_bam’
Undefined global functions or variables:
  CheA3_TF_nTargets Component Fri_cyto Gain_or_Loss Gene TF V1 V2
  absolute_value cluster clusterConsensus cytoBand files_dir_list genes
  group head k merged_bam molecule ncells new_row orientation
  origin_value percent_active run_tsne sample_id total_counts
Consider adding
  importFrom("utils", "head")
to your NAMESPACE file.
* checking Rd files ... OK
* checking Rd metadata ... OK
* checking Rd cross-references ... OK
* checking for missing documentation entries ... OK
* checking for code/documentation mismatches ... OK
* checking Rd \usage sections ... OK
* checking Rd contents ... OK
* checking for unstated dependencies in examples ... OK
* checking contents of ‘data’ directory ... OK
* checking data for non-ASCII characters ... OK
* checking data for ASCII and uncompressed saves ... OK
* checking line endings in C/C++/Fortran sources/headers ... OK
* checking compiled code ... NOTE
Note: information on .o files is not available
* checking files in ‘vignettes’ ... OK
* checking examples ... OK
Examples with CPU (user + system) or elapsed time > 5s
                                user system elapsed
get_pathway_mat_scExp         27.956  1.402  30.213
plot_gain_or_loss_barplots    15.159  0.187  15.588
calculate_CNA                  7.060  0.807   7.940
plot_reduced_dim_scExp_CNA     7.325  0.064   7.399
calculate_logRatio_CNA         7.014  0.298   7.364
calculate_cyto_mat             6.581  0.199   6.825
calculate_gain_or_loss         6.569  0.197   6.775
get_most_variable_cyto         6.386  0.082   6.494
num_cell_after_cor_filt_scExp  5.816  0.024   6.440
get_cyto_features              5.520  0.059   5.594
rebin_matrix                   3.395  0.018   9.790
enrich_TF_ChEA3_scExp          0.418  0.045   5.128
* checking for unstated dependencies in ‘tests’ ... OK
* checking tests ...
  Running ‘testthat.R’
 OK
* checking for unstated dependencies in vignettes ... OK
* checking package vignettes ... OK
* checking running R code from vignettes ... SKIPPED
* checking re-building of vignette outputs ... SKIPPED
* checking PDF version of manual ... OK
* DONE
Status: 1 WARNING, 3 NOTEs
See
  ‘/Users/biocbuild/bbs-3.22-bioc/meat/ChromSCape.Rcheck/00check.log’
for details.
ChromSCape.Rcheck/00install.out
############################################################################## ############################################################################## ### ### Running command: ### ### /Library/Frameworks/R.framework/Resources/bin/R CMD INSTALL ChromSCape ### ############################################################################## ############################################################################## * installing to library ‘/Library/Frameworks/R.framework/Versions/4.5-arm64/Resources/library’ * installing *source* package ‘ChromSCape’ ... ** this is package ‘ChromSCape’ version ‘1.20.0’ ** using staged installation ** libs using C++ compiler: ‘Apple clang version 15.0.0 (clang-1500.1.0.2.5)’ using SDK: ‘MacOSX11.3.1.sdk’ clang++ -arch arm64 -std=gnu++17 -I"/Library/Frameworks/R.framework/Resources/include" -DNDEBUG -I'/Library/Frameworks/R.framework/Versions/4.5-arm64/Resources/library/Rcpp/include' -I/opt/R/arm64/include -fPIC -falign-functions=64 -Wall -g -O2 -c RcppExports.cpp -o RcppExports.o clang++ -arch arm64 -std=gnu++17 -I"/Library/Frameworks/R.framework/Resources/include" -DNDEBUG -I'/Library/Frameworks/R.framework/Versions/4.5-arm64/Resources/library/Rcpp/include' -I/opt/R/arm64/include -fPIC -falign-functions=64 -Wall -g -O2 -c as_dist.cpp -o as_dist.o clang++ -arch arm64 -std=gnu++17 -dynamiclib -Wl,-headerpad_max_install_names -undefined dynamic_lookup -L/Library/Frameworks/R.framework/Resources/lib -L/opt/R/arm64/lib -o ChromSCape.so RcppExports.o as_dist.o -F/Library/Frameworks/R.framework/.. -framework R installing to /Library/Frameworks/R.framework/Versions/4.5-arm64/Resources/library/00LOCK-ChromSCape/00new/ChromSCape/libs ** R ** data ** inst ** byte-compile and prepare package for lazy loading ** help *** installing help indices ** building package indices ** installing vignettes ** testing if installed package can be loaded from temporary location ** checking absolute paths in shared objects and dynamic libraries ** testing if installed package can be loaded from final location ** testing if installed package keeps a record of temporary installation path * DONE (ChromSCape)
ChromSCape.Rcheck/tests/testthat.Rout
R version 4.5.1 Patched (2025-09-10 r88807) -- "Great Square Root"
Copyright (C) 2025 The R Foundation for Statistical Computing
Platform: aarch64-apple-darwin20
R is free software and comes with ABSOLUTELY NO WARRANTY.
You are welcome to redistribute it under certain conditions.
Type 'license()' or 'licence()' for distribution details.
R is a collaborative project with many contributors.
Type 'contributors()' for more information and
'citation()' on how to cite R or R packages in publications.
Type 'demo()' for some demos, 'help()' for on-line help, or
'help.start()' for an HTML browser interface to help.
Type 'q()' to quit R.
> library(testthat)
> library(ChromSCape)
> 
> test_check("ChromSCape")
[ FAIL 0 | WARN 2 | SKIP 0 | PASS 11 ]
[ FAIL 0 | WARN 2 | SKIP 0 | PASS 11 ]
> 
> proc.time()
   user  system elapsed 
 16.231   1.090  17.661 
ChromSCape.Rcheck/ChromSCape-Ex.timings
| name | user | system | elapsed | |
| CheA3_TF_nTargets | 0.002 | 0.000 | 0.004 | |
| CompareWilcox | 2.934 | 0.238 | 2.965 | |
| CompareedgeRGLM | 1.532 | 0.148 | 1.683 | |
| annotToCol2 | 0.313 | 0.036 | 0.351 | |
| calculate_CNA | 7.060 | 0.807 | 7.940 | |
| calculate_cyto_mat | 6.581 | 0.199 | 6.825 | |
| calculate_gain_or_loss | 6.569 | 0.197 | 6.775 | |
| calculate_logRatio_CNA | 7.014 | 0.298 | 7.364 | |
| choose_cluster_scExp | 1.298 | 0.281 | 1.595 | |
| colors_scExp | 0.121 | 0.007 | 0.128 | |
| consensus_clustering_scExp | 1.248 | 0.282 | 1.588 | |
| correlation_and_hierarchical_clust_scExp | 0.130 | 0.004 | 0.147 | |
| create_project_folder | 0.000 | 0.001 | 0.002 | |
| create_scDataset_raw | 2.968 | 0.227 | 3.213 | |
| create_scExp | 0.154 | 0.007 | 0.162 | |
| define_feature | 0.056 | 0.006 | 0.062 | |
| detect_samples | 0.500 | 0.015 | 0.515 | |
| differential_activation | 1.920 | 0.042 | 1.967 | |
| differential_analysis_scExp | 1.086 | 0.023 | 1.112 | |
| enrich_TF_ChEA3_genes | 0.206 | 0.052 | 1.686 | |
| enrich_TF_ChEA3_scExp | 0.418 | 0.045 | 5.128 | |
| exclude_features_scExp | 0.141 | 0.008 | 0.148 | |
| feature_annotation_scExp | 0.488 | 0.046 | 0.535 | |
| filter_correlated_cell_scExp | 4.626 | 0.030 | 4.699 | |
| filter_scExp | 0.167 | 0.006 | 0.173 | |
| find_clusters_louvain_scExp | 0.127 | 0.002 | 0.130 | |
| find_top_features | 0.140 | 0.009 | 0.150 | |
| gene_set_enrichment_analysis_scExp | 0.101 | 0.005 | 0.106 | |
| generate_analysis | 0 | 0 | 0 | |
| generate_coverage_tracks | 0 | 0 | 0 | |
| generate_report | 0 | 0 | 0 | |
| getExperimentNames | 0.104 | 0.002 | 0.108 | |
| getMainExperiment | 0.122 | 0.008 | 0.146 | |
| get_cyto_features | 5.520 | 0.059 | 5.594 | |
| get_genomic_coordinates | 0.124 | 0.005 | 0.129 | |
| get_most_variable_cyto | 6.386 | 0.082 | 6.494 | |
| get_pathway_mat_scExp | 27.956 | 1.402 | 30.213 | |
| has_genomic_coordinates | 0.218 | 0.019 | 0.257 | |
| import_scExp | 3.674 | 0.117 | 4.004 | |
| inter_correlation_scExp | 0.145 | 0.010 | 0.175 | |
| intra_correlation_scExp | 0.143 | 0.007 | 0.158 | |
| launchApp | 0 | 0 | 0 | |
| normalize_scExp | 0.142 | 0.015 | 0.177 | |
| num_cell_after_QC_filt_scExp | 0.142 | 0.008 | 0.164 | |
| num_cell_after_cor_filt_scExp | 5.816 | 0.024 | 6.440 | |
| num_cell_before_cor_filt_scExp | 0.098 | 0.003 | 0.109 | |
| num_cell_in_cluster_scExp | 0.154 | 0.005 | 0.166 | |
| num_cell_scExp | 0.120 | 0.005 | 0.130 | |
| plot_cluster_consensus_scExp | 0.376 | 0.024 | 0.496 | |
| plot_correlation_PCA_scExp | 0.426 | 0.015 | 0.474 | |
| plot_coverage_BigWig | 0.097 | 0.003 | 0.102 | |
| plot_differential_summary_scExp | 0.102 | 0.004 | 0.109 | |
| plot_differential_volcano_scExp | 0.125 | 0.005 | 0.151 | |
| plot_distribution_scExp | 0.179 | 0.003 | 0.232 | |
| plot_gain_or_loss_barplots | 15.159 | 0.187 | 15.588 | |
| plot_heatmap_scExp | 0.133 | 0.004 | 0.143 | |
| plot_inter_correlation_scExp | 0.239 | 0.004 | 0.257 | |
| plot_intra_correlation_scExp | 0.241 | 0.004 | 0.282 | |
| plot_most_contributing_features | 0.184 | 0.004 | 0.188 | |
| plot_percent_active_feature_scExp | 0.187 | 0.004 | 0.191 | |
| plot_pie_most_contributing_chr | 0.120 | 0.003 | 0.123 | |
| plot_reduced_dim_scExp | 0.546 | 0.007 | 0.554 | |
| plot_reduced_dim_scExp_CNA | 7.325 | 0.064 | 7.399 | |
| plot_top_TF_scExp | 0.229 | 0.011 | 0.240 | |
| plot_violin_feature_scExp | 0.245 | 0.012 | 0.257 | |
| preprocess_CPM | 0.131 | 0.012 | 0.142 | |
| preprocess_RPKM | 0.137 | 0.011 | 0.148 | |
| preprocess_TFIDF | 0.131 | 0.012 | 0.143 | |
| preprocess_TPM | 0.158 | 0.025 | 0.184 | |
| preprocess_feature_size_only | 0.126 | 0.012 | 0.138 | |
| preprocessing_filtering_and_reduction | 4.089 | 0.068 | 4.167 | |
| read_sparse_matrix | 0.000 | 0.000 | 0.001 | |
| rebin_matrix | 3.395 | 0.018 | 9.790 | |
| reduce_dims_scExp | 0.647 | 0.027 | 0.674 | |
| scExp | 0.377 | 0.016 | 0.395 | |
| subsample_scExp | 0.187 | 0.011 | 0.201 | |
| subset_bam_call_peaks | 0 | 0 | 0 | |
| summary_DA | 0.103 | 0.004 | 0.111 | |
| swapAltExp_sameColData | 0.128 | 0.006 | 0.136 | |
| table_enriched_genes_scExp | 0.100 | 0.005 | 0.120 | |
| wrapper_Signac_FeatureMatrix | 0 | 0 | 0 | |