| Back to Multiple platform build/check report for BioC 3.21: simplified long |
|
This page was generated on 2025-10-16 11:37 -0400 (Thu, 16 Oct 2025).
| Hostname | OS | Arch (*) | R version | Installed pkgs |
|---|---|---|---|---|
| nebbiolo1 | Linux (Ubuntu 24.04.3 LTS) | x86_64 | 4.5.1 (2025-06-13) -- "Great Square Root" | 4833 |
| merida1 | macOS 12.7.6 Monterey | x86_64 | 4.5.1 RC (2025-06-05 r88288) -- "Great Square Root" | 4614 |
| kjohnson1 | macOS 13.7.5 Ventura | arm64 | 4.5.1 Patched (2025-06-14 r88325) -- "Great Square Root" | 4555 |
| kunpeng2 | Linux (openEuler 24.03 LTS) | aarch64 | R Under development (unstable) (2025-02-19 r87757) -- "Unsuffered Consequences" | 4586 |
| Click on any hostname to see more info about the system (e.g. compilers) (*) as reported by 'uname -p', except on Windows and Mac OS X | ||||
| Package 431/2341 | Hostname | OS / Arch | INSTALL | BUILD | CHECK | BUILD BIN | ||||||||
| CONFESS 1.36.0 (landing page) Diana LOW
| nebbiolo1 | Linux (Ubuntu 24.04.3 LTS) / x86_64 | OK | OK | WARNINGS | |||||||||
| merida1 | macOS 12.7.6 Monterey / x86_64 | OK | OK | WARNINGS | OK | |||||||||
| kjohnson1 | macOS 13.7.5 Ventura / arm64 | OK | OK | WARNINGS | OK | |||||||||
| kunpeng2 | Linux (openEuler 24.03 LTS) / aarch64 | OK | OK | WARNINGS | ||||||||||
|
To the developers/maintainers of the CONFESS package: - Allow up to 24 hours (and sometimes 48 hours) for your latest push to git@git.bioconductor.org:packages/CONFESS.git to reflect on this report. See Troubleshooting Build Report for more information. - Use the following Renviron settings to reproduce errors and warnings. - If 'R CMD check' started to fail recently on the Linux builder(s) over a missing dependency, add the missing dependency to 'Suggests:' in your DESCRIPTION file. See Renviron.bioc for more information. |
| Package: CONFESS |
| Version: 1.36.0 |
| Command: /home/biocbuild/bbs-3.21-bioc/R/bin/R CMD check --install=check:CONFESS.install-out.txt --library=/home/biocbuild/bbs-3.21-bioc/R/site-library --timings CONFESS_1.36.0.tar.gz |
| StartedAt: 2025-10-15 22:00:16 -0400 (Wed, 15 Oct 2025) |
| EndedAt: 2025-10-15 22:09:19 -0400 (Wed, 15 Oct 2025) |
| EllapsedTime: 542.7 seconds |
| RetCode: 0 |
| Status: WARNINGS |
| CheckDir: CONFESS.Rcheck |
| Warnings: 1 |
##############################################################################
##############################################################################
###
### Running command:
###
### /home/biocbuild/bbs-3.21-bioc/R/bin/R CMD check --install=check:CONFESS.install-out.txt --library=/home/biocbuild/bbs-3.21-bioc/R/site-library --timings CONFESS_1.36.0.tar.gz
###
##############################################################################
##############################################################################
* using log directory ‘/home/biocbuild/bbs-3.21-bioc/meat/CONFESS.Rcheck’
* using R version 4.5.1 (2025-06-13)
* using platform: x86_64-pc-linux-gnu
* R was compiled by
gcc (Ubuntu 13.3.0-6ubuntu2~24.04) 13.3.0
GNU Fortran (Ubuntu 13.3.0-6ubuntu2~24.04) 13.3.0
* running under: Ubuntu 24.04.3 LTS
* using session charset: UTF-8
* checking for file ‘CONFESS/DESCRIPTION’ ... OK
* checking extension type ... Package
* this is package ‘CONFESS’ version ‘1.36.0’
* package encoding: UTF-8
* checking package namespace information ... OK
* checking package dependencies ... INFO
Imports includes 26 non-default packages.
Importing from so many packages makes the package vulnerable to any of
them becoming unavailable. Move as many as possible to Suggests and
use conditionally.
* checking if this is a source package ... OK
* checking if there is a namespace ... OK
* checking for hidden files and directories ... OK
* checking for portable file names ... OK
* checking for sufficient/correct file permissions ... OK
* checking whether package ‘CONFESS’ can be installed ... WARNING
Found the following significant warnings:
Warning: replacing previous import ‘stats::BIC’ by ‘flowMerge::BIC’ when loading ‘CONFESS’
See ‘/home/biocbuild/bbs-3.21-bioc/meat/CONFESS.Rcheck/00install.out’ for details.
* checking installed package size ... OK
* checking package directory ... OK
* checking ‘build’ directory ... OK
* checking DESCRIPTION meta-information ... OK
* checking top-level files ... OK
* checking for left-over files ... OK
* checking index information ... OK
* checking package subdirectories ... OK
* checking code files for non-ASCII characters ... OK
* checking R files for syntax errors ... OK
* checking whether the package can be loaded ... OK
* checking whether the package can be loaded with stated dependencies ... OK
* checking whether the package can be unloaded cleanly ... OK
* checking whether the namespace can be loaded with stated dependencies ... OK
* checking whether the namespace can be unloaded cleanly ... OK
* checking loading without being on the library search path ... OK
* checking dependencies in R code ... OK
* checking S3 generic/method consistency ... OK
* checking replacement functions ... OK
* checking foreign function calls ... OK
* checking R code for possible problems ... OK
* checking Rd files ... NOTE
checkRd: (-1) Fluo_CV_modeling.Rd:34: Lost braces
34 | Pseudotime(original) - median{Pseudotime(CV)} > pseudotime.cutoff. Default is 20.}
| ^
checkRd: (-1) reestimate.pseudos.byCV.Rd:22: Lost braces
22 | median{Pseudotime(CV)} > pseudotime.cutoff.}
| ^
checkRd: (-1) spotEstimator.Rd:56: Lost braces
56 | min{(X-medX, Y-medY)} > cutoff and min{(X*-medX, Y*-medY)} > cutoff, the sample's location is set to (medX, medY); (2) if
| ^
checkRd: (-1) spotEstimator.Rd:56: Lost braces
56 | min{(X-medX, Y-medY)} > cutoff and min{(X*-medX, Y*-medY)} > cutoff, the sample's location is set to (medX, medY); (2) if
| ^
checkRd: (-1) spotEstimator.Rd:57: Lost braces
57 | min{(X*-medX, Y*-medY)} <= cutoff, the sample's location is set to (X*, Y*); (3) if min{(X-medX, Y-medY)} <= cutoff and
| ^
checkRd: (-1) spotEstimator.Rd:57: Lost braces
57 | min{(X*-medX, Y*-medY)} <= cutoff, the sample's location is set to (X*, Y*); (3) if min{(X-medX, Y-medY)} <= cutoff and
| ^
checkRd: (-1) spotEstimator.Rd:58: Lost braces
58 | min{(X*-medX, Y*-medY)} > cutoff, the algorithm can either produce the solution of (1) or the solution of (2) depending
| ^
* checking Rd metadata ... OK
* checking Rd cross-references ... OK
* checking for missing documentation entries ... OK
* checking for code/documentation mismatches ... OK
* checking Rd \usage sections ... NOTE
Documented arguments not in \usage in Rd file 'adjustFluo.Rd':
‘transform’
Documented arguments not in \usage in Rd file 'boxFluo.Rd':
‘transform’
Documented arguments not in \usage in Rd file 'doTransform.Rd':
‘transform’
Documented arguments not in \usage in Rd file 'failurecase.Rd':
‘origImg’
Documented arguments not in \usage in Rd file 'function.from.vector.Rd':
‘argument.vector’
Documented arguments not in \usage in Rd file 'invTransform.Rd':
‘transform’
Documented arguments not in \usage in Rd file 'isotone.Rd':
‘...’
Documented arguments not in \usage in Rd file 'joinAreas.Rd':
‘chaImgs’
Documented arguments not in \usage in Rd file 'orderFluo.Rd':
‘path.start’
Documented arguments not in \usage in Rd file 'readChaImg.Rd':
‘imgName’
Documented arguments not in \usage in Rd file 'summarizeAdjFluo.Rd':
‘transform’
Documented arguments not in \usage in Rd file 'which.min.diff.Rd':
‘vector’
Functions with \usage entries need to have the appropriate \alias
entries, and all their arguments documented.
The \usage entries must correspond to syntactically valid R code.
See chapter ‘Writing R documentation files’ in the ‘Writing R
Extensions’ manual.
* checking Rd contents ... OK
* checking for unstated dependencies in examples ... OK
* checking contents of ‘data’ directory ... OK
* checking data for non-ASCII characters ... OK
* checking LazyData ... OK
* checking data for ASCII and uncompressed saves ... OK
* checking files in ‘vignettes’ ... OK
* checking examples ... OK
Examples with CPU (user + system) or elapsed time > 5s
user system elapsed
Fluo_CV_prep 33.113 2.640 35.846
Fluo_adjustment 15.225 1.068 16.354
Fluo_modeling 12.934 0.361 13.304
* checking for unstated dependencies in vignettes ... OK
* checking package vignettes ... OK
* checking re-building of vignette outputs ... OK
* checking PDF version of manual ... OK
* DONE
Status: 1 WARNING, 2 NOTEs
See
‘/home/biocbuild/bbs-3.21-bioc/meat/CONFESS.Rcheck/00check.log’
for details.
CONFESS.Rcheck/00install.out
############################################################################## ############################################################################## ### ### Running command: ### ### /home/biocbuild/bbs-3.21-bioc/R/bin/R CMD INSTALL CONFESS ### ############################################################################## ############################################################################## * installing to library ‘/home/biocbuild/bbs-3.21-bioc/R/site-library’ * installing *source* package ‘CONFESS’ ... ** this is package ‘CONFESS’ version ‘1.36.0’ ** using staged installation ** R ** data *** moving datasets to lazyload DB ** inst ** byte-compile and prepare package for lazy loading Warning: replacing previous import ‘stats::BIC’ by ‘flowMerge::BIC’ when loading ‘CONFESS’ ** help *** installing help indices ** building package indices ** installing vignettes ** testing if installed package can be loaded from temporary location Warning: replacing previous import ‘stats::BIC’ by ‘flowMerge::BIC’ when loading ‘CONFESS’ ** testing if installed package can be loaded from final location Warning: replacing previous import ‘stats::BIC’ by ‘flowMerge::BIC’ when loading ‘CONFESS’ ** testing if installed package keeps a record of temporary installation path * DONE (CONFESS)
CONFESS.Rcheck/CONFESS-Ex.timings
| name | user | system | elapsed | |
| FluoSelection_byRun | 0.006 | 0.003 | 0.010 | |
| Fluo_CV_modeling | 0 | 0 | 0 | |
| Fluo_CV_prep | 33.113 | 2.640 | 35.846 | |
| Fluo_adjustment | 15.225 | 1.068 | 16.354 | |
| Fluo_inspection | 2.190 | 0.978 | 3.188 | |
| Fluo_modeling | 12.934 | 0.361 | 13.304 | |
| Fluo_ordering | 0.968 | 0.046 | 1.016 | |
| LocationMatrix | 0.003 | 0.000 | 0.004 | |
| cluster2outlier | 0.001 | 0.000 | 0.001 | |
| createFluo | 0.005 | 0.001 | 0.007 | |
| defineLocClusters | 0.038 | 0.005 | 0.044 | |
| files | 0.001 | 0.001 | 0.002 | |
| getFluo | 0.016 | 0.005 | 0.021 | |
| getFluo_byRun | 0.179 | 0.020 | 0.199 | |
| pathEstimator | 0.000 | 0.001 | 0.001 | |
| readFiles | 0.011 | 0.001 | 0.012 | |
| simcells | 1.131 | 0.044 | 1.177 | |
| spotEstimator | 0.000 | 0.000 | 0.001 | |