Back to Multiple platform build/check report for BioC 3.22:   simplified   long
A[B]CDEFGHIJKLMNOPQRSTUVWXYZ

This page was generated on 2025-11-20 12:03 -0500 (Thu, 20 Nov 2025).

HostnameOSArch (*)R versionInstalled pkgs
nebbiolo2Linux (Ubuntu 24.04.3 LTS)x86_644.5.2 (2025-10-31) -- "[Not] Part in a Rumble" 4615
merida1macOS 12.7.6 Montereyx86_644.5.2 Patched (2025-11-05 r88990) -- "[Not] Part in a Rumble" 4610
kjohnson1macOS 13.7.5 Venturaarm644.5.2 Patched (2025-11-04 r88984) -- "[Not] Part in a Rumble" 4598
taishanLinux (openEuler 24.03 LTS)aarch644.5.0 (2025-04-11) -- "How About a Twenty-Six" 4668
Click on any hostname to see more info about the system (e.g. compilers)      (*) as reported by 'uname -p', except on Windows and Mac OS X

Package 203/2361HostnameOS / ArchINSTALLBUILDCHECKBUILD BIN
BiocSklearn 1.32.0  (landing page)
Vince Carey
Snapshot Date: 2025-11-17 13:45 -0500 (Mon, 17 Nov 2025)
git_url: https://git.bioconductor.org/packages/BiocSklearn
git_branch: RELEASE_3_22
git_last_commit: b143900
git_last_commit_date: 2025-10-29 10:39:55 -0500 (Wed, 29 Oct 2025)
nebbiolo2Linux (Ubuntu 24.04.3 LTS) / x86_64  OK    ERROR  skipped
merida1macOS 12.7.6 Monterey / x86_64  OK    ERROR  skippedskipped
kjohnson1macOS 13.7.5 Ventura / arm64  OK    ERROR  skippedskipped
taishanLinux (openEuler 24.03 LTS) / aarch64  OK    OK    TIMEOUT  


BUILD results for BiocSklearn on nebbiolo2

To the developers/maintainers of the BiocSklearn package:
- Allow up to 24 hours (and sometimes 48 hours) for your latest push to git@git.bioconductor.org:packages/BiocSklearn.git to reflect on this report. See Troubleshooting Build Report for more information.
- Use the following Renviron settings to reproduce errors and warnings.
- If 'R CMD check' started to fail recently on the Linux builder(s) over a missing dependency, add the missing dependency to 'Suggests:' in your DESCRIPTION file. See Renviron.bioc for more information.

raw results


Summary

Package: BiocSklearn
Version: 1.32.0
Command: /home/biocbuild/bbs-3.22-bioc/R/bin/R CMD build --keep-empty-dirs --no-resave-data --md5 BiocSklearn
StartedAt: 2025-11-17 19:45:42 -0500 (Mon, 17 Nov 2025)
EndedAt: 2025-11-17 19:46:12 -0500 (Mon, 17 Nov 2025)
EllapsedTime: 30.0 seconds
RetCode: 1
Status:   ERROR  
PackageFile: None
PackageFileSize: NA

Command output

##############################################################################
##############################################################################
###
### Running command:
###
###   /home/biocbuild/bbs-3.22-bioc/R/bin/R CMD build --keep-empty-dirs --no-resave-data --md5 BiocSklearn
###
##############################################################################
##############################################################################


* checking for file ‘BiocSklearn/DESCRIPTION’ ... OK
* preparing ‘BiocSklearn’:
* checking DESCRIPTION meta-information ... OK
* installing the package to build vignettes
* creating vignettes ... ERROR
--- re-building ‘BiocSklearn.Rmd’ using rmarkdown

Quitting from BiocSklearn.Rmd:33-39 [dsetup]
~~~~~~~~~~~~~~~~~~~~~~~~~~~~~~~~~~~~~~~~~~~~~~~~~~~~~~~~~~~~~~~~~~~~~~~~~~~~~~~~
<error/rlang_error>
Error in `lock()`:
! Cannot open lock file: No such file or directory
---
Backtrace:
    ▆
 1. └─BiocSklearn::skPCA(data.matrix(iris[, 1:4])) at tmp/RtmpC4igaf/Rex1af404595daf5e:11:1
 2.   └─basilisk::basiliskStart(bsklenv, testload = "scipy")
 3.     └─basilisk::obtainEnvironmentPath(env)
 4.       └─basilisk::lockExternalDir(exdir, exclusive = FALSE)
 5.         └─dir.expiry::lockDirectory(path, ...)
 6.           └─filelock::lock(plock, exclusive = FALSE)
~~~~~~~~~~~~~~~~~~~~~~~~~~~~~~~~~~~~~~~~~~~~~~~~~~~~~~~~~~~~~~~~~~~~~~~~~~~~~~~~

Error: processing vignette 'BiocSklearn.Rmd' failed with diagnostics:
Cannot open lock file: No such file or directory
--- failed re-building ‘BiocSklearn.Rmd’

SUMMARY: processing the following file failed:
  ‘BiocSklearn.Rmd’

Error: Vignette re-building failed.
Execution halted