| Back to Build/check report for BioC 3.22 experimental data |
|
This page was generated on 2025-10-21 15:41 -0400 (Tue, 21 Oct 2025).
| Hostname | OS | Arch (*) | R version | Installed pkgs |
|---|---|---|---|---|
| nebbiolo2 | Linux (Ubuntu 24.04.3 LTS) | x86_64 | 4.5.1 Patched (2025-08-23 r88802) -- "Great Square Root" | 4888 |
| Click on any hostname to see more info about the system (e.g. compilers) (*) as reported by 'uname -p', except on Windows and Mac OS X | ||||
| Package 420/435 | Hostname | OS / Arch | INSTALL | BUILD | CHECK | ||||||||
| tweeDEseqCountData 1.47.0 (landing page) Dolors Pelegri-Siso
| nebbiolo2 | Linux (Ubuntu 24.04.3 LTS) / x86_64 | OK | OK | WARNINGS | ||||||||
|
To the developers/maintainers of the tweeDEseqCountData package: - Use the following Renviron settings to reproduce errors and warnings. - If 'R CMD check' started to fail recently on the Linux builder(s) over a missing dependency, add the missing dependency to 'Suggests:' in your DESCRIPTION file. See Renviron.bioc for more information. |
| Package: tweeDEseqCountData |
| Version: 1.47.0 |
| Command: /home/biocbuild/bbs-3.22-bioc/R/bin/R CMD check --install=check:tweeDEseqCountData.install-out.txt --library=/home/biocbuild/bbs-3.22-bioc/R/site-library --timings tweeDEseqCountData_1.47.0.tar.gz |
| StartedAt: 2025-10-21 13:17:54 -0400 (Tue, 21 Oct 2025) |
| EndedAt: 2025-10-21 13:18:25 -0400 (Tue, 21 Oct 2025) |
| EllapsedTime: 30.6 seconds |
| RetCode: 0 |
| Status: WARNINGS |
| CheckDir: tweeDEseqCountData.Rcheck |
| Warnings: 1 |
##############################################################################
##############################################################################
###
### Running command:
###
### /home/biocbuild/bbs-3.22-bioc/R/bin/R CMD check --install=check:tweeDEseqCountData.install-out.txt --library=/home/biocbuild/bbs-3.22-bioc/R/site-library --timings tweeDEseqCountData_1.47.0.tar.gz
###
##############################################################################
##############################################################################
* using log directory ‘/home/biocbuild/bbs-3.22-data-experiment/meat/tweeDEseqCountData.Rcheck’
* using R version 4.5.1 Patched (2025-08-23 r88802)
* using platform: x86_64-pc-linux-gnu
* R was compiled by
gcc (Ubuntu 13.3.0-6ubuntu2~24.04) 13.3.0
GNU Fortran (Ubuntu 13.3.0-6ubuntu2~24.04) 13.3.0
* running under: Ubuntu 24.04.3 LTS
* using session charset: UTF-8
* checking for file ‘tweeDEseqCountData/DESCRIPTION’ ... OK
* this is package ‘tweeDEseqCountData’ version ‘1.47.0’
* package encoding: UTF-8
* checking package namespace information ... OK
* checking package dependencies ... OK
* checking if this is a source package ... OK
* checking if there is a namespace ... OK
* checking for hidden files and directories ... OK
* checking for portable file names ... OK
* checking for sufficient/correct file permissions ... OK
* checking whether package ‘tweeDEseqCountData’ can be installed ... OK
* checking installed package size ... INFO
installed size is 41.3Mb
sub-directories of 1Mb or more:
data 41.2Mb
* checking package directory ... OK
* checking ‘build’ directory ... OK
* checking DESCRIPTION meta-information ... WARNING
Invalid license file pointers: LICENSE
* checking top-level files ... OK
* checking for left-over files ... OK
* checking index information ... OK
* checking package subdirectories ... OK
* checking code files for non-ASCII characters ... OK
* checking R files for syntax errors ... OK
* checking whether the package can be loaded ... OK
* checking whether the package can be loaded with stated dependencies ... OK
* checking whether the package can be unloaded cleanly ... OK
* checking whether the namespace can be loaded with stated dependencies ... OK
* checking whether the namespace can be unloaded cleanly ... OK
* checking loading without being on the library search path ... OK
* checking dependencies in R code ... NOTE
Package in Depends field not imported from: ‘Biobase’
These packages need to be imported from (in the NAMESPACE file)
for when this namespace is loaded but not attached.
* checking S3 generic/method consistency ... OK
* checking replacement functions ... OK
* checking foreign function calls ... OK
* checking R code for possible problems ... NOTE
NB: .First.lib is obsolete and will not be used in R >= 3.0.0
.First.lib: no visible global function definition for ‘.path.package’
Undefined global functions or variables:
.path.package
* checking Rd files ... OK
* checking Rd metadata ... OK
* checking Rd cross-references ... OK
* checking for missing documentation entries ... OK
* checking for code/documentation mismatches ... OK
* checking Rd \usage sections ... OK
* checking Rd contents ... OK
* checking for unstated dependencies in examples ... OK
* checking contents of ‘data’ directory ... OK
* checking data for non-ASCII characters ... OK
* checking data for ASCII and uncompressed saves ... OK
* checking files in ‘vignettes’ ... OK
* checking examples ... OK
* checking for unstated dependencies in vignettes ... OK
* checking package vignettes ... OK
* checking re-building of vignette outputs ... OK
* checking PDF version of manual ... OK
* DONE
Status: 1 WARNING, 2 NOTEs
See
‘/home/biocbuild/bbs-3.22-data-experiment/meat/tweeDEseqCountData.Rcheck/00check.log’
for details.
tweeDEseqCountData.Rcheck/00install.out
############################################################################## ############################################################################## ### ### Running command: ### ### /home/biocbuild/bbs-3.22-bioc/R/bin/R CMD INSTALL tweeDEseqCountData ### ############################################################################## ############################################################################## * installing to library ‘/home/biocbuild/bbs-3.22-bioc/R/site-library’ * installing *source* package ‘tweeDEseqCountData’ ... ** this is package ‘tweeDEseqCountData’ version ‘1.47.0’ ** using staged installation ** R ** data ** byte-compile and prepare package for lazy loading ** help *** installing help indices ** building package indices ** installing vignettes ** testing if installed package can be loaded from temporary location ** testing if installed package can be loaded from final location ** testing if installed package keeps a record of temporary installation path * DONE (tweeDEseqCountData)
tweeDEseqCountData.Rcheck/tweeDEseqCountData-Ex.timings
| name | user | system | elapsed | |
| annotEnsembl63 | 0.401 | 0.009 | 0.411 | |
| cheung | 0.214 | 0.015 | 0.230 | |
| commonPickrell1Huang | 0.654 | 0.031 | 0.684 | |
| genderGenes | 0.001 | 0.000 | 0.001 | |
| hkGenes | 0.002 | 0.000 | 0.002 | |
| montgomery | 0.212 | 0.011 | 0.224 | |
| pickrell | 0.377 | 0.022 | 0.399 | |