| Back to Build/check report for BioC 3.22 experimental data |
|
This page was generated on 2025-10-21 15:41 -0400 (Tue, 21 Oct 2025).
| Hostname | OS | Arch (*) | R version | Installed pkgs |
|---|---|---|---|---|
| nebbiolo2 | Linux (Ubuntu 24.04.3 LTS) | x86_64 | 4.5.1 Patched (2025-08-23 r88802) -- "Great Square Root" | 4888 |
| Click on any hostname to see more info about the system (e.g. compilers) (*) as reported by 'uname -p', except on Windows and Mac OS X | ||||
| Package 157/435 | Hostname | OS / Arch | INSTALL | BUILD | CHECK | ||||||||
| grndata 1.41.0 (landing page) Pau Bellot
| nebbiolo2 | Linux (Ubuntu 24.04.3 LTS) / x86_64 | OK | OK | WARNINGS | ||||||||
|
To the developers/maintainers of the grndata package: - Use the following Renviron settings to reproduce errors and warnings. - If 'R CMD check' started to fail recently on the Linux builder(s) over a missing dependency, add the missing dependency to 'Suggests:' in your DESCRIPTION file. See Renviron.bioc for more information. |
| Package: grndata |
| Version: 1.41.0 |
| Command: /home/biocbuild/bbs-3.22-bioc/R/bin/R CMD check --install=check:grndata.install-out.txt --library=/home/biocbuild/bbs-3.22-bioc/R/site-library --timings grndata_1.41.0.tar.gz |
| StartedAt: 2025-10-21 12:27:43 -0400 (Tue, 21 Oct 2025) |
| EndedAt: 2025-10-21 12:28:05 -0400 (Tue, 21 Oct 2025) |
| EllapsedTime: 21.9 seconds |
| RetCode: 0 |
| Status: WARNINGS |
| CheckDir: grndata.Rcheck |
| Warnings: 1 |
##############################################################################
##############################################################################
###
### Running command:
###
### /home/biocbuild/bbs-3.22-bioc/R/bin/R CMD check --install=check:grndata.install-out.txt --library=/home/biocbuild/bbs-3.22-bioc/R/site-library --timings grndata_1.41.0.tar.gz
###
##############################################################################
##############################################################################
* using log directory ‘/home/biocbuild/bbs-3.22-data-experiment/meat/grndata.Rcheck’
* using R version 4.5.1 Patched (2025-08-23 r88802)
* using platform: x86_64-pc-linux-gnu
* R was compiled by
gcc (Ubuntu 13.3.0-6ubuntu2~24.04) 13.3.0
GNU Fortran (Ubuntu 13.3.0-6ubuntu2~24.04) 13.3.0
* running under: Ubuntu 24.04.3 LTS
* using session charset: UTF-8
* checking for file ‘grndata/DESCRIPTION’ ... OK
* checking extension type ... Package
* this is package ‘grndata’ version ‘1.41.0’
* checking package namespace information ... OK
* checking package dependencies ... OK
* checking if this is a source package ... OK
* checking if there is a namespace ... OK
* checking for hidden files and directories ... OK
* checking for portable file names ... OK
* checking for sufficient/correct file permissions ... OK
* checking whether package ‘grndata’ can be installed ... OK
* checking installed package size ... INFO
installed size is 54.5Mb
sub-directories of 1Mb or more:
data 54.4Mb
* checking package directory ... OK
* checking ‘build’ directory ... OK
* checking DESCRIPTION meta-information ... NOTE
Malformed Description field: should contain one or more complete sentences.
* checking top-level files ... OK
* checking for left-over files ... OK
* checking index information ... OK
* checking package subdirectories ... OK
* checking code files for non-ASCII characters ... OK
* checking R files for syntax errors ... OK
* checking whether the package can be loaded ... OK
* checking whether the package can be loaded with stated dependencies ... OK
* checking whether the package can be unloaded cleanly ... OK
* checking whether the namespace can be loaded with stated dependencies ... OK
* checking whether the namespace can be unloaded cleanly ... OK
* checking loading without being on the library search path ... OK
* checking dependencies in R code ... OK
* checking S3 generic/method consistency ... OK
* checking replacement functions ... OK
* checking foreign function calls ... OK
* checking R code for possible problems ... OK
* checking Rd files ... NOTE
checkRd: (-1) syntren1000.data.Rd:16: Escaped LaTeX specials: \_
checkRd: (-1) syntren1000.net.Rd:15: Escaped LaTeX specials: \_
checkRd: (-1) syntren300.data.Rd:16: Escaped LaTeX specials: \_
checkRd: (-1) syntren300.net.Rd:15: Escaped LaTeX specials: \_
* checking Rd metadata ... OK
* checking Rd cross-references ... OK
* checking for missing documentation entries ... OK
* checking for code/documentation mismatches ... OK
* checking Rd \usage sections ... OK
* checking Rd contents ... OK
* checking for unstated dependencies in examples ... OK
* checking contents of ‘data’ directory ... OK
* checking data for non-ASCII characters ... OK
* checking LazyData ... WARNING
LazyData DB of 54.4 MB without LazyDataCompression set
See §1.1.6 of 'Writing R Extensions'
* checking data for ASCII and uncompressed saves ... OK
* checking files in ‘vignettes’ ... OK
* checking examples ... OK
* checking for unstated dependencies in ‘tests’ ... OK
* checking tests ...
Running ‘runTests.R’
OK
* checking for unstated dependencies in vignettes ... OK
* checking package vignettes ... OK
* checking re-building of vignette outputs ... OK
* checking PDF version of manual ... OK
* DONE
Status: 1 WARNING, 2 NOTEs
See
‘/home/biocbuild/bbs-3.22-data-experiment/meat/grndata.Rcheck/00check.log’
for details.
grndata.Rcheck/00install.out
############################################################################## ############################################################################## ### ### Running command: ### ### /home/biocbuild/bbs-3.22-bioc/R/bin/R CMD INSTALL grndata ### ############################################################################## ############################################################################## * installing to library ‘/home/biocbuild/bbs-3.22-bioc/R/site-library’ * installing *source* package ‘grndata’ ... ** this is package ‘grndata’ version ‘1.41.0’ ** using staged installation ** R ** data *** moving datasets to lazyload DB ** inst ** byte-compile and prepare package for lazy loading ** help *** installing help indices ** building package indices ** installing vignettes ** testing if installed package can be loaded from temporary location ** testing if installed package can be loaded from final location ** testing if installed package keeps a record of temporary installation path * DONE (grndata)
grndata.Rcheck/tests/runTests.Rout
R version 4.5.1 Patched (2025-08-23 r88802) -- "Great Square Root"
Copyright (C) 2025 The R Foundation for Statistical Computing
Platform: x86_64-pc-linux-gnu
R is free software and comes with ABSOLUTELY NO WARRANTY.
You are welcome to redistribute it under certain conditions.
Type 'license()' or 'licence()' for distribution details.
R is a collaborative project with many contributors.
Type 'contributors()' for more information and
'citation()' on how to cite R or R packages in publications.
Type 'demo()' for some demos, 'help()' for on-line help, or
'help.start()' for an HTML browser interface to help.
Type 'q()' to quit R.
> BiocGenerics:::testPackage("grndata")
RUNIT TEST PROTOCOL -- Tue Oct 21 12:28:00 2025
***********************************************
Number of test functions: 1
Number of errors: 0
Number of failures: 0
1 Test Suite :
grndata RUnit Tests - 1 test function, 0 errors, 0 failures
Number of test functions: 1
Number of errors: 0
Number of failures: 0
>
> proc.time()
user system elapsed
1.000 0.272 1.259
grndata.Rcheck/grndata-Ex.timings
| name | user | system | elapsed | |
| Availabledata | 0.007 | 0.007 | 0.013 | |
| getData | 0.062 | 0.028 | 0.092 | |
| gnw1565.data | 0.146 | 0.037 | 0.182 | |
| gnw1565.net | 0.076 | 0.023 | 0.099 | |
| gnw2000.data | 0.184 | 0.051 | 0.237 | |
| gnw2000.net | 0.094 | 0.044 | 0.137 | |
| rogers1000.data | 0.028 | 0.012 | 0.041 | |
| rogers1000.net | 0.015 | 0.011 | 0.026 | |
| syntren1000.data | 0.042 | 0.007 | 0.049 | |
| syntren1000.net | 0.015 | 0.001 | 0.017 | |
| syntren300.data | 0.009 | 0.000 | 0.010 | |
| syntren300.net | 0.002 | 0.000 | 0.002 | |
| toy.data | 0.001 | 0.000 | 0.001 | |
| toy.net | 0.001 | 0.000 | 0.001 | |