| Back to Rapid builds (Linux only) of a subset of BioC 3.23 Report updated every 6 hours |
This page was generated on 2025-11-08 10:13 -0500 (Sat, 08 Nov 2025).
| Hostname | OS | Arch (*) | R version | Installed pkgs |
|---|---|---|---|---|
| teran2 | Linux (Ubuntu 24.04.3 LTS) | x86_64 | R Under development (unstable) (2025-10-28 r88973) -- "Unsuffered Consequences" | 917 |
| Click on any hostname to see more info about the system (e.g. compilers) (*) as reported by 'uname -p', except on Windows and Mac OS X | ||||
| Package 170/230 | Hostname | OS / Arch | INSTALL | BUILD | CHECK | |||||||
| qvalue 2.43.0 (landing page) John D. Storey
| teran2 | Linux (Ubuntu 24.04.3 LTS) / x86_64 | OK | OK | WARNINGS | |||||||
|
To the developers/maintainers of the qvalue package: - Use the following Renviron settings to reproduce errors and warnings. - If 'R CMD check' started to fail recently on the Linux builder(s) over a missing dependency, add the missing dependency to 'Suggests:' in your DESCRIPTION file. See Renviron.bioc for more information. |
| Package: qvalue |
| Version: 2.43.0 |
| Command: /home/rapidbuild/bbs-3.23-bioc-rapid/R/bin/R CMD check --install=check:qvalue.install-out.txt --library=/home/rapidbuild/bbs-3.23-bioc-rapid/R/site-library --timings qvalue_2.43.0.tar.gz |
| StartedAt: 2025-11-08 09:15:34 -0500 (Sat, 08 Nov 2025) |
| EndedAt: 2025-11-08 09:16:15 -0500 (Sat, 08 Nov 2025) |
| EllapsedTime: 41.0 seconds |
| RetCode: 0 |
| Status: WARNINGS |
| CheckDir: qvalue.Rcheck |
| Warnings: 1 |
##############################################################################
##############################################################################
###
### Running command:
###
### /home/rapidbuild/bbs-3.23-bioc-rapid/R/bin/R CMD check --install=check:qvalue.install-out.txt --library=/home/rapidbuild/bbs-3.23-bioc-rapid/R/site-library --timings qvalue_2.43.0.tar.gz
###
##############################################################################
##############################################################################
* using log directory ‘/media/volume/teran2_disk/rapidbuild/bbs-3.23-bioc-rapid/meat/qvalue.Rcheck’
* using R Under development (unstable) (2025-10-28 r88973)
* using platform: x86_64-pc-linux-gnu
* R was compiled by
gcc (Ubuntu 13.3.0-6ubuntu2~24.04) 13.3.0
GNU Fortran (Ubuntu 13.3.0-6ubuntu2~24.04) 13.3.0
* running under: Ubuntu 24.04.3 LTS
* using session charset: UTF-8
* checking for file ‘qvalue/DESCRIPTION’ ... OK
* checking extension type ... Package
* this is package ‘qvalue’ version ‘2.43.0’
* checking CRAN incoming feasibility ... WARNING
Maintainer: ‘John D. Storey <jstorey@princeton.edu>, Andrew J. Bass <ajbass@emory.edu>’
The maintainer field is invalid or specifies more than one person
Unknown, possibly misspelled, fields in DESCRIPTION:
‘git_url’ ‘git_branch’ ‘git_last_commit’ ‘git_last_commit_date’
Authors@R field should be a call to person(), or combine such calls.
The Title field should be in title case. Current version is:
‘Q-value estimation for false discovery rate control’
In title case that is:
‘Q-Value Estimation for False Discovery Rate Control’
The Description field should not start with the package name,
'This package' or similar.
The Date field is over a month old.
Found the following \keyword or \concept entries
which likely give several index terms:
File ‘hedenfalk.Rd’:
\keyword{dataset,}
File ‘lfdr.Rd’:
\keyword{Rate,}
File ‘pi0est.Rd’:
\keyword{pi0est,}
* checking package namespace information ... OK
* checking package dependencies ... OK
* checking if this is a source package ... OK
* checking if there is a namespace ... OK
* checking for hidden files and directories ... OK
* checking for portable file names ... OK
* checking for sufficient/correct file permissions ... OK
* checking whether package ‘qvalue’ can be installed ... OK
* checking installed package size ... OK
* checking package directory ... OK
* checking ‘build’ directory ... OK
* checking DESCRIPTION meta-information ... NOTE
Maintainer field differs from that derived from Authors@R
Maintainer: ‘John D. Storey <jstorey@princeton.edu>, Andrew J. Bass <ajbass@emory.edu>’
Authors@R: ‘John D. Storey <jdstorey@princeton.edu>’
* checking top-level files ... OK
* checking for left-over files ... OK
* checking index information ... OK
* checking package subdirectories ... OK
* checking code files for non-ASCII characters ... OK
* checking R files for syntax errors ... OK
* checking whether the package can be loaded ... OK
* checking whether the package can be loaded with stated dependencies ... OK
* checking whether the package can be unloaded cleanly ... OK
* checking whether the namespace can be loaded with stated dependencies ... OK
* checking whether the namespace can be unloaded cleanly ... OK
* checking loading without being on the library search path ... OK
* checking use of S3 registration ... OK
* checking dependencies in R code ... OK
* checking S3 generic/method consistency ... OK
* checking replacement functions ... OK
* checking foreign function calls ... OK
* checking R code for possible problems ... NOTE
hist.qvalue: no visible binding for global variable ‘density’
lfdr: no visible global function definition for ‘qnorm’
lfdr: no visible global function definition for ‘density’
lfdr: no visible global function definition for ‘smooth.spline’
lfdr: no visible global function definition for ‘predict’
lfdr: no visible global function definition for ‘dnorm’
pi0est: no visible global function definition for ‘smooth.spline’
pi0est: no visible global function definition for ‘predict’
pi0est: no visible global function definition for ‘quantile’
plot.qvalue: no visible global function definition for ‘quantile’
write.qvalue: no visible global function definition for ‘write.table’
Undefined global functions or variables:
density dnorm predict qnorm quantile smooth.spline write.table
Consider adding
importFrom("stats", "density", "dnorm", "predict", "qnorm", "quantile",
"smooth.spline")
importFrom("utils", "write.table")
to your NAMESPACE file.
* checking Rd files ... OK
* checking Rd metadata ... OK
* checking Rd cross-references ... OK
* checking for missing documentation entries ... OK
* checking for code/documentation mismatches ... OK
* checking Rd \usage sections ... OK
* checking Rd contents ... OK
* checking for unstated dependencies in examples ... OK
* checking contents of ‘data’ directory ... OK
* checking data for non-ASCII characters ... OK
* checking data for ASCII and uncompressed saves ... OK
* checking sizes of PDF files under ‘inst/doc’ ...* checking installed files from ‘inst/doc’ ... OK
* checking files in ‘vignettes’ ... OK
* checking examples ... OK
* checking for unstated dependencies in vignettes ... OK
* checking package vignettes ... OK
* checking re-building of vignette outputs ... OK
* checking PDF version of manual ... OK
* DONE
Status: 1 WARNING, 2 NOTEs
See
‘/media/volume/teran2_disk/rapidbuild/bbs-3.23-bioc-rapid/meat/qvalue.Rcheck/00check.log’
for details.
qvalue.Rcheck/00install.out
############################################################################## ############################################################################## ### ### Running command: ### ### /home/rapidbuild/bbs-3.23-bioc-rapid/R/bin/R CMD INSTALL qvalue ### ############################################################################## ############################################################################## * installing to library ‘/media/volume/teran2_disk/rapidbuild/bbs-3.23-bioc-rapid/R/site-library’ * installing *source* package ‘qvalue’ ... ** this is package ‘qvalue’ version ‘2.43.0’ ** using staged installation ** R ** data ** inst ** byte-compile and prepare package for lazy loading ** help *** installing help indices ** building package indices ** installing vignettes ** testing if installed package can be loaded from temporary location ** testing if installed package can be loaded from final location ** testing if installed package keeps a record of temporary installation path * DONE (qvalue)
qvalue.Rcheck/qvalue-Ex.timings
| name | user | system | elapsed | |
| empPvals | 0.048 | 0.014 | 0.062 | |
| hedenfalk | 1.313 | 0.028 | 1.343 | |
| hist.qvalue | 0.396 | 0.011 | 0.407 | |
| lfdr | 0.257 | 0.011 | 0.268 | |
| pi0est | 0.828 | 0.001 | 0.828 | |
| plot.qvalue | 0.572 | 0.000 | 0.571 | |
| qvalue | 0.850 | 0.001 | 0.852 | |
| summary.qvalue | 0.016 | 0.002 | 0.018 | |
| write.qvalue | 0.026 | 0.003 | 0.029 | |