Back to Rapid builds (Linux only) of a subset of BioC 3.22
Report updated every 6 hours

This page was generated on 2025-10-28 08:42 -0400 (Tue, 28 Oct 2025).

HostnameOSArch (*)R versionInstalled pkgs
teran2Linux (Ubuntu 24.04.3 LTS)x86_644.5.1 (2025-06-13) -- "Great Square Root" 901
Click on any hostname to see more info about the system (e.g. compilers)      (*) as reported by 'uname -p', except on Windows and Mac OS X

Package 23/229HostnameOS / ArchINSTALLBUILDCHECK
batchelor 1.25.0  (landing page)
Aaron Lun
Snapshot Date: 2025-10-28 06:00 -0400 (Tue, 28 Oct 2025)
git_url: https://git.bioconductor.org/packages/batchelor
git_branch: devel
git_last_commit: 6aba2ed
git_last_commit_date: 2025-04-15 11:42:55 -0400 (Tue, 15 Apr 2025)
teran2Linux (Ubuntu 24.04.3 LTS) / x86_64  OK    ERROR  skipped


BUILD results for batchelor on teran2

To the developers/maintainers of the batchelor package:
- Use the following Renviron settings to reproduce errors and warnings.
- If 'R CMD check' started to fail recently on the Linux builder(s) over a missing dependency, add the missing dependency to 'Suggests:' in your DESCRIPTION file. See Renviron.bioc for more information.

raw results


Summary

Package: batchelor
Version: 1.25.0
Command: /home/rapidbuild/bbs-3.22-bioc-rapid/R/bin/R CMD build --keep-empty-dirs --no-resave-data batchelor
StartedAt: 2025-10-28 06:26:47 -0400 (Tue, 28 Oct 2025)
EndedAt: 2025-10-28 06:27:29 -0400 (Tue, 28 Oct 2025)
EllapsedTime: 42.6 seconds
RetCode: 1
Status:   ERROR  
PackageFile: None
PackageFileSize: NA

Command output

##############################################################################
##############################################################################
###
### Running command:
###
###   /home/rapidbuild/bbs-3.22-bioc-rapid/R/bin/R CMD build --keep-empty-dirs --no-resave-data batchelor
###
##############################################################################
##############################################################################


* checking for file ‘batchelor/DESCRIPTION’ ... OK
* preparing ‘batchelor’:
* checking DESCRIPTION meta-information ... OK
* cleaning src
* installing the package to build vignettes
* creating vignettes ... ERROR
--- re-building ‘correction.Rmd’ using rmarkdown

Quitting from correction.Rmd:48-54 [unnamed-chunk-2]
~~~~~~~~~~~~~~~~~~~~~~~~~~~~~~~~~~~~~~~~~~~~~~~~~~~~~~~~~~~~~~~~~~~~~~~~~~~~~~~~
<error/rlang_error>
Error:
! package or namespace load failed for 'scRNAseq' in loadNamespace(j <- i[[1L]], c(lib.loc, .libPaths()), versionCheck = vI[[j]]):
 there is no package called 'GenomicFeatures'
---
Backtrace:
    ▆
 1. └─base::library(scRNAseq)
 2.   └─base::tryCatch(...)
 3.     └─base (local) tryCatchList(expr, classes, parentenv, handlers)
 4.       └─base (local) tryCatchOne(expr, names, parentenv, handlers[[1L]])
 5.         └─value[[3L]](cond)
~~~~~~~~~~~~~~~~~~~~~~~~~~~~~~~~~~~~~~~~~~~~~~~~~~~~~~~~~~~~~~~~~~~~~~~~~~~~~~~~

Error: processing vignette 'correction.Rmd' failed with diagnostics:
package or namespace load failed for 'scRNAseq' in loadNamespace(j <- i[[1L]], c(lib.loc, .libPaths()), versionCheck = vI[[j]]):
 there is no package called 'GenomicFeatures'
--- failed re-building ‘correction.Rmd’

--- re-building ‘extension.Rmd’ using rmarkdown
--- finished re-building ‘extension.Rmd’

SUMMARY: processing the following file failed:
  ‘correction.Rmd’

Error: Vignette re-building failed.
Execution halted