Back to Rapid builds (Linux only) of a subset of BioC 3.23
Report updated every 6 hours

This page was generated on 2025-11-02 09:42 -0500 (Sun, 02 Nov 2025).

HostnameOSArch (*)R versionInstalled pkgs
teran2Linux (Ubuntu 24.04.3 LTS)x86_64R Under development (unstable) (2025-10-28 r88973) -- "Unsuffered Consequences" 917
Click on any hostname to see more info about the system (e.g. compilers)      (*) as reported by 'uname -p', except on Windows and Mac OS X

Package 10/230HostnameOS / ArchINSTALLBUILDCHECK
alabaster.se 1.11.0  (landing page)
Aaron Lun
Snapshot Date: 2025-11-02 06:00 -0500 (Sun, 02 Nov 2025)
git_url: https://git.bioconductor.org/packages/alabaster.se
git_branch: devel
git_last_commit: 6b3a91e
git_last_commit_date: 2025-10-29 11:21:17 -0500 (Wed, 29 Oct 2025)
teran2Linux (Ubuntu 24.04.3 LTS) / x86_64  OK    ERROR  skipped


BUILD results for alabaster.se on teran2

To the developers/maintainers of the alabaster.se package:
- Use the following Renviron settings to reproduce errors and warnings.
- If 'R CMD check' started to fail recently on the Linux builder(s) over a missing dependency, add the missing dependency to 'Suggests:' in your DESCRIPTION file. See Renviron.bioc for more information.

raw results


Summary

Package: alabaster.se
Version: 1.11.0
Command: /home/rapidbuild/bbs-3.23-bioc-rapid/R/bin/R CMD build --keep-empty-dirs --no-resave-data alabaster.se
StartedAt: 2025-11-02 06:27:29 -0500 (Sun, 02 Nov 2025)
EndedAt: 2025-11-02 06:27:55 -0500 (Sun, 02 Nov 2025)
EllapsedTime: 26.6 seconds
RetCode: 1
Status:   ERROR  
PackageFile: None
PackageFileSize: NA

Command output

##############################################################################
##############################################################################
###
### Running command:
###
###   /home/rapidbuild/bbs-3.23-bioc-rapid/R/bin/R CMD build --keep-empty-dirs --no-resave-data alabaster.se
###
##############################################################################
##############################################################################


* checking for file ‘alabaster.se/DESCRIPTION’ ... OK
* preparing ‘alabaster.se’:
* checking DESCRIPTION meta-information ... OK
* installing the package (it is needed to build vignettes)
* creating vignettes ... ERROR
--- re-building ‘userguide.Rmd’ using rmarkdown

Quitting from userguide.Rmd:63-66 [unnamed-chunk-3]
~~~~~~~~~~~~~~~~~~~~~~~~~~~~~~~~~~~~~~~~~~~~~~~~~~~~~~~~~~~~~~~~~~~~~~~~~~~~~~~~
<error/rlang_error>
Error in `h5_read_attribute()`:
! argument "bit64conversion" is missing, with no default
---
Backtrace:
    ▆
 1. └─alabaster.base::readObject(tmp)
 2.   └─alabaster.se (local) meth(path, metadata = metadata, ...)
 3.     └─alabaster.se::readSummarizedExperiment(...)
 4.       └─alabaster.base::altReadObject(...)
 5.         └─alabaster.base (local) FUN(path, ...)
 6.           └─alabaster.matrix (local) meth(path, metadata = metadata, ...)
 7.             └─(function() {...
 8.               └─alabaster.base::h5_read_attribute(ghandle, "type")
 9.                 └─rhdf5::H5Aread(ahandle, bit64conversion = bit64conversion)
~~~~~~~~~~~~~~~~~~~~~~~~~~~~~~~~~~~~~~~~~~~~~~~~~~~~~~~~~~~~~~~~~~~~~~~~~~~~~~~~

Error: processing vignette 'userguide.Rmd' failed with diagnostics:
argument "bit64conversion" is missing, with no default
--- failed re-building ‘userguide.Rmd’

SUMMARY: processing the following file failed:
  ‘userguide.Rmd’

Error: Vignette re-building failed.
Execution halted