Back to Rapid builds (Linux only) of a subset of BioC 3.22
Report updated every 6 hours

This page was generated on 2025-10-27 08:39 -0400 (Mon, 27 Oct 2025).

HostnameOSArch (*)R versionInstalled pkgs
teran2Linux (Ubuntu 24.04.3 LTS)x86_644.5.1 (2025-06-13) -- "Great Square Root" 901
Click on any hostname to see more info about the system (e.g. compilers)      (*) as reported by 'uname -p', except on Windows and Mac OS X

Package 211/229HostnameOS / ArchINSTALLBUILDCHECK
SummarizedExperiment 1.39.2  (landing page)
Hervé Pagès
Snapshot Date: 2025-10-27 06:00 -0400 (Mon, 27 Oct 2025)
git_url: https://git.bioconductor.org/packages/SummarizedExperiment
git_branch: devel
git_last_commit: 9533690
git_last_commit_date: 2025-09-15 13:27:14 -0400 (Mon, 15 Sep 2025)
teran2Linux (Ubuntu 24.04.3 LTS) / x86_64  OK    OK    ERROR  


CHECK results for SummarizedExperiment on teran2

To the developers/maintainers of the SummarizedExperiment package:
- Use the following Renviron settings to reproduce errors and warnings.
- If 'R CMD check' started to fail recently on the Linux builder(s) over a missing dependency, add the missing dependency to 'Suggests:' in your DESCRIPTION file. See Renviron.bioc for more information.

raw results


Summary

Package: SummarizedExperiment
Version: 1.39.2
Command: /home/rapidbuild/bbs-3.22-bioc-rapid/R/bin/R CMD check --install=check:SummarizedExperiment.install-out.txt --library=/home/rapidbuild/bbs-3.22-bioc-rapid/R/site-library --timings SummarizedExperiment_1.39.2.tar.gz
StartedAt: 2025-10-27 08:14:55 -0400 (Mon, 27 Oct 2025)
EndedAt: 2025-10-27 08:14:58 -0400 (Mon, 27 Oct 2025)
EllapsedTime: 3.0 seconds
RetCode: 1
Status:   ERROR  
CheckDir: SummarizedExperiment.Rcheck
Warnings: NA

Command output

##############################################################################
##############################################################################
###
### Running command:
###
###   /home/rapidbuild/bbs-3.22-bioc-rapid/R/bin/R CMD check --install=check:SummarizedExperiment.install-out.txt --library=/home/rapidbuild/bbs-3.22-bioc-rapid/R/site-library --timings SummarizedExperiment_1.39.2.tar.gz
###
##############################################################################
##############################################################################


* using log directory ‘/media/volume/teran2_disk/rapidbuild/bbs-3.22-bioc-rapid/meat/SummarizedExperiment.Rcheck’
* using R version 4.5.1 (2025-06-13)
* using platform: x86_64-pc-linux-gnu
* R was compiled by
    gcc (Ubuntu 13.3.0-6ubuntu2~24.04) 13.3.0
    GNU Fortran (Ubuntu 13.3.0-6ubuntu2~24.04) 13.3.0
* running under: Ubuntu 24.04.3 LTS
* using session charset: UTF-8
* checking for file ‘SummarizedExperiment/DESCRIPTION’ ... OK
* this is package ‘SummarizedExperiment’ version ‘1.39.2’
* package encoding: UTF-8
* checking package namespace information ... OK
* checking package dependencies ... ERROR
Package suggested but not available: ‘GenomicFeatures’

The suggested packages are required for a complete check.
Checking can be attempted without them by setting the environment
variable _R_CHECK_FORCE_SUGGESTS_ to a false value.

See section ‘The DESCRIPTION file’ in the ‘Writing R Extensions’
manual.
* DONE

Status: 1 ERROR
See
  ‘/media/volume/teran2_disk/rapidbuild/bbs-3.22-bioc-rapid/meat/SummarizedExperiment.Rcheck/00check.log’
for details.


Installation output


Tests output


Example timings