Back to Rapid builds (Linux only) of a subset of BioC 3.21
Report updated every 6 hours

This page was generated on 2025-02-06 10:01 -0500 (Thu, 06 Feb 2025).

HostnameOSArch (*)R versionInstalled pkgs
teran2Linux (Ubuntu 24.04.1 LTS)x86_64R Under development (unstable) (2025-01-20 r87609) -- "Unsuffered Consequences" 869
Click on any hostname to see more info about the system (e.g. compilers)      (*) as reported by 'uname -p', except on Windows and Mac OS X

Package 143/217HostnameOS / ArchINSTALLBUILDCHECK
MsExperiment 1.9.0  (landing page)
Laurent Gatto
Snapshot Date: 2025-02-06 06:00 -0500 (Thu, 06 Feb 2025)
git_url: https://git.bioconductor.org/packages/MsExperiment
git_branch: devel
git_last_commit: 75834c3
git_last_commit_date: 2024-10-29 11:14:27 -0500 (Tue, 29 Oct 2024)
teran2Linux (Ubuntu 24.04.1 LTS) / x86_64  OK    ERROR  skipped


BUILD results for MsExperiment on teran2

To the developers/maintainers of the MsExperiment package:
- Use the following Renviron settings to reproduce errors and warnings.
- If 'R CMD check' started to fail recently on the Linux builder(s) over a missing dependency, add the missing dependency to 'Suggests:' in your DESCRIPTION file. See Renviron.bioc for more information.

raw results


Summary

Package: MsExperiment
Version: 1.9.0
Command: /home/rapidbuild/bbs-3.21-bioc-rapid/R/bin/R CMD build --keep-empty-dirs --no-resave-data MsExperiment
StartedAt: 2025-02-06 07:13:59 -0500 (Thu, 06 Feb 2025)
EndedAt: 2025-02-06 07:14:40 -0500 (Thu, 06 Feb 2025)
EllapsedTime: 41.0 seconds
RetCode: 1
Status:   ERROR  
PackageFile: None
PackageFileSize: NA

Command output

##############################################################################
##############################################################################
###
### Running command:
###
###   /home/rapidbuild/bbs-3.21-bioc-rapid/R/bin/R CMD build --keep-empty-dirs --no-resave-data MsExperiment
###
##############################################################################
##############################################################################


* checking for file ‘MsExperiment/DESCRIPTION’ ... OK
* preparing ‘MsExperiment’:
* checking DESCRIPTION meta-information ... OK
* installing the package to build vignettes
* creating vignettes ... ERROR
--- re-building ‘MsExperiment.Rmd’ using rmarkdown

Quitting from lines 80-84 [px] (MsExperiment.Rmd)
Error: processing vignette 'MsExperiment.Rmd' failed with diagnostics:
Can't access URL(s):
 
--- failed re-building ‘MsExperiment.Rmd’

SUMMARY: processing the following file failed:
  ‘MsExperiment.Rmd’

Error: Vignette re-building failed.
Execution halted