| Back to Rapid builds (Linux only) of a subset of BioC 3.22 Report updated every 6 hours |
This page was generated on 2025-10-24 10:06 -0400 (Fri, 24 Oct 2025).
| Hostname | OS | Arch (*) | R version | Installed pkgs |
|---|---|---|---|---|
| teran2 | Linux (Ubuntu 24.04.3 LTS) | x86_64 | 4.5.1 (2025-06-13) -- "Great Square Root" | 926 |
| Click on any hostname to see more info about the system (e.g. compilers) (*) as reported by 'uname -p', except on Windows and Mac OS X | ||||
| Package 103/229 | Hostname | OS / Arch | INSTALL | BUILD | CHECK | |||||||
| GEOquery 2.77.6 (landing page) Sean Davis
| teran2 | Linux (Ubuntu 24.04.3 LTS) / x86_64 | OK | OK | WARNINGS | |||||||
|
To the developers/maintainers of the GEOquery package: - Use the following Renviron settings to reproduce errors and warnings. - If 'R CMD check' started to fail recently on the Linux builder(s) over a missing dependency, add the missing dependency to 'Suggests:' in your DESCRIPTION file. See Renviron.bioc for more information. |
| Package: GEOquery |
| Version: 2.77.6 |
| Command: /home/rapidbuild/bbs-3.22-bioc-rapid/R/bin/R CMD check --install=check:GEOquery.install-out.txt --library=/home/rapidbuild/bbs-3.22-bioc-rapid/R/site-library --timings GEOquery_2.77.6.tar.gz |
| StartedAt: 2025-10-24 08:33:00 -0400 (Fri, 24 Oct 2025) |
| EndedAt: 2025-10-24 08:37:04 -0400 (Fri, 24 Oct 2025) |
| EllapsedTime: 244.7 seconds |
| RetCode: 0 |
| Status: WARNINGS |
| CheckDir: GEOquery.Rcheck |
| Warnings: 1 |
##############################################################################
##############################################################################
###
### Running command:
###
### /home/rapidbuild/bbs-3.22-bioc-rapid/R/bin/R CMD check --install=check:GEOquery.install-out.txt --library=/home/rapidbuild/bbs-3.22-bioc-rapid/R/site-library --timings GEOquery_2.77.6.tar.gz
###
##############################################################################
##############################################################################
* using log directory ‘/media/volume/teran2_disk/rapidbuild/bbs-3.22-bioc-rapid/meat/GEOquery.Rcheck’
* using R version 4.5.1 (2025-06-13)
* using platform: x86_64-pc-linux-gnu
* R was compiled by
gcc (Ubuntu 13.3.0-6ubuntu2~24.04) 13.3.0
GNU Fortran (Ubuntu 13.3.0-6ubuntu2~24.04) 13.3.0
* running under: Ubuntu 24.04.3 LTS
* using session charset: UTF-8
* checking for file ‘GEOquery/DESCRIPTION’ ... OK
* checking extension type ... Package
* this is package ‘GEOquery’ version ‘2.77.6’
* package encoding: UTF-8
* checking package namespace information ... OK
* checking package dependencies ... OK
* checking if this is a source package ... OK
* checking if there is a namespace ... OK
* checking for hidden files and directories ... OK
* checking for portable file names ... OK
* checking for sufficient/correct file permissions ... OK
* checking whether package ‘GEOquery’ can be installed ... OK
* checking installed package size ... INFO
installed size is 13.3Mb
sub-directories of 1Mb or more:
extdata 12.8Mb
* checking package directory ... OK
* checking DESCRIPTION meta-information ... OK
* checking top-level files ... OK
* checking for left-over files ... OK
* checking index information ... OK
* checking package subdirectories ... OK
* checking code files for non-ASCII characters ... OK
* checking R files for syntax errors ... OK
* checking whether the package can be loaded ... OK
* checking whether the package can be loaded with stated dependencies ... OK
* checking whether the package can be unloaded cleanly ... OK
* checking whether the namespace can be loaded with stated dependencies ... OK
* checking whether the namespace can be unloaded cleanly ... OK
* checking loading without being on the library search path ... OK
* checking whether startup messages can be suppressed ... OK
* checking dependencies in R code ... NOTE
Namespaces in Imports field not imported from:
‘R.utils’ ‘curl’
All declared Imports should be used.
Package in Depends field not imported from: ‘methods’
These packages need to be imported from (in the NAMESPACE file)
for when this namespace is loaded but not attached.
* checking S3 generic/method consistency ... OK
* checking replacement functions ... OK
* checking foreign function calls ... OK
* checking R code for possible problems ... NOTE
File ‘GEOquery/R/zzz.R’:
.onLoad calls:
packageStartupMessage("Setting options('download.file.method.GEOquery'='auto')")
packageStartupMessage("Setting options('GEOquery.inmemory.gpl'=FALSE)")
See section ‘Good practice’ in '?.onAttach'.
.parseGPLTxt: no visible global function definition for ‘new’
.parseGPLWithLimits: no visible global function definition for ‘new’
.parseGSMTxt: no visible global function definition for ‘new’
.parseGSMWithLimits: no visible global function definition for ‘new’
GDS2MA: no visible global function definition for ‘new’
GDS2MA: no visible binding for global variable ‘MA’
GDS2eSet: no visible global function definition for ‘new’
browseGEOAccession: no visible global function definition for
‘browseURL’
browseWebsiteRNASeqSearch: no visible global function definition for
‘browseURL’
fastTabRead: no visible global function definition for ‘read.table’
fastTabRead: no visible global function definition for ‘read.delim’
getRNASeqData: no visible global function definition for ‘as’
parseGDS: no visible global function definition for ‘new’
parseGSE: no visible global function definition for ‘new’
parseGSEMatrix: no visible global function definition for ‘new’
parseGSEMatrix: no visible binding for global variable ‘.’
parseGSEMatrix: no visible binding for global variable
‘characteristics’
parseGSEMatrix: no visible binding for global variable ‘kvpair’
parseGSEMatrix: no visible binding for global variable ‘accession’
parseGSEMatrix: no visible binding for global variable ‘k’
parseGSEMatrix: no visible binding for global variable ‘v’
parseGSEMatrix: no visible global function definition for ‘read.table’
parseGSEMatrix: no visible global function definition for ‘as’
Undefined global functions or variables:
. MA accession as browseURL characteristics k kvpair new read.delim
read.table v
Consider adding
importFrom("methods", "as", "new")
importFrom("utils", "browseURL", "read.delim", "read.table")
to your NAMESPACE file (and ensure that your DESCRIPTION Imports field
contains 'methods').
* checking Rd files ... OK
* checking Rd metadata ... OK
* checking Rd cross-references ... OK
* checking for missing documentation entries ... OK
* checking for code/documentation mismatches ... OK
* checking Rd \usage sections ... OK
* checking Rd contents ... NOTE
Argument items with no description in Rd file 'getGEOSuppFileURL.Rd':
‘GEO’
* checking for unstated dependencies in examples ... OK
* checking files in ‘vignettes’ ... WARNING
Files in the 'vignettes' directory but no files in 'inst/doc':
‘GEOquery.qmd’ ‘single-cell.qmd’
Files named as vignettes but with no recognized vignette engine:
‘vignettes/GEOquery.qmd’
‘vignettes/single-cell.qmd’
(Is a VignetteBuilder field missing?)
* checking examples ... OK
Examples with CPU (user + system) or elapsed time > 5s
user system elapsed
getRNASeqData 4.376 0.242 11.521
* checking for unstated dependencies in ‘tests’ ... OK
* checking tests ...
Running ‘testthat.R’
OK
* checking package vignettes ... NOTE
Package has ‘vignettes’ subdirectory but apparently no vignettes.
Perhaps the ‘VignetteBuilder’ information is missing from the
DESCRIPTION file?
* checking PDF version of manual ... OK
* DONE
Status: 1 WARNING, 4 NOTEs
See
‘/media/volume/teran2_disk/rapidbuild/bbs-3.22-bioc-rapid/meat/GEOquery.Rcheck/00check.log’
for details.
GEOquery.Rcheck/00install.out
############################################################################## ############################################################################## ### ### Running command: ### ### /home/rapidbuild/bbs-3.22-bioc-rapid/R/bin/R CMD INSTALL GEOquery ### ############################################################################## ############################################################################## * installing to library ‘/media/volume/teran2_disk/rapidbuild/bbs-3.22-bioc-rapid/R/site-library’ * installing *source* package ‘GEOquery’ ... ** this is package ‘GEOquery’ version ‘2.77.6’ ** using staged installation ** R ** inst ** byte-compile and prepare package for lazy loading ** help *** installing help indices ** building package indices ** installing vignettes ** testing if installed package can be loaded from temporary location ** testing if installed package can be loaded from final location ** testing if installed package keeps a record of temporary installation path * DONE (GEOquery)
GEOquery.Rcheck/tests/testthat.Rout
R version 4.5.1 (2025-06-13) -- "Great Square Root"
Copyright (C) 2025 The R Foundation for Statistical Computing
Platform: x86_64-pc-linux-gnu
R is free software and comes with ABSOLUTELY NO WARRANTY.
You are welcome to redistribute it under certain conditions.
Type 'license()' or 'licence()' for distribution details.
R is a collaborative project with many contributors.
Type 'contributors()' for more information and
'citation()' on how to cite R or R packages in publications.
Type 'demo()' for some demos, 'help()' for on-line help, or
'help.start()' for an HTML browser interface to help.
Type 'q()' to quit R.
> library(testthat)
> library(GEOquery)
Loading required package: Biobase
Loading required package: BiocGenerics
Loading required package: generics
Attaching package: 'generics'
The following objects are masked from 'package:base':
as.difftime, as.factor, as.ordered, intersect, is.element, setdiff,
setequal, union
Attaching package: 'BiocGenerics'
The following objects are masked from 'package:stats':
IQR, mad, sd, var, xtabs
The following objects are masked from 'package:base':
Filter, Find, Map, Position, Reduce, anyDuplicated, aperm, append,
as.data.frame, basename, cbind, colnames, dirname, do.call,
duplicated, eval, evalq, get, grep, grepl, is.unsorted, lapply,
mapply, match, mget, order, paste, pmax, pmax.int, pmin, pmin.int,
rank, rbind, rownames, sapply, saveRDS, table, tapply, unique,
unsplit, which.max, which.min
Welcome to Bioconductor
Vignettes contain introductory material; view with
'browseVignettes()'. To cite Bioconductor, see
'citation("Biobase")', and for packages 'citation("pkgname")'.
Setting options('download.file.method.GEOquery'='auto')
Setting options('GEOquery.inmemory.gpl'=FALSE)
>
> test_check("GEOquery")
[ FAIL 0 | WARN 0 | SKIP 0 | PASS 238 ]
>
> proc.time()
user system elapsed
49.098 4.410 96.234
GEOquery.Rcheck/GEOquery-Ex.timings
| name | user | system | elapsed | |
| browseGEOAccession | 0.001 | 0.000 | 0.000 | |
| browseWebsiteRNASeqSearch | 0 | 0 | 0 | |
| coercion | 0 | 0 | 0 | |
| getGEO | 2.815 | 0.126 | 4.093 | |
| getGEOSeriesFileListing | 0.307 | 0.008 | 0.372 | |
| getGEOSuppFileURL | 0.000 | 0.000 | 0.001 | |
| getGEOSuppFiles | 0.073 | 0.003 | 0.179 | |
| getGEOfile | 0 | 0 | 0 | |
| getGSEDataTables | 0.132 | 0.016 | 4.704 | |
| getRNASeqData | 4.376 | 0.242 | 11.521 | |
| getRNASeqQuantGenomeInfo | 0.008 | 0.000 | 0.076 | |
| hasRNASeqQuantifications | 0.006 | 0.001 | 0.073 | |
| searchFieldsGEO | 0.055 | 0.003 | 0.501 | |
| searchGEO | 0 | 0 | 0 | |
| urlForAccession | 0 | 0 | 0 | |