Back to Rapid builds (Linux only) of a subset of BioC 3.23
Report updated every 6 hours

This page was generated on 2025-11-13 10:13 -0500 (Thu, 13 Nov 2025).

HostnameOSArch (*)R versionInstalled pkgs
teran2Linux (Ubuntu 24.04.3 LTS)x86_64R Under development (unstable) (2025-10-28 r88973) -- "Unsuffered Consequences" 917
Click on any hostname to see more info about the system (e.g. compilers)      (*) as reported by 'uname -p', except on Windows and Mac OS X

Package 81/230HostnameOS / ArchINSTALLBUILDCHECK
EnhancedVolcano 1.29.0  (landing page)
Kevin Blighe
Snapshot Date: 2025-11-13 06:00 -0500 (Thu, 13 Nov 2025)
git_url: https://git.bioconductor.org/packages/EnhancedVolcano
git_branch: devel
git_last_commit: e9e0951
git_last_commit_date: 2025-10-29 10:47:03 -0500 (Wed, 29 Oct 2025)
teran2Linux (Ubuntu 24.04.3 LTS) / x86_64  OK    OK    ERROR  


CHECK results for EnhancedVolcano on teran2

To the developers/maintainers of the EnhancedVolcano package:
- Use the following Renviron settings to reproduce errors and warnings.
- If 'R CMD check' started to fail recently on the Linux builder(s) over a missing dependency, add the missing dependency to 'Suggests:' in your DESCRIPTION file. See Renviron.bioc for more information.

raw results


Summary

Package: EnhancedVolcano
Version: 1.29.0
Command: /home/rapidbuild/bbs-3.23-bioc-rapid/R/bin/R CMD check --install=check:EnhancedVolcano.install-out.txt --library=/home/rapidbuild/bbs-3.23-bioc-rapid/R/site-library --timings EnhancedVolcano_1.29.0.tar.gz
StartedAt: 2025-11-13 08:19:45 -0500 (Thu, 13 Nov 2025)
EndedAt: 2025-11-13 08:19:49 -0500 (Thu, 13 Nov 2025)
EllapsedTime: 4.0 seconds
RetCode: 1
Status:   ERROR  
CheckDir: EnhancedVolcano.Rcheck
Warnings: NA

Command output

##############################################################################
##############################################################################
###
### Running command:
###
###   /home/rapidbuild/bbs-3.23-bioc-rapid/R/bin/R CMD check --install=check:EnhancedVolcano.install-out.txt --library=/home/rapidbuild/bbs-3.23-bioc-rapid/R/site-library --timings EnhancedVolcano_1.29.0.tar.gz
###
##############################################################################
##############################################################################


* using log directory ‘/media/volume/teran2_disk/rapidbuild/bbs-3.23-bioc-rapid/meat/EnhancedVolcano.Rcheck’
* using R Under development (unstable) (2025-10-28 r88973)
* using platform: x86_64-pc-linux-gnu
* R was compiled by
    gcc (Ubuntu 13.3.0-6ubuntu2~24.04) 13.3.0
    GNU Fortran (Ubuntu 13.3.0-6ubuntu2~24.04) 13.3.0
* running under: Ubuntu 24.04.3 LTS
* using session charset: UTF-8
* checking for file ‘EnhancedVolcano/DESCRIPTION’ ... OK
* checking extension type ... Package
* this is package ‘EnhancedVolcano’ version ‘1.29.0’
* checking CRAN incoming feasibility ... NOTE
Maintainer: ‘Kevin Blighe <kevin@clinicalbioinformatics.co.uk>’

Unknown, possibly misspelled, fields in DESCRIPTION:
  ‘git_url’ ‘git_branch’ ‘git_last_commit’ ‘git_last_commit_date’

The Title field should be in title case. Current version is:
  ‘Publication-ready volcano plots with enhanced colouring and labeling’
In title case that is:
  ‘Publication-Ready Volcano Plots with Enhanced Colouring and Labeling’
* checking package namespace information ... OK
* checking package dependencies ... ERROR
Package suggested but not available: ‘ggalt’

The suggested packages are required for a complete check.
Checking can be attempted without them by setting the environment
variable _R_CHECK_FORCE_SUGGESTS_ to a false value.

See section ‘The DESCRIPTION file’ in the ‘Writing R Extensions’
manual.
* DONE

Status: 1 ERROR, 1 NOTE
See
  ‘/media/volume/teran2_disk/rapidbuild/bbs-3.23-bioc-rapid/meat/EnhancedVolcano.Rcheck/00check.log’
for details.


Installation output


Tests output


Example timings