Back to Rapid builds (Linux only) of a subset of BioC 3.21
Report updated every 6 hours

This page was generated on 2025-02-06 10:01 -0500 (Thu, 06 Feb 2025).

HostnameOSArch (*)R versionInstalled pkgs
teran2Linux (Ubuntu 24.04.1 LTS)x86_64R Under development (unstable) (2025-01-20 r87609) -- "Unsuffered Consequences" 869
Click on any hostname to see more info about the system (e.g. compilers)      (*) as reported by 'uname -p', except on Windows and Mac OS X

Package 41/217HostnameOS / ArchINSTALLBUILDCHECK
Biostrings 2.75.3  (landing page)
Hervé Pagès
Snapshot Date: 2025-02-06 06:00 -0500 (Thu, 06 Feb 2025)
git_url: https://git.bioconductor.org/packages/Biostrings
git_branch: devel
git_last_commit: 1169409
git_last_commit_date: 2024-12-14 01:58:11 -0500 (Sat, 14 Dec 2024)
teran2Linux (Ubuntu 24.04.1 LTS) / x86_64  OK    OK    WARNINGS  


CHECK results for Biostrings on teran2

To the developers/maintainers of the Biostrings package:
- Use the following Renviron settings to reproduce errors and warnings.
- If 'R CMD check' started to fail recently on the Linux builder(s) over a missing dependency, add the missing dependency to 'Suggests:' in your DESCRIPTION file. See Renviron.bioc for more information.

raw results


Summary

Package: Biostrings
Version: 2.75.3
Command: /home/rapidbuild/bbs-3.21-bioc-rapid/R/bin/R CMD check --install=check:Biostrings.install-out.txt --library=/home/rapidbuild/bbs-3.21-bioc-rapid/R/site-library --timings Biostrings_2.75.3.tar.gz
StartedAt: 2025-02-06 08:05:53 -0500 (Thu, 06 Feb 2025)
EndedAt: 2025-02-06 08:13:12 -0500 (Thu, 06 Feb 2025)
EllapsedTime: 439.4 seconds
RetCode: 0
Status:   WARNINGS  
CheckDir: Biostrings.Rcheck
Warnings: 1

Command output

##############################################################################
##############################################################################
###
### Running command:
###
###   /home/rapidbuild/bbs-3.21-bioc-rapid/R/bin/R CMD check --install=check:Biostrings.install-out.txt --library=/home/rapidbuild/bbs-3.21-bioc-rapid/R/site-library --timings Biostrings_2.75.3.tar.gz
###
##############################################################################
##############################################################################


* using log directory ‘/media/volume/teran2_disk/rapidbuild/bbs-3.21-bioc-rapid/meat/Biostrings.Rcheck’
* using R Under development (unstable) (2025-01-20 r87609)
* using platform: x86_64-pc-linux-gnu
* R was compiled by
    gcc (Ubuntu 13.3.0-6ubuntu2~24.04) 13.3.0
    GNU Fortran (Ubuntu 13.3.0-6ubuntu2~24.04) 13.3.0
* running under: Ubuntu 24.04.1 LTS
* using session charset: UTF-8
* checking for file ‘Biostrings/DESCRIPTION’ ... OK
* this is package ‘Biostrings’ version ‘2.75.3’
* package encoding: UTF-8
* checking package namespace information ... OK
* checking package dependencies ... OK
* checking if this is a source package ... OK
* checking if there is a namespace ... OK
* checking for hidden files and directories ... OK
* checking for portable file names ... OK
* checking for sufficient/correct file permissions ... OK
* checking whether package ‘Biostrings’ can be installed ... OK
* used C compiler: ‘gcc (Ubuntu 13.3.0-6ubuntu2~24.04) 13.3.0’
* checking installed package size ... INFO
  installed size is 14.2Mb
  sub-directories of 1Mb or more:
    R         1.5Mb
    extdata  11.1Mb
* checking package directory ... OK
* checking ‘build’ directory ... OK
* checking DESCRIPTION meta-information ... OK
* checking top-level files ... OK
* checking for left-over files ... OK
* checking index information ... OK
* checking package subdirectories ... OK
* checking code files for non-ASCII characters ... OK
* checking R files for syntax errors ... OK
* checking whether the package can be loaded ... OK
* checking whether the package can be loaded with stated dependencies ... OK
* checking whether the package can be unloaded cleanly ... OK
* checking whether the namespace can be loaded with stated dependencies ... OK
* checking whether the namespace can be unloaded cleanly ... OK
* checking loading without being on the library search path ... OK
* checking whether startup messages can be suppressed ... OK
* checking dependencies in R code ... OK
* checking S3 generic/method consistency ... OK
* checking replacement functions ... OK
* checking foreign function calls ... OK
* checking R code for possible problems ... OK
* checking Rd files ... OK
* checking Rd metadata ... OK
* checking Rd cross-references ... NOTE
Found the following Rd file(s) with Rd \link{} targets missing package
anchors:
  MultipleAlignment-class.Rd: NormalIRanges
Please provide package anchors for all Rd \link{} targets not in the
package itself and the base packages.
* checking for missing documentation entries ... WARNING
Undocumented code objects:
  ‘strsplit’ ‘twoWayAlphabetFrequency’
Undocumented S4 methods:
  generic 'hasOnlyBaseLetters' and siglist 'AAString'
  generic 'hasOnlyBaseLetters' and siglist 'AAStringSet'
  generic 'match' and siglist 'Vector,XStringSet'
  generic 'match' and siglist 'XStringSet,Vector'
  generic 'match' and siglist 'XStringSet,vector'
  generic 'match' and siglist 'vector,XStringSet'
  generic 'parallel_slot_names' and siglist 'ByPos_MIndex'
  generic 'parallel_slot_names' and siglist 'MIndex'
  generic 'pcompare' and siglist 'Vector,XStringSet'
  generic 'pcompare' and siglist 'XStringSet,Vector'
  generic 'pcompare' and siglist 'XStringSet,vector'
  generic 'pcompare' and siglist 'vector,XStringSet'
  generic 'relistToClass' and siglist 'XString'
  generic 'strsplit' and siglist 'XStringSet'
  generic 'twoWayAlphabetFrequency' and siglist 'XString,XString'
  generic 'twoWayAlphabetFrequency' and siglist 'XString,XStringSet'
  generic 'twoWayAlphabetFrequency' and siglist 'XStringSet,XString'
  generic 'twoWayAlphabetFrequency' and siglist 'XStringSet,XStringSet'
  generic 'unstrsplit' and siglist 'XStringSet'
  generic 'unstrsplit' and siglist 'XStringSetList'
All user-level objects in a package (including S4 classes and methods)
should have documentation entries.
See chapter ‘Writing R documentation files’ in the ‘Writing R
Extensions’ manual.
* checking for code/documentation mismatches ... OK
* checking Rd \usage sections ... OK
* checking Rd contents ... OK
* checking for unstated dependencies in examples ... OK
* checking contents of ‘data’ directory ... OK
* checking data for non-ASCII characters ... OK
* checking data for ASCII and uncompressed saves ... OK
* checking line endings in C/C++/Fortran sources/headers ... OK
* checking compiled code ... NOTE
Note: information on .o files is not available
File ‘Biostrings/libs/Biostrings.so’:
  Found non-API calls to R: ‘NAMED’, ‘SET_NAMED’

Compiled code should not call non-API entry points in R.

See ‘Writing portable packages’ in the ‘Writing R Extensions’ manual,
and section ‘Moving into C API compliance’ for issues with the use of
non-API entry points.
* checking files in ‘vignettes’ ... OK
* checking examples ... OK
Examples with CPU (user + system) or elapsed time > 5s
                      user system elapsed
matchPDict-exact   196.642  1.106 218.833
matchPDict-inexact  27.807  0.138  29.958
findPalindromes     27.040  0.109  28.162
XStringSet-class     7.521  0.582  10.278
* checking for unstated dependencies in ‘tests’ ... OK
* checking tests ...
  Running ‘testthat.R’
 OK
* checking for unstated dependencies in vignettes ... OK
* checking package vignettes ... OK
* checking re-building of vignette outputs ... OK
* checking PDF version of manual ... OK
* DONE

Status: 1 WARNING, 2 NOTEs
See
  ‘/media/volume/teran2_disk/rapidbuild/bbs-3.21-bioc-rapid/meat/Biostrings.Rcheck/00check.log’
for details.


Installation output

Biostrings.Rcheck/00install.out

##############################################################################
##############################################################################
###
### Running command:
###
###   /home/rapidbuild/bbs-3.21-bioc-rapid/R/bin/R CMD INSTALL Biostrings
###
##############################################################################
##############################################################################


* installing to library ‘/media/volume/teran2_disk/rapidbuild/bbs-3.21-bioc-rapid/R/site-library’
* installing *source* package ‘Biostrings’ ...
** this is package ‘Biostrings’ version ‘2.75.3’
** using staged installation
** libs
using C compiler: ‘gcc (Ubuntu 13.3.0-6ubuntu2~24.04) 13.3.0’
gcc -I"/home/rapidbuild/bbs-3.21-bioc-rapid/R/include" -DNDEBUG  -I'/media/volume/teran2_disk/rapidbuild/bbs-3.21-bioc-rapid/R/site-library/S4Vectors/include' -I'/media/volume/teran2_disk/rapidbuild/bbs-3.21-bioc-rapid/R/site-library/IRanges/include' -I'/media/volume/teran2_disk/rapidbuild/bbs-3.21-bioc-rapid/R/site-library/XVector/include' -I/usr/local/include    -fpic  -g -O2  -Wall -Werror=format-security -c BAB_class.c -o BAB_class.o
gcc -I"/home/rapidbuild/bbs-3.21-bioc-rapid/R/include" -DNDEBUG  -I'/media/volume/teran2_disk/rapidbuild/bbs-3.21-bioc-rapid/R/site-library/S4Vectors/include' -I'/media/volume/teran2_disk/rapidbuild/bbs-3.21-bioc-rapid/R/site-library/IRanges/include' -I'/media/volume/teran2_disk/rapidbuild/bbs-3.21-bioc-rapid/R/site-library/XVector/include' -I/usr/local/include    -fpic  -g -O2  -Wall -Werror=format-security -c BitMatrix.c -o BitMatrix.o
BitMatrix.c:299:13: warning: ‘BitMatrix_print’ defined but not used [-Wunused-function]
  299 | static void BitMatrix_print(BitMatrix *bitmat)
      |             ^~~~~~~~~~~~~~~
gcc -I"/home/rapidbuild/bbs-3.21-bioc-rapid/R/include" -DNDEBUG  -I'/media/volume/teran2_disk/rapidbuild/bbs-3.21-bioc-rapid/R/site-library/S4Vectors/include' -I'/media/volume/teran2_disk/rapidbuild/bbs-3.21-bioc-rapid/R/site-library/IRanges/include' -I'/media/volume/teran2_disk/rapidbuild/bbs-3.21-bioc-rapid/R/site-library/XVector/include' -I/usr/local/include    -fpic  -g -O2  -Wall -Werror=format-security -c IRanges_stubs.c -o IRanges_stubs.o
gcc -I"/home/rapidbuild/bbs-3.21-bioc-rapid/R/include" -DNDEBUG  -I'/media/volume/teran2_disk/rapidbuild/bbs-3.21-bioc-rapid/R/site-library/S4Vectors/include' -I'/media/volume/teran2_disk/rapidbuild/bbs-3.21-bioc-rapid/R/site-library/IRanges/include' -I'/media/volume/teran2_disk/rapidbuild/bbs-3.21-bioc-rapid/R/site-library/XVector/include' -I/usr/local/include    -fpic  -g -O2  -Wall -Werror=format-security -c MIndex_class.c -o MIndex_class.o
MIndex_class.c: In function ‘SparseMIndex_endIndex’:
MIndex_class.c:184:27: warning: unused variable ‘poffsets_order’ [-Wunused-variable]
  184 |         IntAE *poffsets, *poffsets_order;
      |                           ^~~~~~~~~~~~~~
gcc -I"/home/rapidbuild/bbs-3.21-bioc-rapid/R/include" -DNDEBUG  -I'/media/volume/teran2_disk/rapidbuild/bbs-3.21-bioc-rapid/R/site-library/S4Vectors/include' -I'/media/volume/teran2_disk/rapidbuild/bbs-3.21-bioc-rapid/R/site-library/IRanges/include' -I'/media/volume/teran2_disk/rapidbuild/bbs-3.21-bioc-rapid/R/site-library/XVector/include' -I/usr/local/include    -fpic  -g -O2  -Wall -Werror=format-security -c PreprocessedTB_class.c -o PreprocessedTB_class.o
gcc -I"/home/rapidbuild/bbs-3.21-bioc-rapid/R/include" -DNDEBUG  -I'/media/volume/teran2_disk/rapidbuild/bbs-3.21-bioc-rapid/R/site-library/S4Vectors/include' -I'/media/volume/teran2_disk/rapidbuild/bbs-3.21-bioc-rapid/R/site-library/IRanges/include' -I'/media/volume/teran2_disk/rapidbuild/bbs-3.21-bioc-rapid/R/site-library/XVector/include' -I/usr/local/include    -fpic  -g -O2  -Wall -Werror=format-security -c R_init_Biostrings.c -o R_init_Biostrings.o
gcc -I"/home/rapidbuild/bbs-3.21-bioc-rapid/R/include" -DNDEBUG  -I'/media/volume/teran2_disk/rapidbuild/bbs-3.21-bioc-rapid/R/site-library/S4Vectors/include' -I'/media/volume/teran2_disk/rapidbuild/bbs-3.21-bioc-rapid/R/site-library/IRanges/include' -I'/media/volume/teran2_disk/rapidbuild/bbs-3.21-bioc-rapid/R/site-library/XVector/include' -I/usr/local/include    -fpic  -g -O2  -Wall -Werror=format-security -c RoSeqs_utils.c -o RoSeqs_utils.o
gcc -I"/home/rapidbuild/bbs-3.21-bioc-rapid/R/include" -DNDEBUG  -I'/media/volume/teran2_disk/rapidbuild/bbs-3.21-bioc-rapid/R/site-library/S4Vectors/include' -I'/media/volume/teran2_disk/rapidbuild/bbs-3.21-bioc-rapid/R/site-library/IRanges/include' -I'/media/volume/teran2_disk/rapidbuild/bbs-3.21-bioc-rapid/R/site-library/XVector/include' -I/usr/local/include    -fpic  -g -O2  -Wall -Werror=format-security -c S4Vectors_stubs.c -o S4Vectors_stubs.o
gcc -I"/home/rapidbuild/bbs-3.21-bioc-rapid/R/include" -DNDEBUG  -I'/media/volume/teran2_disk/rapidbuild/bbs-3.21-bioc-rapid/R/site-library/S4Vectors/include' -I'/media/volume/teran2_disk/rapidbuild/bbs-3.21-bioc-rapid/R/site-library/IRanges/include' -I'/media/volume/teran2_disk/rapidbuild/bbs-3.21-bioc-rapid/R/site-library/XVector/include' -I/usr/local/include    -fpic  -g -O2  -Wall -Werror=format-security -c SparseList_utils.c -o SparseList_utils.o
gcc -I"/home/rapidbuild/bbs-3.21-bioc-rapid/R/include" -DNDEBUG  -I'/media/volume/teran2_disk/rapidbuild/bbs-3.21-bioc-rapid/R/site-library/S4Vectors/include' -I'/media/volume/teran2_disk/rapidbuild/bbs-3.21-bioc-rapid/R/site-library/IRanges/include' -I'/media/volume/teran2_disk/rapidbuild/bbs-3.21-bioc-rapid/R/site-library/XVector/include' -I/usr/local/include    -fpic  -g -O2  -Wall -Werror=format-security -c XStringSetList_class.c -o XStringSetList_class.o
gcc -I"/home/rapidbuild/bbs-3.21-bioc-rapid/R/include" -DNDEBUG  -I'/media/volume/teran2_disk/rapidbuild/bbs-3.21-bioc-rapid/R/site-library/S4Vectors/include' -I'/media/volume/teran2_disk/rapidbuild/bbs-3.21-bioc-rapid/R/site-library/IRanges/include' -I'/media/volume/teran2_disk/rapidbuild/bbs-3.21-bioc-rapid/R/site-library/XVector/include' -I/usr/local/include    -fpic  -g -O2  -Wall -Werror=format-security -c XStringSet_class.c -o XStringSet_class.o
XStringSet_class.c: In function ‘new_XStringSet_from_CHARACTER’:
XStringSet_class.c:124:17: warning: ‘lkup_len’ may be used uninitialized [-Wmaybe-uninitialized]
  124 |                 _copy_CHARSXP_to_Chars_holder(&ans_elt_holder, x_elt,
      |                 ^~~~~~~~~~~~~~~~~~~~~~~~~~~~~~~~~~~~~~~~~~~~~~~~~~~~~
  125 |                                 INTEGER(start)[i], lkup0, lkup_len);
      |                                 ~~~~~~~~~~~~~~~~~~~~~~~~~~~~~~~~~~~
XStringSet_class.c:103:22: note: ‘lkup_len’ was declared here
  103 |         int ans_len, lkup_len, i;
      |                      ^~~~~~~~
gcc -I"/home/rapidbuild/bbs-3.21-bioc-rapid/R/include" -DNDEBUG  -I'/media/volume/teran2_disk/rapidbuild/bbs-3.21-bioc-rapid/R/site-library/S4Vectors/include' -I'/media/volume/teran2_disk/rapidbuild/bbs-3.21-bioc-rapid/R/site-library/IRanges/include' -I'/media/volume/teran2_disk/rapidbuild/bbs-3.21-bioc-rapid/R/site-library/XVector/include' -I/usr/local/include    -fpic  -g -O2  -Wall -Werror=format-security -c XString_class.c -o XString_class.o
gcc -I"/home/rapidbuild/bbs-3.21-bioc-rapid/R/include" -DNDEBUG  -I'/media/volume/teran2_disk/rapidbuild/bbs-3.21-bioc-rapid/R/site-library/S4Vectors/include' -I'/media/volume/teran2_disk/rapidbuild/bbs-3.21-bioc-rapid/R/site-library/IRanges/include' -I'/media/volume/teran2_disk/rapidbuild/bbs-3.21-bioc-rapid/R/site-library/XVector/include' -I/usr/local/include    -fpic  -g -O2  -Wall -Werror=format-security -c XVector_stubs.c -o XVector_stubs.o
gcc -I"/home/rapidbuild/bbs-3.21-bioc-rapid/R/include" -DNDEBUG  -I'/media/volume/teran2_disk/rapidbuild/bbs-3.21-bioc-rapid/R/site-library/S4Vectors/include' -I'/media/volume/teran2_disk/rapidbuild/bbs-3.21-bioc-rapid/R/site-library/IRanges/include' -I'/media/volume/teran2_disk/rapidbuild/bbs-3.21-bioc-rapid/R/site-library/XVector/include' -I/usr/local/include    -fpic  -g -O2  -Wall -Werror=format-security -c find_palindromes.c -o find_palindromes.o
gcc -I"/home/rapidbuild/bbs-3.21-bioc-rapid/R/include" -DNDEBUG  -I'/media/volume/teran2_disk/rapidbuild/bbs-3.21-bioc-rapid/R/site-library/S4Vectors/include' -I'/media/volume/teran2_disk/rapidbuild/bbs-3.21-bioc-rapid/R/site-library/IRanges/include' -I'/media/volume/teran2_disk/rapidbuild/bbs-3.21-bioc-rapid/R/site-library/XVector/include' -I/usr/local/include    -fpic  -g -O2  -Wall -Werror=format-security -c gtestsim.c -o gtestsim.o
gcc -I"/home/rapidbuild/bbs-3.21-bioc-rapid/R/include" -DNDEBUG  -I'/media/volume/teran2_disk/rapidbuild/bbs-3.21-bioc-rapid/R/site-library/S4Vectors/include' -I'/media/volume/teran2_disk/rapidbuild/bbs-3.21-bioc-rapid/R/site-library/IRanges/include' -I'/media/volume/teran2_disk/rapidbuild/bbs-3.21-bioc-rapid/R/site-library/XVector/include' -I/usr/local/include    -fpic  -g -O2  -Wall -Werror=format-security -c inject_code.c -o inject_code.o
gcc -I"/home/rapidbuild/bbs-3.21-bioc-rapid/R/include" -DNDEBUG  -I'/media/volume/teran2_disk/rapidbuild/bbs-3.21-bioc-rapid/R/site-library/S4Vectors/include' -I'/media/volume/teran2_disk/rapidbuild/bbs-3.21-bioc-rapid/R/site-library/IRanges/include' -I'/media/volume/teran2_disk/rapidbuild/bbs-3.21-bioc-rapid/R/site-library/XVector/include' -I/usr/local/include    -fpic  -g -O2  -Wall -Werror=format-security -c letter_frequency.c -o letter_frequency.o
letter_frequency.c: In function ‘XStringSet_two_way_letter_frequency’:
letter_frequency.c:957:48: warning: unused variable ‘x_pos’ [-Wunused-variable]
  957 |   int x_width, y_width, x_length, *ans_mat, i, x_pos;
      |                                                ^~~~~
gcc -I"/home/rapidbuild/bbs-3.21-bioc-rapid/R/include" -DNDEBUG  -I'/media/volume/teran2_disk/rapidbuild/bbs-3.21-bioc-rapid/R/site-library/S4Vectors/include' -I'/media/volume/teran2_disk/rapidbuild/bbs-3.21-bioc-rapid/R/site-library/IRanges/include' -I'/media/volume/teran2_disk/rapidbuild/bbs-3.21-bioc-rapid/R/site-library/XVector/include' -I/usr/local/include    -fpic  -g -O2  -Wall -Werror=format-security -c lowlevel_matching.c -o lowlevel_matching.o
gcc -I"/home/rapidbuild/bbs-3.21-bioc-rapid/R/include" -DNDEBUG  -I'/media/volume/teran2_disk/rapidbuild/bbs-3.21-bioc-rapid/R/site-library/S4Vectors/include' -I'/media/volume/teran2_disk/rapidbuild/bbs-3.21-bioc-rapid/R/site-library/IRanges/include' -I'/media/volume/teran2_disk/rapidbuild/bbs-3.21-bioc-rapid/R/site-library/XVector/include' -I/usr/local/include    -fpic  -g -O2  -Wall -Werror=format-security -c match_PWM.c -o match_PWM.o
gcc -I"/home/rapidbuild/bbs-3.21-bioc-rapid/R/include" -DNDEBUG  -I'/media/volume/teran2_disk/rapidbuild/bbs-3.21-bioc-rapid/R/site-library/S4Vectors/include' -I'/media/volume/teran2_disk/rapidbuild/bbs-3.21-bioc-rapid/R/site-library/IRanges/include' -I'/media/volume/teran2_disk/rapidbuild/bbs-3.21-bioc-rapid/R/site-library/XVector/include' -I/usr/local/include    -fpic  -g -O2  -Wall -Werror=format-security -c match_pattern.c -o match_pattern.o
gcc -I"/home/rapidbuild/bbs-3.21-bioc-rapid/R/include" -DNDEBUG  -I'/media/volume/teran2_disk/rapidbuild/bbs-3.21-bioc-rapid/R/site-library/S4Vectors/include' -I'/media/volume/teran2_disk/rapidbuild/bbs-3.21-bioc-rapid/R/site-library/IRanges/include' -I'/media/volume/teran2_disk/rapidbuild/bbs-3.21-bioc-rapid/R/site-library/XVector/include' -I/usr/local/include    -fpic  -g -O2  -Wall -Werror=format-security -c match_pattern_boyermoore.c -o match_pattern_boyermoore.o
match_pattern_boyermoore.c: In function ‘_match_pattern_boyermoore’:
match_pattern_boyermoore.c:417:32: warning: ‘i1’ may be used uninitialized [-Wmaybe-uninitialized]
  417 |                         for (i = i1-1, j = j1-1; j >= 0; i--, j--)
      |                              ~~^~~~~~
match_pattern_boyermoore.c:383:42: note: ‘i1’ was declared here
  383 |         int nmatches, last_match_end, n, i1, i2, j1, j2, shift, shift1,
      |                                          ^~
match_pattern_boyermoore.c:417:42: warning: ‘j1’ may be used uninitialized [-Wmaybe-uninitialized]
  417 |                         for (i = i1-1, j = j1-1; j >= 0; i--, j--)
      |                                        ~~^~~~~~
match_pattern_boyermoore.c:383:50: note: ‘j1’ was declared here
  383 |         int nmatches, last_match_end, n, i1, i2, j1, j2, shift, shift1,
      |                                                  ^~
match_pattern_boyermoore.c:383:46: warning: ‘i2’ may be used uninitialized [-Wmaybe-uninitialized]
  383 |         int nmatches, last_match_end, n, i1, i2, j1, j2, shift, shift1,
      |                                              ^~
match_pattern_boyermoore.c:385:23: warning: ‘c’ may be used uninitialized [-Wmaybe-uninitialized]
  385 |         char ppP_rmc, c; /* ppP_rmc is 'ppP.seq' right-most char */
      |                       ^
gcc -I"/home/rapidbuild/bbs-3.21-bioc-rapid/R/include" -DNDEBUG  -I'/media/volume/teran2_disk/rapidbuild/bbs-3.21-bioc-rapid/R/site-library/S4Vectors/include' -I'/media/volume/teran2_disk/rapidbuild/bbs-3.21-bioc-rapid/R/site-library/IRanges/include' -I'/media/volume/teran2_disk/rapidbuild/bbs-3.21-bioc-rapid/R/site-library/XVector/include' -I/usr/local/include    -fpic  -g -O2  -Wall -Werror=format-security -c match_pattern_indels.c -o match_pattern_indels.o
match_pattern_indels.c:7:13: warning: ‘test_match_pattern_indels’ defined but not used [-Wunused-function]
    7 | static void test_match_pattern_indels(const char *p, const char *s,
      |             ^~~~~~~~~~~~~~~~~~~~~~~~~
gcc -I"/home/rapidbuild/bbs-3.21-bioc-rapid/R/include" -DNDEBUG  -I'/media/volume/teran2_disk/rapidbuild/bbs-3.21-bioc-rapid/R/site-library/S4Vectors/include' -I'/media/volume/teran2_disk/rapidbuild/bbs-3.21-bioc-rapid/R/site-library/IRanges/include' -I'/media/volume/teran2_disk/rapidbuild/bbs-3.21-bioc-rapid/R/site-library/XVector/include' -I/usr/local/include    -fpic  -g -O2  -Wall -Werror=format-security -c match_pattern_shiftor.c -o match_pattern_shiftor.o
gcc -I"/home/rapidbuild/bbs-3.21-bioc-rapid/R/include" -DNDEBUG  -I'/media/volume/teran2_disk/rapidbuild/bbs-3.21-bioc-rapid/R/site-library/S4Vectors/include' -I'/media/volume/teran2_disk/rapidbuild/bbs-3.21-bioc-rapid/R/site-library/IRanges/include' -I'/media/volume/teran2_disk/rapidbuild/bbs-3.21-bioc-rapid/R/site-library/XVector/include' -I/usr/local/include    -fpic  -g -O2  -Wall -Werror=format-security -c match_pdict.c -o match_pdict.o
In function ‘vcount_PDict3Parts_XStringSet’,
    inlined from ‘vmatch_PDict3Parts_XStringSet’ at match_pdict.c:508:10:
match_pdict.c:419:33: warning: ‘ans_col’ may be used uninitialized [-Wmaybe-uninitialized]
  419 |                         ans_col += tb_length;
      |                         ~~~~~~~~^~~~~~~~~~~~
match_pdict.c: In function ‘vmatch_PDict3Parts_XStringSet’:
match_pdict.c:392:65: note: ‘ans_col’ was declared here
  392 |         int tb_length, S_length, collapse0, i, j, match_count, *ans_col;
      |                                                                 ^~~~~~~
In function ‘vcount_XStringSet_XStringSet’,
    inlined from ‘vmatch_XStringSet_XStringSet’ at match_pdict.c:542:10:
match_pdict.c:470:41: warning: ‘ans_elt’ may be used uninitialized [-Wmaybe-uninitialized]
  470 |                                 ans_elt += P_length;
      |                                 ~~~~~~~~^~~~~~~~~~~
match_pdict.c: In function ‘vmatch_XStringSet_XStringSet’:
match_pdict.c:441:64: note: ‘ans_elt’ was declared here
  441 |         int P_length, S_length, collapse0, i, j, match_count, *ans_elt;
      |                                                                ^~~~~~~
gcc -I"/home/rapidbuild/bbs-3.21-bioc-rapid/R/include" -DNDEBUG  -I'/media/volume/teran2_disk/rapidbuild/bbs-3.21-bioc-rapid/R/site-library/S4Vectors/include' -I'/media/volume/teran2_disk/rapidbuild/bbs-3.21-bioc-rapid/R/site-library/IRanges/include' -I'/media/volume/teran2_disk/rapidbuild/bbs-3.21-bioc-rapid/R/site-library/XVector/include' -I/usr/local/include    -fpic  -g -O2  -Wall -Werror=format-security -c match_pdict_ACtree2.c -o match_pdict_ACtree2.o
match_pdict_ACtree2.c: In function ‘split_and_move_pointers’:
match_pdict_ACtree2.c:1031:17: warning: variable ‘node0’ set but not used [-Wunused-but-set-variable]
 1031 |         ACnode *node0, *node1, *node2;
      |                 ^~~~~
match_pdict_ACtree2.c: In function ‘merge_pointers’:
match_pdict_ACtree2.c:1076:17: warning: variable ‘node0’ set but not used [-Wunused-but-set-variable]
 1076 |         ACnode *node0, *node1, *node2;
      |                 ^~~~~
match_pdict_ACtree2.c: At top level:
match_pdict_ACtree2.c:602:21: warning: ‘a_nice_max_nodeextbuf_nelt’ defined but not used [-Wunused-function]
  602 | static unsigned int a_nice_max_nodeextbuf_nelt(int nnodes)
      |                     ^~~~~~~~~~~~~~~~~~~~~~~~~~
match_pdict_ACtree2.c:139:13: warning: ‘debug_node_counting_functions’ defined but not used [-Wunused-function]
  139 | static void debug_node_counting_functions(int maxdepth)
      |             ^~~~~~~~~~~~~~~~~~~~~~~~~~~~~
gcc -I"/home/rapidbuild/bbs-3.21-bioc-rapid/R/include" -DNDEBUG  -I'/media/volume/teran2_disk/rapidbuild/bbs-3.21-bioc-rapid/R/site-library/S4Vectors/include' -I'/media/volume/teran2_disk/rapidbuild/bbs-3.21-bioc-rapid/R/site-library/IRanges/include' -I'/media/volume/teran2_disk/rapidbuild/bbs-3.21-bioc-rapid/R/site-library/XVector/include' -I/usr/local/include    -fpic  -g -O2  -Wall -Werror=format-security -c match_pdict_Twobit.c -o match_pdict_Twobit.o
In file included from /home/rapidbuild/bbs-3.21-bioc-rapid/R/include/Rdefines.h:41,
                 from /media/volume/teran2_disk/rapidbuild/bbs-3.21-bioc-rapid/R/site-library/S4Vectors/include/S4Vectors_defines.h:18,
                 from /media/volume/teran2_disk/rapidbuild/bbs-3.21-bioc-rapid/R/site-library/IRanges/include/IRanges_defines.h:18,
                 from ../inst/include/Biostrings_defines.h:18,
                 from Biostrings.h:1,
                 from match_pdict_Twobit.c:10:
In function ‘Twobit_asLIST’,
    inlined from ‘build_Twobit’ at match_pdict_Twobit.c:145:2:
match_pdict_Twobit.c:75:27: warning: ‘twobit_sign2pos’ may be used uninitialized [-Wmaybe-uninitialized]
   75 |         PROTECT(ans_elt = new_XInteger_from_tag("XInteger", twobit_sign2pos));
      |                           ^~~~~~~~~~~~~~~~~~~~~~~~~~~~~~~~~~~~~~~~~~~~~~~~~~
/home/rapidbuild/bbs-3.21-bioc-rapid/R/include/Rinternals.h:388:36: note: in definition of macro ‘PROTECT’
  388 | #define PROTECT(s)      Rf_protect(s)
      |                                    ^
match_pdict_Twobit.c: In function ‘build_Twobit’:
match_pdict_Twobit.c:110:19: note: ‘twobit_sign2pos’ was declared here
  110 |         SEXP ans, twobit_sign2pos;
      |                   ^~~~~~~~~~~~~~~
gcc -I"/home/rapidbuild/bbs-3.21-bioc-rapid/R/include" -DNDEBUG  -I'/media/volume/teran2_disk/rapidbuild/bbs-3.21-bioc-rapid/R/site-library/S4Vectors/include' -I'/media/volume/teran2_disk/rapidbuild/bbs-3.21-bioc-rapid/R/site-library/IRanges/include' -I'/media/volume/teran2_disk/rapidbuild/bbs-3.21-bioc-rapid/R/site-library/XVector/include' -I/usr/local/include    -fpic  -g -O2  -Wall -Werror=format-security -c match_pdict_utils.c -o match_pdict_utils.o
match_pdict_utils.c: In function ‘match_ppheadtail0’:
match_pdict_utils.c:653:56: warning: unused variable ‘ncol’ [-Wunused-variable]
  653 |         int nelt, min_safe_tb_end, max_safe_tb_end, j, ncol;
      |                                                        ^~~~
match_pdict_utils.c: In function ‘match_ppheadtail’:
match_pdict_utils.c:713:13: warning: unused variable ‘nelt’ [-Wunused-variable]
  713 |         int nelt, nkey0, nkey1, nkey2, i, key;
      |             ^~~~
match_pdict_utils.c: In function ‘_match_pdict_all_flanks’:
match_pdict_utils.c:820:51: warning: unused variable ‘subtotal_NFC’ [-Wunused-variable]
  820 |         static unsigned long int total_NFC = 0UL, subtotal_NFC = 0UL;
      |                                                   ^~~~~~~~~~~~
match_pdict_utils.c:820:34: warning: unused variable ‘total_NFC’ [-Wunused-variable]
  820 |         static unsigned long int total_NFC = 0UL, subtotal_NFC = 0UL;
      |                                  ^~~~~~~~~
match_pdict_utils.c:819:40: warning: unused variable ‘NFC’ [-Wunused-variable]
  819 |         unsigned long int ndup, nloci, NFC; // NFC = Number of Flank Comparisons
      |                                        ^~~
match_pdict_utils.c:819:33: warning: unused variable ‘nloci’ [-Wunused-variable]
  819 |         unsigned long int ndup, nloci, NFC; // NFC = Number of Flank Comparisons
      |                                 ^~~~~
match_pdict_utils.c:819:27: warning: unused variable ‘ndup’ [-Wunused-variable]
  819 |         unsigned long int ndup, nloci, NFC; // NFC = Number of Flank Comparisons
      |                           ^~~~
match_pdict_utils.c: At top level:
match_pdict_utils.c:261:13: warning: ‘match_headtail_by_loc’ defined but not used [-Wunused-function]
  261 | static void match_headtail_by_loc(const HeadTail *headtail,
      |             ^~~~~~~~~~~~~~~~~~~~~
gcc -I"/home/rapidbuild/bbs-3.21-bioc-rapid/R/include" -DNDEBUG  -I'/media/volume/teran2_disk/rapidbuild/bbs-3.21-bioc-rapid/R/site-library/S4Vectors/include' -I'/media/volume/teran2_disk/rapidbuild/bbs-3.21-bioc-rapid/R/site-library/IRanges/include' -I'/media/volume/teran2_disk/rapidbuild/bbs-3.21-bioc-rapid/R/site-library/XVector/include' -I/usr/local/include    -fpic  -g -O2  -Wall -Werror=format-security -c match_reporting.c -o match_reporting.o
gcc -I"/home/rapidbuild/bbs-3.21-bioc-rapid/R/include" -DNDEBUG  -I'/media/volume/teran2_disk/rapidbuild/bbs-3.21-bioc-rapid/R/site-library/S4Vectors/include' -I'/media/volume/teran2_disk/rapidbuild/bbs-3.21-bioc-rapid/R/site-library/IRanges/include' -I'/media/volume/teran2_disk/rapidbuild/bbs-3.21-bioc-rapid/R/site-library/XVector/include' -I/usr/local/include    -fpic  -g -O2  -Wall -Werror=format-security -c matchprobes.c -o matchprobes.o
gcc -I"/home/rapidbuild/bbs-3.21-bioc-rapid/R/include" -DNDEBUG  -I'/media/volume/teran2_disk/rapidbuild/bbs-3.21-bioc-rapid/R/site-library/S4Vectors/include' -I'/media/volume/teran2_disk/rapidbuild/bbs-3.21-bioc-rapid/R/site-library/IRanges/include' -I'/media/volume/teran2_disk/rapidbuild/bbs-3.21-bioc-rapid/R/site-library/XVector/include' -I/usr/local/include    -fpic  -g -O2  -Wall -Werror=format-security -c pmatchPattern.c -o pmatchPattern.o
gcc -I"/home/rapidbuild/bbs-3.21-bioc-rapid/R/include" -DNDEBUG  -I'/media/volume/teran2_disk/rapidbuild/bbs-3.21-bioc-rapid/R/site-library/S4Vectors/include' -I'/media/volume/teran2_disk/rapidbuild/bbs-3.21-bioc-rapid/R/site-library/IRanges/include' -I'/media/volume/teran2_disk/rapidbuild/bbs-3.21-bioc-rapid/R/site-library/XVector/include' -I/usr/local/include    -fpic  -g -O2  -Wall -Werror=format-security -c read_fasta_files.c -o read_fasta_files.o
gcc -I"/home/rapidbuild/bbs-3.21-bioc-rapid/R/include" -DNDEBUG  -I'/media/volume/teran2_disk/rapidbuild/bbs-3.21-bioc-rapid/R/site-library/S4Vectors/include' -I'/media/volume/teran2_disk/rapidbuild/bbs-3.21-bioc-rapid/R/site-library/IRanges/include' -I'/media/volume/teran2_disk/rapidbuild/bbs-3.21-bioc-rapid/R/site-library/XVector/include' -I/usr/local/include    -fpic  -g -O2  -Wall -Werror=format-security -c read_fastq_files.c -o read_fastq_files.o
read_fastq_files.c: In function ‘parse_FASTQ_file’:
read_fastq_files.c:408:28: warning: ‘dont_load’ may be used uninitialized [-Wmaybe-uninitialized]
  408 |                         if (dont_load || loader->new_qualid_hook == NULL)
      |                            ^
read_fastq_files.c:311:26: note: ‘dont_load’ was declared here
  311 |             lineinrecno, dont_load;
      |                          ^~~~~~~~~
gcc -I"/home/rapidbuild/bbs-3.21-bioc-rapid/R/include" -DNDEBUG  -I'/media/volume/teran2_disk/rapidbuild/bbs-3.21-bioc-rapid/R/site-library/S4Vectors/include' -I'/media/volume/teran2_disk/rapidbuild/bbs-3.21-bioc-rapid/R/site-library/IRanges/include' -I'/media/volume/teran2_disk/rapidbuild/bbs-3.21-bioc-rapid/R/site-library/XVector/include' -I/usr/local/include    -fpic  -g -O2  -Wall -Werror=format-security -c replaceAt.c -o replaceAt.o
gcc -I"/home/rapidbuild/bbs-3.21-bioc-rapid/R/include" -DNDEBUG  -I'/media/volume/teran2_disk/rapidbuild/bbs-3.21-bioc-rapid/R/site-library/S4Vectors/include' -I'/media/volume/teran2_disk/rapidbuild/bbs-3.21-bioc-rapid/R/site-library/IRanges/include' -I'/media/volume/teran2_disk/rapidbuild/bbs-3.21-bioc-rapid/R/site-library/XVector/include' -I/usr/local/include    -fpic  -g -O2  -Wall -Werror=format-security -c replace_letter_at.c -o replace_letter_at.o
gcc -I"/home/rapidbuild/bbs-3.21-bioc-rapid/R/include" -DNDEBUG  -I'/media/volume/teran2_disk/rapidbuild/bbs-3.21-bioc-rapid/R/site-library/S4Vectors/include' -I'/media/volume/teran2_disk/rapidbuild/bbs-3.21-bioc-rapid/R/site-library/IRanges/include' -I'/media/volume/teran2_disk/rapidbuild/bbs-3.21-bioc-rapid/R/site-library/XVector/include' -I/usr/local/include    -fpic  -g -O2  -Wall -Werror=format-security -c strutils.c -o strutils.o
gcc -I"/home/rapidbuild/bbs-3.21-bioc-rapid/R/include" -DNDEBUG  -I'/media/volume/teran2_disk/rapidbuild/bbs-3.21-bioc-rapid/R/site-library/S4Vectors/include' -I'/media/volume/teran2_disk/rapidbuild/bbs-3.21-bioc-rapid/R/site-library/IRanges/include' -I'/media/volume/teran2_disk/rapidbuild/bbs-3.21-bioc-rapid/R/site-library/XVector/include' -I/usr/local/include    -fpic  -g -O2  -Wall -Werror=format-security -c translate.c -o translate.o
gcc -I"/home/rapidbuild/bbs-3.21-bioc-rapid/R/include" -DNDEBUG  -I'/media/volume/teran2_disk/rapidbuild/bbs-3.21-bioc-rapid/R/site-library/S4Vectors/include' -I'/media/volume/teran2_disk/rapidbuild/bbs-3.21-bioc-rapid/R/site-library/IRanges/include' -I'/media/volume/teran2_disk/rapidbuild/bbs-3.21-bioc-rapid/R/site-library/XVector/include' -I/usr/local/include    -fpic  -g -O2  -Wall -Werror=format-security -c unstrsplit_methods.c -o unstrsplit_methods.o
gcc -I"/home/rapidbuild/bbs-3.21-bioc-rapid/R/include" -DNDEBUG  -I'/media/volume/teran2_disk/rapidbuild/bbs-3.21-bioc-rapid/R/site-library/S4Vectors/include' -I'/media/volume/teran2_disk/rapidbuild/bbs-3.21-bioc-rapid/R/site-library/IRanges/include' -I'/media/volume/teran2_disk/rapidbuild/bbs-3.21-bioc-rapid/R/site-library/XVector/include' -I/usr/local/include    -fpic  -g -O2  -Wall -Werror=format-security -c utils.c -o utils.o
utils.c: In function ‘_get_twobit_signature’:
utils.c:157:16: warning: ‘twobit_sign’ may be used uninitialized [-Wmaybe-uninitialized]
  157 |         return twobit_sign;
      |                ^~~~~~~~~~~
utils.c:150:16: note: ‘twobit_sign’ was declared here
  150 |         int i, twobit_sign;
      |                ^~~~~~~~~~~
utils.c: In function ‘_get_twobit_signature_at’:
utils.c:174:16: warning: ‘twobit_sign’ may be used uninitialized [-Wmaybe-uninitialized]
  174 |         return twobit_sign;
      |                ^~~~~~~~~~~
utils.c:164:19: note: ‘twobit_sign’ was declared here
  164 |         int i, j, twobit_sign;
      |                   ^~~~~~~~~~~
gcc -I"/home/rapidbuild/bbs-3.21-bioc-rapid/R/include" -DNDEBUG  -I'/media/volume/teran2_disk/rapidbuild/bbs-3.21-bioc-rapid/R/site-library/S4Vectors/include' -I'/media/volume/teran2_disk/rapidbuild/bbs-3.21-bioc-rapid/R/site-library/IRanges/include' -I'/media/volume/teran2_disk/rapidbuild/bbs-3.21-bioc-rapid/R/site-library/XVector/include' -I/usr/local/include    -fpic  -g -O2  -Wall -Werror=format-security -c xscat.c -o xscat.o
In file included from /home/rapidbuild/bbs-3.21-bioc-rapid/R/include/Rdefines.h:41,
                 from /media/volume/teran2_disk/rapidbuild/bbs-3.21-bioc-rapid/R/site-library/S4Vectors/include/S4Vectors_defines.h:18,
                 from /media/volume/teran2_disk/rapidbuild/bbs-3.21-bioc-rapid/R/site-library/IRanges/include/IRanges_defines.h:18,
                 from ../inst/include/Biostrings_defines.h:18,
                 from Biostrings.h:1,
                 from xscat.c:1:
xscat.c: In function ‘XString_xscat’:
/home/rapidbuild/bbs-3.21-bioc-rapid/R/include/Rdefines.h:91:33: warning: ‘ans_length’ may be used uninitialized [-Wmaybe-uninitialized]
   91 | #define NEW_RAW(n)              Rf_allocVector(RAWSXP,n)
      |                                 ^~~~~~~~~~~~~~~~~~~~~~~~
/home/rapidbuild/bbs-3.21-bioc-rapid/R/include/Rinternals.h:388:36: note: in definition of macro ‘PROTECT’
  388 | #define PROTECT(s)      Rf_protect(s)
      |                                    ^
xscat.c:38:27: note: in expansion of macro ‘NEW_RAW’
   38 |         PROTECT(ans_tag = NEW_RAW(ans_length));
      |                           ^~~~~~~
xscat.c:18:20: note: ‘ans_length’ was declared here
   18 |         int nargs, ans_length, tag_offset, j;
      |                    ^~~~~~~~~~
xscat.c:52:23: warning: ‘ans_classname’ may be used uninitialized [-Wmaybe-uninitialized]
   52 |         PROTECT(ans = new_XRaw_from_tag(ans_classname, ans_tag));
      |                       ^~~~~~~~~~~~~~~~~~~~~~~~~~~~~~~~~~~~~~~~~
/home/rapidbuild/bbs-3.21-bioc-rapid/R/include/Rinternals.h:388:36: note: in definition of macro ‘PROTECT’
  388 | #define PROTECT(s)      Rf_protect(s)
      |                                    ^
xscat.c:20:21: note: ‘ans_classname’ was declared here
   20 |         const char *ans_classname;
      |                     ^~~~~~~~~~~~~
xscat.c: In function ‘XStringSet_xscat’:
/home/rapidbuild/bbs-3.21-bioc-rapid/R/include/Rdefines.h:85:33: warning: ‘ans_length’ may be used uninitialized [-Wmaybe-uninitialized]
   85 | #define NEW_INTEGER(n)          Rf_allocVector(INTSXP,n)
      |                                 ^~~~~~~~~~~~~~~~~~~~~~~~
/home/rapidbuild/bbs-3.21-bioc-rapid/R/include/Rinternals.h:388:36: note: in definition of macro ‘PROTECT’
  388 | #define PROTECT(s)      Rf_protect(s)
      |                                    ^
xscat.c:91:29: note: in expansion of macro ‘NEW_INTEGER’
   91 |         PROTECT(ans_width = NEW_INTEGER(ans_length));
      |                             ^~~~~~~~~~~
xscat.c:66:39: note: ‘ans_length’ was declared here
   66 |         int nargs, *arg_lengths, *ii, ans_length, i, j, *width;
      |                                       ^~~~~~~~~~
xscat.c:108:23: warning: ‘ans_element_type’ may be used uninitialized [-Wmaybe-uninitialized]
  108 |         PROTECT(ans = _alloc_XStringSet(ans_element_type, ans_width));
      |                       ^~~~~~~~~~~~~~~~~~~~~~~~~~~~~~~~~~~~~~~~~~~~~~
/home/rapidbuild/bbs-3.21-bioc-rapid/R/include/Rinternals.h:388:36: note: in definition of macro ‘PROTECT’
  388 | #define PROTECT(s)      Rf_protect(s)
      |                                    ^
xscat.c:68:21: note: ‘ans_element_type’ was declared here
   68 |         const char *ans_element_type;
      |                     ^~~~~~~~~~~~~~~~
gcc -shared -L/usr/local/lib -o Biostrings.so BAB_class.o BitMatrix.o IRanges_stubs.o MIndex_class.o PreprocessedTB_class.o R_init_Biostrings.o RoSeqs_utils.o S4Vectors_stubs.o SparseList_utils.o XStringSetList_class.o XStringSet_class.o XString_class.o XVector_stubs.o find_palindromes.o gtestsim.o inject_code.o letter_frequency.o lowlevel_matching.o match_PWM.o match_pattern.o match_pattern_boyermoore.o match_pattern_indels.o match_pattern_shiftor.o match_pdict.o match_pdict_ACtree2.o match_pdict_Twobit.o match_pdict_utils.o match_reporting.o matchprobes.o pmatchPattern.o read_fasta_files.o read_fastq_files.o replaceAt.o replace_letter_at.o strutils.o translate.o unstrsplit_methods.o utils.o xscat.o
installing to /media/volume/teran2_disk/rapidbuild/bbs-3.21-bioc-rapid/R/site-library/00LOCK-Biostrings/00new/Biostrings/libs
** R
** data
** inst
** byte-compile and prepare package for lazy loading
in method for ‘twoWayAlphabetFrequencyByQuality’ with signature ‘"QualityScaledXStringSet"’: no definition for class “QualityScaledXStringSet”
Creating a new generic function for ‘strsplit’ in package ‘Biostrings’
Creating a generic function for ‘ls’ from package ‘base’ in package ‘Biostrings’
Creating a new generic function for ‘offset’ in package ‘Biostrings’
** help
*** installing help indices
** building package indices
** installing vignettes
** testing if installed package can be loaded from temporary location
** checking absolute paths in shared objects and dynamic libraries
** testing if installed package can be loaded from final location
** testing if installed package keeps a record of temporary installation path
* DONE (Biostrings)

Tests output

Biostrings.Rcheck/tests/testthat.Rout


R Under development (unstable) (2025-01-20 r87609) -- "Unsuffered Consequences"
Copyright (C) 2025 The R Foundation for Statistical Computing
Platform: x86_64-pc-linux-gnu

R is free software and comes with ABSOLUTELY NO WARRANTY.
You are welcome to redistribute it under certain conditions.
Type 'license()' or 'licence()' for distribution details.

R is a collaborative project with many contributors.
Type 'contributors()' for more information and
'citation()' on how to cite R or R packages in publications.

Type 'demo()' for some demos, 'help()' for on-line help, or
'help.start()' for an HTML browser interface to help.
Type 'q()' to quit R.

> library(testthat)
> library(Biostrings)
Loading required package: BiocGenerics
Loading required package: generics

Attaching package: 'generics'

The following objects are masked from 'package:base':

    as.difftime, as.factor, as.ordered, intersect, is.element, setdiff,
    setequal, union


Attaching package: 'BiocGenerics'

The following objects are masked from 'package:stats':

    IQR, mad, sd, var, xtabs

The following objects are masked from 'package:base':

    Filter, Find, Map, Position, Reduce, anyDuplicated, aperm, append,
    as.data.frame, basename, cbind, colnames, dirname, do.call,
    duplicated, eval, evalq, get, grep, grepl, is.unsorted, lapply,
    mapply, match, mget, order, paste, pmax, pmax.int, pmin, pmin.int,
    rank, rbind, rownames, sapply, saveRDS, table, tapply, unique,
    unsplit, which.max, which.min

Loading required package: S4Vectors
Loading required package: stats4

Attaching package: 'S4Vectors'

The following object is masked from 'package:utils':

    findMatches

The following objects are masked from 'package:base':

    I, expand.grid, unname

Loading required package: IRanges
Loading required package: XVector
Loading required package: GenomeInfoDb

Attaching package: 'Biostrings'

The following object is masked from 'package:base':

    strsplit

> 
> test_check("Biostrings")
[ FAIL 0 | WARN 0 | SKIP 0 | PASS 1333 ]
> 
> proc.time()
   user  system elapsed 
 12.196   0.366  13.955 

Example timings

Biostrings.Rcheck/Biostrings-Ex.timings

nameusersystemelapsed
AAString-class0.0020.0000.002
AMINO_ACID_CODE0.0020.0000.002
DNAString-class0.0030.0000.003
GENETIC_CODE0.0070.0010.007
HNF4alpha0.0200.0010.020
IUPAC_CODE_MAP0.3020.0020.311
MIndex-class000
MaskedXString-class0.1300.0400.178
MultipleAlignment-class0.8670.0621.008
PDict-class2.8850.1083.111
QualityScaledXStringSet-class0.1190.0010.197
RNAString-class0.0060.0010.014
XString-class0.0050.0010.009
XStringQuality-class0.0960.0000.146
XStringSet-class 7.521 0.58210.278
XStringSet-comparison1.9960.0732.101
XStringSet-io4.3740.1154.802
XStringSetList-class0.1510.0000.152
XStringViews-class0.0740.0010.076
chartr1.3740.0091.445
detail0.1690.0050.175
dinucleotideFrequencyTest0.0070.0010.009
findPalindromes27.040 0.10928.162
getSeq0.0360.0020.037
gregexpr20.0010.0000.000
injectHardMask0.0270.0000.028
letter0.0140.0000.014
letterFrequency0.4800.0050.549
longestConsecutive0.0000.0000.001
lowlevel-matching0.2790.0140.293
maskMotif0.7240.0250.824
match-utils0.0120.0010.013
matchLRPatterns0.2840.0420.348
matchPDict-exact196.642 1.106218.833
matchPDict-inexact27.807 0.13829.958
matchPWM1.2840.0071.374
matchPattern3.7870.0674.093
matchProbePair0.8630.0080.926
matchprobes000
misc0.010.000.01
needwunsQS000
nucleotideFrequency0.4770.0120.496
padAndClip0.2800.0020.288
predefined_scoring_matrices000
replaceAt1.3820.0381.587
replaceLetterAt0.2420.1070.350
reverseComplement0.7240.0310.760
seqinfo-methods0.2740.0020.276
toComplex0.0010.0000.001
translate0.7260.0050.732
trimLRPatterns0.0360.0010.037
xscat0.7170.0010.723
yeastSEQCHR10.0020.0010.003