Back to Multiple platform build/check report for BioC 3.22:   simplified   long
ABCDEFGHIJKLMNOPQRSTUVWXY[Z]

This page was generated on 2025-10-18 12:08 -0400 (Sat, 18 Oct 2025).

HostnameOSArch (*)R versionInstalled pkgs
nebbiolo2Linux (Ubuntu 24.04.3 LTS)x86_644.5.1 Patched (2025-08-23 r88802) -- "Great Square Root" 4887
lconwaymacOS 12.7.6 Montereyx86_644.5.1 Patched (2025-09-10 r88807) -- "Great Square Root" 4677
kjohnson3macOS 13.7.7 Venturaarm644.5.1 Patched (2025-09-10 r88807) -- "Great Square Root" 4622
taishanLinux (openEuler 24.03 LTS)aarch644.5.0 (2025-04-11) -- "How About a Twenty-Six" 4632
Click on any hostname to see more info about the system (e.g. compilers)      (*) as reported by 'uname -p', except on Windows and Mac OS X

Package 2350/2353HostnameOS / ArchINSTALLBUILDCHECKBUILD BIN
zFPKM 1.31.0  (landing page)
Ron Ammar
Snapshot Date: 2025-10-17 13:45 -0400 (Fri, 17 Oct 2025)
git_url: https://git.bioconductor.org/packages/zFPKM
git_branch: devel
git_last_commit: bdfb44a
git_last_commit_date: 2025-04-15 11:13:12 -0400 (Tue, 15 Apr 2025)
nebbiolo2Linux (Ubuntu 24.04.3 LTS) / x86_64  OK    OK    OK  UNNEEDED, same version is already published
lconwaymacOS 12.7.6 Monterey / x86_64  OK    OK    OK    OK  UNNEEDED, same version is already published
kjohnson3macOS 13.7.7 Ventura / arm64  OK    OK    OK    OK  UNNEEDED, same version is already published
taishanLinux (openEuler 24.03 LTS) / aarch64  OK    ERROR  skipped


BUILD results for zFPKM on taishan

To the developers/maintainers of the zFPKM package:
- Allow up to 24 hours (and sometimes 48 hours) for your latest push to git@git.bioconductor.org:packages/zFPKM.git to reflect on this report. See Troubleshooting Build Report for more information.
- Use the following Renviron settings to reproduce errors and warnings.
- If 'R CMD check' started to fail recently on the Linux builder(s) over a missing dependency, add the missing dependency to 'Suggests:' in your DESCRIPTION file. See Renviron.bioc for more information.
- See Martin Grigorov's blog post for how to debug Linux ARM64 related issues on a x86_64 host.

raw results


Summary

Package: zFPKM
Version: 1.31.0
Command: /home/biocbuild/R/R/bin/R CMD build --keep-empty-dirs --no-resave-data zFPKM
StartedAt: 2025-10-17 05:39:05 -0000 (Fri, 17 Oct 2025)
EndedAt: 2025-10-17 05:40:11 -0000 (Fri, 17 Oct 2025)
EllapsedTime: 66.0 seconds
RetCode: 1
Status:   ERROR  
PackageFile: None
PackageFileSize: NA

Command output

##############################################################################
##############################################################################
###
### Running command:
###
###   /home/biocbuild/R/R/bin/R CMD build --keep-empty-dirs --no-resave-data zFPKM
###
##############################################################################
##############################################################################


* checking for file ‘zFPKM/DESCRIPTION’ ... OK
* preparing ‘zFPKM’:
* checking DESCRIPTION meta-information ... OK
* installing the package to build vignettes
* creating vignettes ... ERROR
--- re-building ‘zFPKM.Rmd’ using rmarkdown
trying URL 'ftp://ftp.ncbi.nlm.nih.gov/geo/series/GSE94nnn/GSE94802/suppl/GSE94802_Minkina_etal_normalized_FPKM.csv.gz'
Content type 'unknown' length 800733 bytes (781 KB)
==================================================
trying URL 'ftp://ftp.ncbi.nlm.nih.gov/geo/series/GSE94nnn/GSE94802/suppl/GSE94802_Minkina_etal_raw_counts.csv.gz'
Content type 'unknown' length 574041 bytes (560 KB)
==================================================

Quitting from zFPKM.Rmd:33-70 [unnamed-chunk-1]
~~~~~~~~~~~~~~~~~~~~~~~~~~~~~~~~~~~~~~~~~~~~~~~~~~~~~~~~~~~~~~~~~~~~~~~~~~~~~~~~
<error/rlang_error>
Error in `download.file()`:
! cannot open URL 'ftp://ftp.ncbi.nlm.nih.gov/geo/series/GSE94nnn/GSE94802/suppl/GSE94802_Minkina_etal_raw_counts.csv.gz'
---
Backtrace:
    ▆
 1. ├─SummarizedExperiment::SummarizedExperiment(...)
 2. │ └─SummarizedExperiment:::normarg_assays(assays, as.null.if.no.assay = TRUE)
 3. ├─S4Vectors::SimpleList(...)
 4. └─global getSpecificGEOSupp(gse94802_counts)
 5.   └─utils::download.file(url, temp)
~~~~~~~~~~~~~~~~~~~~~~~~~~~~~~~~~~~~~~~~~~~~~~~~~~~~~~~~~~~~~~~~~~~~~~~~~~~~~~~~

Error: processing vignette 'zFPKM.Rmd' failed with diagnostics:
cannot open URL 'ftp://ftp.ncbi.nlm.nih.gov/geo/series/GSE94nnn/GSE94802/suppl/GSE94802_Minkina_etal_raw_counts.csv.gz'
--- failed re-building ‘zFPKM.Rmd’

SUMMARY: processing the following file failed:
  ‘zFPKM.Rmd’

Error: Vignette re-building failed.
Execution halted