| Back to Multiple platform build/check report for BioC 3.22: simplified long |
|
This page was generated on 2025-10-21 12:08 -0400 (Tue, 21 Oct 2025).
| Hostname | OS | Arch (*) | R version | Installed pkgs |
|---|---|---|---|---|
| nebbiolo2 | Linux (Ubuntu 24.04.3 LTS) | x86_64 | 4.5.1 Patched (2025-08-23 r88802) -- "Great Square Root" | 4887 |
| lconway | macOS 12.7.6 Monterey | x86_64 | 4.5.1 Patched (2025-09-10 r88807) -- "Great Square Root" | 4677 |
| kjohnson3 | macOS 13.7.7 Ventura | arm64 | 4.5.1 Patched (2025-09-10 r88807) -- "Great Square Root" | 4622 |
| taishan | Linux (openEuler 24.03 LTS) | aarch64 | 4.5.0 (2025-04-11) -- "How About a Twenty-Six" | 4642 |
| Click on any hostname to see more info about the system (e.g. compilers) (*) as reported by 'uname -p', except on Windows and Mac OS X | ||||
| Package 2229/2353 | Hostname | OS / Arch | INSTALL | BUILD | CHECK | BUILD BIN | ||||||||
| topGO 2.61.1 (landing page) Federico Marini
| nebbiolo2 | Linux (Ubuntu 24.04.3 LTS) / x86_64 | OK | OK | WARNINGS | |||||||||
| lconway | macOS 12.7.6 Monterey / x86_64 | OK | OK | WARNINGS | OK | |||||||||
| kjohnson3 | macOS 13.7.7 Ventura / arm64 | OK | OK | WARNINGS | OK | |||||||||
| taishan | Linux (openEuler 24.03 LTS) / aarch64 | OK | OK | WARNINGS | ||||||||||
|
To the developers/maintainers of the topGO package: - Allow up to 24 hours (and sometimes 48 hours) for your latest push to git@git.bioconductor.org:packages/topGO.git to reflect on this report. See Troubleshooting Build Report for more information. - Use the following Renviron settings to reproduce errors and warnings. - If 'R CMD check' started to fail recently on the Linux builder(s) over a missing dependency, add the missing dependency to 'Suggests:' in your DESCRIPTION file. See Renviron.bioc for more information. - See Martin Grigorov's blog post for how to debug Linux ARM64 related issues on a x86_64 host. |
| Package: topGO |
| Version: 2.61.1 |
| Command: /home/biocbuild/R/R/bin/R CMD check --install=check:topGO.install-out.txt --library=/home/biocbuild/R/R/site-library --no-vignettes --timings topGO_2.61.1.tar.gz |
| StartedAt: 2025-10-17 14:34:47 -0000 (Fri, 17 Oct 2025) |
| EndedAt: 2025-10-17 14:37:51 -0000 (Fri, 17 Oct 2025) |
| EllapsedTime: 184.4 seconds |
| RetCode: 0 |
| Status: WARNINGS |
| CheckDir: topGO.Rcheck |
| Warnings: 1 |
##############################################################################
##############################################################################
###
### Running command:
###
### /home/biocbuild/R/R/bin/R CMD check --install=check:topGO.install-out.txt --library=/home/biocbuild/R/R/site-library --no-vignettes --timings topGO_2.61.1.tar.gz
###
##############################################################################
##############################################################################
* using log directory ‘/home/biocbuild/bbs-3.22-bioc/meat/topGO.Rcheck’
* using R version 4.5.0 (2025-04-11)
* using platform: aarch64-unknown-linux-gnu
* R was compiled by
aarch64-unknown-linux-gnu-gcc (GCC) 14.2.0
GNU Fortran (GCC) 14.2.0
* running under: openEuler 24.03 (LTS)
* using session charset: UTF-8
* using option ‘--no-vignettes’
* checking for file ‘topGO/DESCRIPTION’ ... OK
* checking extension type ... Package
* this is package ‘topGO’ version ‘2.61.1’
* package encoding: UTF-8
* checking package namespace information ... OK
* checking package dependencies ... INFO
Depends: includes the non-default packages:
'BiocGenerics', 'graph', 'Biobase', 'GO.db', 'AnnotationDbi',
'SparseM'
Adding so many packages to the search path is excessive and importing
selectively is preferable.
* checking if this is a source package ... OK
* checking if there is a namespace ... OK
* checking for hidden files and directories ... OK
* checking for portable file names ... OK
* checking for sufficient/correct file permissions ... OK
* checking whether package ‘topGO’ can be installed ... OK
* checking installed package size ... OK
* checking package directory ... OK
* checking ‘build’ directory ... OK
* checking DESCRIPTION meta-information ... OK
* checking top-level files ... OK
* checking for left-over files ... OK
* checking index information ... OK
* checking package subdirectories ... OK
* checking code files for non-ASCII characters ... OK
* checking R files for syntax errors ... OK
* checking whether the package can be loaded ... OK
* checking whether the package can be loaded with stated dependencies ... OK
* checking whether the package can be unloaded cleanly ... OK
* checking whether the namespace can be loaded with stated dependencies ... OK
* checking whether the namespace can be unloaded cleanly ... OK
* checking loading without being on the library search path ... OK
* checking whether startup messages can be suppressed ... NOTE
groupGOTerms: GOBPTerm, GOMFTerm, GOCCTerm environments built.
It looks like this package (or a package it requires) has a startup
message which cannot be suppressed: see ?packageStartupMessage.
* checking dependencies in R code ... NOTE
'library' or 'require' calls in package code:
‘Rgraphviz’ ‘multtest’
Please use :: or requireNamespace() instead.
See section 'Suggested packages' in the 'Writing R Extensions' manual.
Missing object imported by a ':::' call: ‘globaltest:::globaltest’
* checking S3 generic/method consistency ... OK
* checking replacement functions ... OK
* checking foreign function calls ... OK
* checking R code for possible problems ... WARNING
Found a .Internal call in methods for the following S4 generic:
‘GOSumTest’
Packages should not call .Internal(): it is not part of the API, for
use only by R itself and subject to change without notice.
In addition to the above warning(s), found the following notes:
GOplot: no visible global function definition for ‘getDefaultAttrs’
GOplot: no visible global function definition for ‘agopen’
GOplot.counts : plotSigChart : buildDrawing : <anonymous>: no visible
global function definition for ‘getNodeCenter’
GOplot.counts : plotSigChart : buildDrawing : <anonymous>: no visible
global function definition for ‘pieGlyph’
GOplot.counts : plotSigChart : buildDrawing : <anonymous>: no visible
global function definition for ‘getX’
GOplot.counts : plotSigChart : buildDrawing : <anonymous>: no visible
global function definition for ‘getY’
GOplot.counts : plotSigChart : buildDrawing : <anonymous>: no visible
global function definition for ‘getNodeLW’
GOplot.counts : plotSigChart : buildDrawing : <anonymous>: no visible
global function definition for ‘drawTxtLabel’
GOplot.counts : plotSigChart : buildDrawing : <anonymous>: no visible
global function definition for ‘txtLabel’
GOplot.counts : plotSigChart: no visible global function definition for
‘AgNode’
GOplot.counts : plotSigChart : <anonymous>: no visible global function
definition for ‘name’
GOplot.counts : plotSigChart : <anonymous>: no visible global function
definition for ‘getNodeCenter’
GOplot.counts : plotSigChart: no visible global function definition for
‘getNodeXY’
GOplot.counts : plotSigChart: no visible global function definition for
‘getY’
GOplot.counts: no visible global function definition for
‘getDefaultAttrs’
GOplot.counts: no visible global function definition for ‘agopen’
getPvalues: no visible global function definition for ‘mt.teststat’
getPvalues: no visible global function definition for ‘mt.rawp2adjp’
printDOT: no visible global function definition for ‘getDefaultAttrs’
printDOT: no visible global function definition for ‘toDot’
GOSumTest,classicScore: no visible binding for global variable
‘.PERMSUM.MAT’
GOSumTest,classicScore: no visible binding for global variable
‘.PERMSUM.LOOKUP’
initialize,classicExpr: no visible global function definition for
‘error’
scoresInTerm,topGOdata-missing: no visible global function definition
for ‘scoreInNode’
Undefined global functions or variables:
.PERMSUM.LOOKUP .PERMSUM.MAT AgNode agopen drawTxtLabel error
getDefaultAttrs getNodeCenter getNodeLW getNodeXY getX getY
mt.rawp2adjp mt.teststat name pieGlyph scoreInNode toDot txtLabel
* checking Rd files ... OK
* checking Rd metadata ... OK
* checking Rd cross-references ... OK
* checking for missing documentation entries ... OK
* checking for code/documentation mismatches ... OK
* checking Rd \usage sections ... OK
* checking Rd contents ... OK
* checking for unstated dependencies in examples ... OK
* checking contents of ‘data’ directory ... OK
* checking data for non-ASCII characters ... OK
* checking data for ASCII and uncompressed saves ... OK
* checking files in ‘vignettes’ ... OK
* checking examples ... OK
Examples with CPU (user + system) or elapsed time > 5s
user system elapsed
topGOdata-class 5.326 0.162 6.720
getSigGroups 4.210 0.227 6.124
* checking for unstated dependencies in vignettes ... OK
* checking package vignettes ... OK
* checking running R code from vignettes ... SKIPPED
* checking re-building of vignette outputs ... SKIPPED
* checking PDF version of manual ... OK
* DONE
Status: 1 WARNING, 2 NOTEs
See
‘/home/biocbuild/bbs-3.22-bioc/meat/topGO.Rcheck/00check.log’
for details.
topGO.Rcheck/00install.out
############################################################################## ############################################################################## ### ### Running command: ### ### /home/biocbuild/R/R/bin/R CMD INSTALL topGO ### ############################################################################## ############################################################################## * installing to library ‘/home/biocbuild/R/R-4.5.0/site-library’ * installing *source* package ‘topGO’ ... ** this is package ‘topGO’ version ‘2.61.1’ ** using staged installation ** R ** data ** inst ** byte-compile and prepare package for lazy loading ** help *** installing help indices ** building package indices ** installing vignettes ** testing if installed package can be loaded from temporary location groupGOTerms: GOBPTerm, GOMFTerm, GOCCTerm environments built. ** testing if installed package can be loaded from final location groupGOTerms: GOBPTerm, GOMFTerm, GOCCTerm environments built. ** testing if installed package keeps a record of temporary installation path * DONE (topGO)
topGO.Rcheck/topGO-Ex.timings
| name | user | system | elapsed | |
| GOdata | 0.080 | 0.000 | 0.166 | |
| annFUN | 1.259 | 0.093 | 2.487 | |
| classicCount-class | 0.000 | 0.000 | 0.001 | |
| classicExpr-class | 0.002 | 0.000 | 0.002 | |
| classicScore-class | 0.004 | 0.000 | 0.004 | |
| dagFunctions | 0 | 0 | 0 | |
| diagnosticMethods | 0.334 | 0.016 | 0.499 | |
| elimExpr-class | 0.001 | 0.000 | 0.001 | |
| elimScore-class | 0 | 0 | 0 | |
| geneList | 0.000 | 0.002 | 0.003 | |
| getPvalues | 3.513 | 0.112 | 3.945 | |
| getSigGroups | 4.210 | 0.227 | 6.124 | |
| groupGOTerms | 0.305 | 0.020 | 0.602 | |
| inducedGraph | 0.038 | 0.004 | 0.042 | |
| parentChild-class | 0.001 | 0.000 | 0.001 | |
| printGraph-methods | 0.001 | 0.000 | 0.000 | |
| topGOdata-class | 5.326 | 0.162 | 6.720 | |
| topGOresult-class | 0.027 | 0.000 | 0.027 | |