| Back to Multiple platform build/check report for BioC 3.22: simplified long |
|
This page was generated on 2025-10-21 12:08 -0400 (Tue, 21 Oct 2025).
| Hostname | OS | Arch (*) | R version | Installed pkgs |
|---|---|---|---|---|
| nebbiolo2 | Linux (Ubuntu 24.04.3 LTS) | x86_64 | 4.5.1 Patched (2025-08-23 r88802) -- "Great Square Root" | 4887 |
| lconway | macOS 12.7.6 Monterey | x86_64 | 4.5.1 Patched (2025-09-10 r88807) -- "Great Square Root" | 4677 |
| kjohnson3 | macOS 13.7.7 Ventura | arm64 | 4.5.1 Patched (2025-09-10 r88807) -- "Great Square Root" | 4622 |
| taishan | Linux (openEuler 24.03 LTS) | aarch64 | 4.5.0 (2025-04-11) -- "How About a Twenty-Six" | 4642 |
| Click on any hostname to see more info about the system (e.g. compilers) (*) as reported by 'uname -p', except on Windows and Mac OS X | ||||
| Package 2115/2353 | Hostname | OS / Arch | INSTALL | BUILD | CHECK | BUILD BIN | ||||||||
| srnadiff 1.29.1 (landing page) Zytnicki Matthias
| nebbiolo2 | Linux (Ubuntu 24.04.3 LTS) / x86_64 | OK | OK | WARNINGS | |||||||||
| lconway | macOS 12.7.6 Monterey / x86_64 | OK | OK | WARNINGS | OK | |||||||||
| kjohnson3 | macOS 13.7.7 Ventura / arm64 | OK | OK | WARNINGS | OK | |||||||||
| taishan | Linux (openEuler 24.03 LTS) / aarch64 | OK | OK | WARNINGS | ||||||||||
|
To the developers/maintainers of the srnadiff package: - Allow up to 24 hours (and sometimes 48 hours) for your latest push to git@git.bioconductor.org:packages/srnadiff.git to reflect on this report. See Troubleshooting Build Report for more information. - Use the following Renviron settings to reproduce errors and warnings. - If 'R CMD check' started to fail recently on the Linux builder(s) over a missing dependency, add the missing dependency to 'Suggests:' in your DESCRIPTION file. See Renviron.bioc for more information. - See Martin Grigorov's blog post for how to debug Linux ARM64 related issues on a x86_64 host. |
| Package: srnadiff |
| Version: 1.29.1 |
| Command: /home/biocbuild/R/R/bin/R CMD check --install=check:srnadiff.install-out.txt --library=/home/biocbuild/R/R/site-library --no-vignettes --timings srnadiff_1.29.1.tar.gz |
| StartedAt: 2025-10-17 14:06:59 -0000 (Fri, 17 Oct 2025) |
| EndedAt: 2025-10-17 14:18:00 -0000 (Fri, 17 Oct 2025) |
| EllapsedTime: 661.1 seconds |
| RetCode: 0 |
| Status: WARNINGS |
| CheckDir: srnadiff.Rcheck |
| Warnings: 1 |
##############################################################################
##############################################################################
###
### Running command:
###
### /home/biocbuild/R/R/bin/R CMD check --install=check:srnadiff.install-out.txt --library=/home/biocbuild/R/R/site-library --no-vignettes --timings srnadiff_1.29.1.tar.gz
###
##############################################################################
##############################################################################
* using log directory ‘/home/biocbuild/bbs-3.22-bioc/meat/srnadiff.Rcheck’
* using R version 4.5.0 (2025-04-11)
* using platform: aarch64-unknown-linux-gnu
* R was compiled by
aarch64-unknown-linux-gnu-gcc (GCC) 14.2.0
GNU Fortran (GCC) 14.2.0
* running under: openEuler 24.03 (LTS)
* using session charset: UTF-8
* using option ‘--no-vignettes’
* checking for file ‘srnadiff/DESCRIPTION’ ... OK
* checking extension type ... Package
* this is package ‘srnadiff’ version ‘1.29.1’
* package encoding: UTF-8
* checking package namespace information ... OK
* checking package dependencies ... OK
* checking if this is a source package ... OK
* checking if there is a namespace ... OK
* checking for hidden files and directories ... OK
* checking for portable file names ... OK
* checking for sufficient/correct file permissions ... OK
* checking whether package ‘srnadiff’ can be installed ... WARNING
Found the following significant warnings:
Warning: replacing previous import 'IRanges::window<-' by 'stats::window<-' when loading 'srnadiff'
Warning: replacing previous import 'S4Vectors::cor' by 'stats::cor' when loading 'srnadiff'
Warning: replacing previous import 'S4Vectors::cov' by 'stats::cov' when loading 'srnadiff'
Warning: replacing previous import 'rtracklayer::start' by 'stats::start' when loading 'srnadiff'
Warning: replacing previous import 'S4Vectors::window' by 'stats::window' when loading 'srnadiff'
Warning: replacing previous import 'IRanges::quantile' by 'stats::quantile' when loading 'srnadiff'
Warning: replacing previous import 'S4Vectors::complete.cases' by 'stats::complete.cases' when loading 'srnadiff'
Warning: replacing previous import 'rtracklayer::offset' by 'stats::offset' when loading 'srnadiff'
Warning: replacing previous import 'rtracklayer::end' by 'stats::end' when loading 'srnadiff'
Warning: replacing previous import 'IRanges::IQR' by 'stats::IQR' when loading 'srnadiff'
Warning: replacing previous import 'S4Vectors::var' by 'stats::var' when loading 'srnadiff'
Warning: replacing previous import 'S4Vectors::xtabs' by 'stats::xtabs' when loading 'srnadiff'
Warning: replacing previous import 'IRanges::median' by 'stats::median' when loading 'srnadiff'
Warning: replacing previous import 'S4Vectors::aggregate' by 'stats::aggregate' when loading 'srnadiff'
Warning: replacing previous import 'S4Vectors::na.omit' by 'stats::na.omit' when loading 'srnadiff'
Warning: replacing previous import 'S4Vectors::sd' by 'stats::sd' when loading 'srnadiff'
Warning: replacing previous import 'IRanges::smoothEnds' by 'stats::smoothEnds' when loading 'srnadiff'
Warning: replacing previous import 'S4Vectors::na.exclude' by 'stats::na.exclude' when loading 'srnadiff'
Warning: replacing previous import 'IRanges::runmed' by 'stats::runmed' when loading 'srnadiff'
Warning: replacing previous import 'IRanges::mad' by 'stats::mad' when loading 'srnadiff'
Warning: replacing previous import 'GenomicRanges::update' by 'stats::update' when loading 'srnadiff'
See ‘/home/biocbuild/bbs-3.22-bioc/meat/srnadiff.Rcheck/00install.out’ for details.
* used C compiler: ‘aarch64-unknown-linux-gnu-gcc (GCC) 14.2.0’
* used C++ compiler: ‘aarch64-unknown-linux-gnu-g++ (GCC) 14.2.0’
* checking C++ specification ... NOTE
Specified C++11: please drop specification unless essential
* checking installed package size ... INFO
installed size is 6.4Mb
sub-directories of 1Mb or more:
extdata 2.2Mb
libs 3.6Mb
* checking package directory ... OK
* checking ‘build’ directory ... OK
* checking DESCRIPTION meta-information ... NOTE
Packages listed in more than one of Depends, Imports, Suggests, Enhances:
‘BiocManager’ ‘BiocStyle’
A package should be listed in only one of these fields.
* checking top-level files ... OK
* checking for left-over files ... OK
* checking index information ... OK
* checking package subdirectories ... OK
* checking code files for non-ASCII characters ... OK
* checking R files for syntax errors ... OK
* checking whether the package can be loaded ... OK
* checking whether the package can be loaded with stated dependencies ... OK
* checking whether the package can be unloaded cleanly ... OK
* checking whether the namespace can be loaded with stated dependencies ... OK
* checking whether the namespace can be unloaded cleanly ... OK
* checking loading without being on the library search path ... OK
* checking dependencies in R code ... OK
* checking S3 generic/method consistency ... OK
* checking replacement functions ... OK
* checking foreign function calls ... OK
* checking R code for possible problems ... OK
* checking Rd files ... OK
* checking Rd metadata ... OK
* checking Rd cross-references ... NOTE
Found the following Rd file(s) with Rd \link{} targets missing package
anchors:
plotRegions.Rd: GenomeAxisTrack, GeneRegionTrack, AnnotationTrack,
DataTrack
Please provide package anchors for all Rd \link{} targets not in the
package itself and the base packages.
* checking for missing documentation entries ... OK
* checking for code/documentation mismatches ... OK
* checking Rd \usage sections ... OK
* checking Rd contents ... OK
* checking for unstated dependencies in examples ... OK
* checking line endings in C/C++/Fortran sources/headers ... OK
* checking compiled code ... NOTE
Note: information on .o files is not available
* checking files in ‘vignettes’ ... OK
* checking examples ... OK
Examples with CPU (user + system) or elapsed time > 5s
user system elapsed
plotRegions 15.242 1.200 16.113
parameters 14.265 1.474 14.951
countMatrix 12.792 0.768 14.147
srnadiff 8.305 1.065 8.931
srnadiffDefaultParameters 7.122 0.853 7.970
regions 7.202 0.741 7.572
* checking for unstated dependencies in ‘tests’ ... OK
* checking tests ...
Running ‘testthat.R’
OK
* checking for unstated dependencies in vignettes ... OK
* checking package vignettes ... OK
* checking running R code from vignettes ... SKIPPED
* checking re-building of vignette outputs ... SKIPPED
* checking PDF version of manual ... OK
* DONE
Status: 1 WARNING, 4 NOTEs
See
‘/home/biocbuild/bbs-3.22-bioc/meat/srnadiff.Rcheck/00check.log’
for details.
srnadiff.Rcheck/00install.out
############################################################################## ############################################################################## ### ### Running command: ### ### /home/biocbuild/R/R/bin/R CMD INSTALL srnadiff ### ############################################################################## ############################################################################## * installing to library ‘/home/biocbuild/R/R-4.5.0/site-library’ * installing *source* package ‘srnadiff’ ... ** this is package ‘srnadiff’ version ‘1.29.1’ ** using staged installation ** libs using C compiler: ‘aarch64-unknown-linux-gnu-gcc (GCC) 14.2.0’ using C++ compiler: ‘aarch64-unknown-linux-gnu-g++ (GCC) 14.2.0’ using C++11 /opt/ohpc/pub/compiler/gcc/14.2.0/bin/aarch64-unknown-linux-gnu-g++ -std=gnu++11 -I"/home/biocbuild/R/R-4.5.0/include" -DNDEBUG -I'/home/biocbuild/R/R-4.5.0/site-library/Rcpp/include' -I/usr/local/include -fPIC -g -O2 -Wall -Werror=format-security -c RcppExports.cpp -o RcppExports.o /opt/ohpc/pub/compiler/gcc/14.2.0/bin/aarch64-unknown-linux-gnu-g++ -std=gnu++11 -I"/home/biocbuild/R/R-4.5.0/include" -DNDEBUG -I'/home/biocbuild/R/R-4.5.0/site-library/Rcpp/include' -I/usr/local/include -fPIC -g -O2 -Wall -Werror=format-security -c rcpp_hmm.cpp -o rcpp_hmm.o /opt/ohpc/pub/compiler/gcc/14.2.0/bin/aarch64-unknown-linux-gnu-g++ -std=gnu++11 -I"/home/biocbuild/R/R-4.5.0/include" -DNDEBUG -I'/home/biocbuild/R/R-4.5.0/site-library/Rcpp/include' -I/usr/local/include -fPIC -g -O2 -Wall -Werror=format-security -c rcpp_ir.cpp -o rcpp_ir.o /opt/ohpc/pub/compiler/gcc/14.2.0/bin/aarch64-unknown-linux-gnu-g++ -std=gnu++11 -I"/home/biocbuild/R/R-4.5.0/include" -DNDEBUG -I'/home/biocbuild/R/R-4.5.0/site-library/Rcpp/include' -I/usr/local/include -fPIC -g -O2 -Wall -Werror=format-security -c rcpp_main.cpp -o rcpp_main.o /opt/ohpc/pub/compiler/gcc/14.2.0/bin/aarch64-unknown-linux-gnu-g++ -std=gnu++11 -I"/home/biocbuild/R/R-4.5.0/include" -DNDEBUG -I'/home/biocbuild/R/R-4.5.0/site-library/Rcpp/include' -I/usr/local/include -fPIC -g -O2 -Wall -Werror=format-security -c rcpp_utils.cpp -o rcpp_utils.o /opt/ohpc/pub/compiler/gcc/14.2.0/bin/aarch64-unknown-linux-gnu-gcc -std=gnu23 -I"/home/biocbuild/R/R-4.5.0/include" -DNDEBUG -I'/home/biocbuild/R/R-4.5.0/site-library/Rcpp/include' -I/usr/local/include -fPIC -g -O2 -Wall -Werror=format-security -c srnadiff_init.c -o srnadiff_init.o /opt/ohpc/pub/compiler/gcc/14.2.0/bin/aarch64-unknown-linux-gnu-g++ -std=gnu++11 -shared -L/home/biocbuild/R/R-4.5.0/lib -L/usr/local/lib -o srnadiff.so RcppExports.o rcpp_hmm.o rcpp_ir.o rcpp_main.o rcpp_utils.o srnadiff_init.o -L/home/biocbuild/R/R-4.5.0/lib -lR installing to /home/biocbuild/R/R-4.5.0/site-library/00LOCK-srnadiff/00new/srnadiff/libs ** R ** inst ** byte-compile and prepare package for lazy loading Warning: replacing previous import 'IRanges::window<-' by 'stats::window<-' when loading 'srnadiff' Warning: replacing previous import 'S4Vectors::cor' by 'stats::cor' when loading 'srnadiff' Warning: replacing previous import 'S4Vectors::cov' by 'stats::cov' when loading 'srnadiff' Warning: replacing previous import 'rtracklayer::start' by 'stats::start' when loading 'srnadiff' Warning: replacing previous import 'S4Vectors::window' by 'stats::window' when loading 'srnadiff' Warning: replacing previous import 'IRanges::quantile' by 'stats::quantile' when loading 'srnadiff' Warning: replacing previous import 'S4Vectors::complete.cases' by 'stats::complete.cases' when loading 'srnadiff' Warning: replacing previous import 'rtracklayer::offset' by 'stats::offset' when loading 'srnadiff' Warning: replacing previous import 'rtracklayer::end' by 'stats::end' when loading 'srnadiff' Warning: replacing previous import 'IRanges::IQR' by 'stats::IQR' when loading 'srnadiff' Warning: replacing previous import 'S4Vectors::var' by 'stats::var' when loading 'srnadiff' Warning: replacing previous import 'S4Vectors::xtabs' by 'stats::xtabs' when loading 'srnadiff' Warning: replacing previous import 'IRanges::median' by 'stats::median' when loading 'srnadiff' Warning: replacing previous import 'S4Vectors::aggregate' by 'stats::aggregate' when loading 'srnadiff' Warning: replacing previous import 'S4Vectors::na.omit' by 'stats::na.omit' when loading 'srnadiff' Warning: replacing previous import 'S4Vectors::sd' by 'stats::sd' when loading 'srnadiff' Warning: replacing previous import 'IRanges::smoothEnds' by 'stats::smoothEnds' when loading 'srnadiff' Warning: replacing previous import 'S4Vectors::na.exclude' by 'stats::na.exclude' when loading 'srnadiff' Warning: replacing previous import 'IRanges::runmed' by 'stats::runmed' when loading 'srnadiff' Warning: replacing previous import 'IRanges::mad' by 'stats::mad' when loading 'srnadiff' Warning: replacing previous import 'GenomicRanges::update' by 'stats::update' when loading 'srnadiff' ** help *** installing help indices ** building package indices ** installing vignettes ** testing if installed package can be loaded from temporary location Warning: replacing previous import 'IRanges::window<-' by 'stats::window<-' when loading 'srnadiff' Warning: replacing previous import 'S4Vectors::cor' by 'stats::cor' when loading 'srnadiff' Warning: replacing previous import 'S4Vectors::cov' by 'stats::cov' when loading 'srnadiff' Warning: replacing previous import 'rtracklayer::start' by 'stats::start' when loading 'srnadiff' Warning: replacing previous import 'S4Vectors::window' by 'stats::window' when loading 'srnadiff' Warning: replacing previous import 'IRanges::quantile' by 'stats::quantile' when loading 'srnadiff' Warning: replacing previous import 'S4Vectors::complete.cases' by 'stats::complete.cases' when loading 'srnadiff' Warning: replacing previous import 'rtracklayer::offset' by 'stats::offset' when loading 'srnadiff' Warning: replacing previous import 'rtracklayer::end' by 'stats::end' when loading 'srnadiff' Warning: replacing previous import 'IRanges::IQR' by 'stats::IQR' when loading 'srnadiff' Warning: replacing previous import 'S4Vectors::var' by 'stats::var' when loading 'srnadiff' Warning: replacing previous import 'S4Vectors::xtabs' by 'stats::xtabs' when loading 'srnadiff' Warning: replacing previous import 'IRanges::median' by 'stats::median' when loading 'srnadiff' Warning: replacing previous import 'S4Vectors::aggregate' by 'stats::aggregate' when loading 'srnadiff' Warning: replacing previous import 'S4Vectors::na.omit' by 'stats::na.omit' when loading 'srnadiff' Warning: replacing previous import 'S4Vectors::sd' by 'stats::sd' when loading 'srnadiff' Warning: replacing previous import 'IRanges::smoothEnds' by 'stats::smoothEnds' when loading 'srnadiff' Warning: replacing previous import 'S4Vectors::na.exclude' by 'stats::na.exclude' when loading 'srnadiff' Warning: replacing previous import 'IRanges::runmed' by 'stats::runmed' when loading 'srnadiff' Warning: replacing previous import 'IRanges::mad' by 'stats::mad' when loading 'srnadiff' Warning: replacing previous import 'GenomicRanges::update' by 'stats::update' when loading 'srnadiff' ** checking absolute paths in shared objects and dynamic libraries ** testing if installed package can be loaded from final location Warning: replacing previous import 'IRanges::window<-' by 'stats::window<-' when loading 'srnadiff' Warning: replacing previous import 'S4Vectors::cor' by 'stats::cor' when loading 'srnadiff' Warning: replacing previous import 'S4Vectors::cov' by 'stats::cov' when loading 'srnadiff' Warning: replacing previous import 'rtracklayer::start' by 'stats::start' when loading 'srnadiff' Warning: replacing previous import 'S4Vectors::window' by 'stats::window' when loading 'srnadiff' Warning: replacing previous import 'IRanges::quantile' by 'stats::quantile' when loading 'srnadiff' Warning: replacing previous import 'S4Vectors::complete.cases' by 'stats::complete.cases' when loading 'srnadiff' Warning: replacing previous import 'rtracklayer::offset' by 'stats::offset' when loading 'srnadiff' Warning: replacing previous import 'rtracklayer::end' by 'stats::end' when loading 'srnadiff' Warning: replacing previous import 'IRanges::IQR' by 'stats::IQR' when loading 'srnadiff' Warning: replacing previous import 'S4Vectors::var' by 'stats::var' when loading 'srnadiff' Warning: replacing previous import 'S4Vectors::xtabs' by 'stats::xtabs' when loading 'srnadiff' Warning: replacing previous import 'IRanges::median' by 'stats::median' when loading 'srnadiff' Warning: replacing previous import 'S4Vectors::aggregate' by 'stats::aggregate' when loading 'srnadiff' Warning: replacing previous import 'S4Vectors::na.omit' by 'stats::na.omit' when loading 'srnadiff' Warning: replacing previous import 'S4Vectors::sd' by 'stats::sd' when loading 'srnadiff' Warning: replacing previous import 'IRanges::smoothEnds' by 'stats::smoothEnds' when loading 'srnadiff' Warning: replacing previous import 'S4Vectors::na.exclude' by 'stats::na.exclude' when loading 'srnadiff' Warning: replacing previous import 'IRanges::runmed' by 'stats::runmed' when loading 'srnadiff' Warning: replacing previous import 'IRanges::mad' by 'stats::mad' when loading 'srnadiff' Warning: replacing previous import 'GenomicRanges::update' by 'stats::update' when loading 'srnadiff' ** testing if installed package keeps a record of temporary installation path * DONE (srnadiff)
srnadiff.Rcheck/tests/testthat.Rout
R version 4.5.0 (2025-04-11) -- "How About a Twenty-Six"
Copyright (C) 2025 The R Foundation for Statistical Computing
Platform: aarch64-unknown-linux-gnu
R is free software and comes with ABSOLUTELY NO WARRANTY.
You are welcome to redistribute it under certain conditions.
Type 'license()' or 'licence()' for distribution details.
R is a collaborative project with many contributors.
Type 'contributors()' for more information and
'citation()' on how to cite R or R packages in publications.
Type 'demo()' for some demos, 'help()' for on-line help, or
'help.start()' for an HTML browser interface to help.
Type 'q()' to quit R.
> library(Rcpp)
> library(testthat)
> library(srnadiff)
There were 21 warnings (use warnings() to see them)
>
> test_check("srnadiff")
[ FAIL 0 | WARN 0 | SKIP 0 | PASS 33 ]
>
> proc.time()
user system elapsed
132.271 12.813 141.077
srnadiff.Rcheck/srnadiff-Ex.timings
| name | user | system | elapsed | |
| annotReg | 0.169 | 0.008 | 0.358 | |
| bamFiles | 0.260 | 0.020 | 0.281 | |
| chromosomeSizes | 0.041 | 0.008 | 0.049 | |
| countMatrix | 12.792 | 0.768 | 14.147 | |
| coverages | 0.114 | 0.000 | 0.114 | |
| normFactors | 0.042 | 0.004 | 0.045 | |
| parameters | 14.265 | 1.474 | 14.951 | |
| plotRegions | 15.242 | 1.200 | 16.113 | |
| readAnnotation | 1.467 | 0.016 | 1.525 | |
| regions | 7.202 | 0.741 | 7.572 | |
| sampleInfo | 0.049 | 0.000 | 0.049 | |
| srnadiff | 8.305 | 1.065 | 8.931 | |
| srnadiffDefaultParameters | 7.122 | 0.853 | 7.970 | |
| srnadiffExample | 0.047 | 0.000 | 0.047 | |
| srnadiffExp | 1.723 | 0.044 | 1.801 | |