| Back to Multiple platform build/check report for BioC 3.22: simplified long |
|
This page was generated on 2025-10-21 12:07 -0400 (Tue, 21 Oct 2025).
| Hostname | OS | Arch (*) | R version | Installed pkgs |
|---|---|---|---|---|
| nebbiolo2 | Linux (Ubuntu 24.04.3 LTS) | x86_64 | 4.5.1 Patched (2025-08-23 r88802) -- "Great Square Root" | 4887 |
| lconway | macOS 12.7.6 Monterey | x86_64 | 4.5.1 Patched (2025-09-10 r88807) -- "Great Square Root" | 4677 |
| kjohnson3 | macOS 13.7.7 Ventura | arm64 | 4.5.1 Patched (2025-09-10 r88807) -- "Great Square Root" | 4622 |
| taishan | Linux (openEuler 24.03 LTS) | aarch64 | 4.5.0 (2025-04-11) -- "How About a Twenty-Six" | 4642 |
| Click on any hostname to see more info about the system (e.g. compilers) (*) as reported by 'uname -p', except on Windows and Mac OS X | ||||
| Package 1610/2353 | Hostname | OS / Arch | INSTALL | BUILD | CHECK | BUILD BIN | ||||||||
| plyxp 1.3.10 (landing page) Justin Landis
| nebbiolo2 | Linux (Ubuntu 24.04.3 LTS) / x86_64 | OK | OK | OK | |||||||||
| lconway | macOS 12.7.6 Monterey / x86_64 | OK | OK | OK | OK | |||||||||
| kjohnson3 | macOS 13.7.7 Ventura / arm64 | OK | OK | OK | OK | |||||||||
| taishan | Linux (openEuler 24.03 LTS) / aarch64 | OK | OK | ERROR | ||||||||||
|
To the developers/maintainers of the plyxp package: - Allow up to 24 hours (and sometimes 48 hours) for your latest push to git@git.bioconductor.org:packages/plyxp.git to reflect on this report. See Troubleshooting Build Report for more information. - Use the following Renviron settings to reproduce errors and warnings. - If 'R CMD check' started to fail recently on the Linux builder(s) over a missing dependency, add the missing dependency to 'Suggests:' in your DESCRIPTION file. See Renviron.bioc for more information. - See Martin Grigorov's blog post for how to debug Linux ARM64 related issues on a x86_64 host. |
| Package: plyxp |
| Version: 1.3.9 |
| Command: /home/biocbuild/R/R/bin/R CMD check --install=check:plyxp.install-out.txt --library=/home/biocbuild/R/R/site-library --no-vignettes --timings plyxp_1.3.9.tar.gz |
| StartedAt: 2025-10-17 12:14:47 -0000 (Fri, 17 Oct 2025) |
| EndedAt: 2025-10-17 12:18:36 -0000 (Fri, 17 Oct 2025) |
| EllapsedTime: 228.3 seconds |
| RetCode: 1 |
| Status: ERROR |
| CheckDir: plyxp.Rcheck |
| Warnings: NA |
##############################################################################
##############################################################################
###
### Running command:
###
### /home/biocbuild/R/R/bin/R CMD check --install=check:plyxp.install-out.txt --library=/home/biocbuild/R/R/site-library --no-vignettes --timings plyxp_1.3.9.tar.gz
###
##############################################################################
##############################################################################
* using log directory ‘/home/biocbuild/bbs-3.22-bioc/meat/plyxp.Rcheck’
* using R version 4.5.0 (2025-04-11)
* using platform: aarch64-unknown-linux-gnu
* R was compiled by
aarch64-unknown-linux-gnu-gcc (GCC) 14.2.0
GNU Fortran (GCC) 14.2.0
* running under: openEuler 24.03 (LTS)
* using session charset: UTF-8
* using option ‘--no-vignettes’
* checking for file ‘plyxp/DESCRIPTION’ ... OK
* this is package ‘plyxp’ version ‘1.3.9’
* package encoding: UTF-8
* checking package namespace information ... OK
* checking package dependencies ... OK
* checking if this is a source package ... OK
* checking if there is a namespace ... OK
* checking for hidden files and directories ... OK
* checking for portable file names ... OK
* checking for sufficient/correct file permissions ... OK
* checking whether package ‘plyxp’ can be installed ... OK
* checking installed package size ... OK
* checking package directory ... OK
* checking ‘build’ directory ... OK
* checking DESCRIPTION meta-information ... OK
* checking top-level files ... OK
* checking for left-over files ... OK
* checking index information ... OK
* checking package subdirectories ... OK
* checking code files for non-ASCII characters ... OK
* checking R files for syntax errors ... OK
* checking whether the package can be loaded ... OK
* checking whether the package can be loaded with stated dependencies ... OK
* checking whether the package can be unloaded cleanly ... OK
* checking whether the namespace can be loaded with stated dependencies ... OK
* checking whether the namespace can be unloaded cleanly ... OK
* checking loading without being on the library search path ... OK
* checking dependencies in R code ... OK
* checking S3 generic/method consistency ... OK
* checking replacement functions ... OK
* checking foreign function calls ... OK
* checking R code for possible problems ... OK
* checking Rd files ... OK
* checking Rd metadata ... OK
* checking Rd cross-references ... OK
* checking for missing documentation entries ... OK
* checking for code/documentation mismatches ... OK
* checking Rd \usage sections ... OK
* checking Rd contents ... OK
* checking for unstated dependencies in examples ... OK
* checking contents of ‘data’ directory ... OK
* checking data for non-ASCII characters ... OK
* checking LazyData ... OK
* checking data for ASCII and uncompressed saves ... OK
* checking files in ‘vignettes’ ... OK
* checking examples ... ERROR
Running examples in ‘plyxp-Ex.R’ failed
The error most likely occurred in:
> base::assign(".ptime", proc.time(), pos = "CheckExEnv")
> ### Name: vectors
> ### Title: S7 classes for vctrs and S4 Vectors
> ### Aliases: vectors class_vctrs class_s4_vctrs class_DF
> ### Keywords: datasets
>
> ### ** Examples
>
> # used for defining methods on S7 generics
>
> S7::method(vec_slice, class_vctrs)
Error in as_dispatch(generic, class = class, object = object) :
Can't dispatch on unions; must be a concrete type
Calls: <Anonymous> -> as_dispatch
Execution halted
* checking for unstated dependencies in ‘tests’ ... OK
* checking tests ...
Running ‘testthat.R’
OK
* checking for unstated dependencies in vignettes ... OK
* checking package vignettes ... OK
* checking running R code from vignettes ... SKIPPED
* checking re-building of vignette outputs ... SKIPPED
* checking PDF version of manual ... OK
* DONE
Status: 1 ERROR
See
‘/home/biocbuild/bbs-3.22-bioc/meat/plyxp.Rcheck/00check.log’
for details.
plyxp.Rcheck/00install.out
############################################################################## ############################################################################## ### ### Running command: ### ### /home/biocbuild/R/R/bin/R CMD INSTALL plyxp ### ############################################################################## ############################################################################## * installing to library ‘/home/biocbuild/R/R-4.5.0/site-library’ * installing *source* package ‘plyxp’ ... ** this is package ‘plyxp’ version ‘1.3.9’ ** using staged installation ** R ** data *** moving datasets to lazyload DB ** byte-compile and prepare package for lazy loading Creating a generic function for ‘rownames’ from package ‘base’ in package ‘plyxp’ Creating a generic function for ‘colnames’ from package ‘base’ in package ‘plyxp’ Creating a generic function for ‘nrow’ from package ‘base’ in package ‘plyxp’ Creating a generic function for ‘ncol’ from package ‘base’ in package ‘plyxp’ ** help *** installing help indices *** copying figures ** building package indices ** installing vignettes ** testing if installed package can be loaded from temporary location ** testing if installed package can be loaded from final location ** testing if installed package keeps a record of temporary installation path * DONE (plyxp)
plyxp.Rcheck/tests/testthat.Rout
R version 4.5.0 (2025-04-11) -- "How About a Twenty-Six"
Copyright (C) 2025 The R Foundation for Statistical Computing
Platform: aarch64-unknown-linux-gnu
R is free software and comes with ABSOLUTELY NO WARRANTY.
You are welcome to redistribute it under certain conditions.
Type 'license()' or 'licence()' for distribution details.
R is a collaborative project with many contributors.
Type 'contributors()' for more information and
'citation()' on how to cite R or R packages in publications.
Type 'demo()' for some demos, 'help()' for on-line help, or
'help.start()' for an HTML browser interface to help.
Type 'q()' to quit R.
> library("testthat")
> library("plyxp")
Attaching package: 'plyxp'
The following object is masked from 'package:stats':
filter
>
> test_check("plyxp")
[ FAIL 0 | WARN 0 | SKIP 6 | PASS 172 ]
══ Skipped tests (6) ═══════════════════════════════════════════════════════════
• On CRAN (6): 'test_printing.R:2:3', 'test_printing.R:6:3',
'test_printing.R:13:3', 'test_printing.R:20:3', 'test_printing.R:24:3',
'test_printing.R:28:3'
[ FAIL 0 | WARN 0 | SKIP 6 | PASS 172 ]
>
> proc.time()
user system elapsed
18.923 1.741 20.734
plyxp.Rcheck/plyxp-Ex.timings
| name | user | system | elapsed | |
| PlySummarizedExperiment-methods | 0.055 | 0.008 | 0.063 | |
| arrange | 0.724 | 0.017 | 0.741 | |
| as.data.frame | 0.01 | 0.00 | 0.01 | |
| dot-pronouns | 0.204 | 0.003 | 0.209 | |
| filter | 0.622 | 0.015 | 0.640 | |
| group_by | 0.28 | 0.00 | 0.28 | |
| group_data | 0.196 | 0.000 | 0.196 | |
| group_vars | 0.099 | 0.000 | 0.100 | |
| mutate | 0.251 | 0.012 | 0.264 | |
| new_plyxp | 0.125 | 0.004 | 0.130 | |
| plyxp-context | 0.165 | 0.012 | 0.178 | |
| plyxp-printing | 0.375 | 0.016 | 0.393 | |
| plyxp | 0.169 | 0.000 | 0.169 | |
| pull | 0.085 | 0.004 | 0.089 | |
| reexports | 0.331 | 0.000 | 0.331 | |
| se_simple | 0.013 | 0.000 | 0.013 | |
| select | 0.662 | 0.000 | 0.664 | |
| slice | 0.403 | 0.000 | 0.404 | |
| summarize | 0.830 | 0.024 | 0.856 | |
| vctrs-vec_recycle | 0.015 | 0.000 | 0.015 | |
| vctrs-vec_rep | 0.044 | 0.000 | 0.045 | |
| vctrs_slice | 0.008 | 0.000 | 0.008 | |