Back to Multiple platform build/check report for BioC 3.23:   simplified   long
ABCDEFGHIJKLMNO[P]QRSTUVWXYZ

This page was generated on 2025-11-14 11:36 -0500 (Fri, 14 Nov 2025).

HostnameOSArch (*)R versionInstalled pkgs
nebbiolo1Linux (Ubuntu 24.04.3 LTS)x86_64R Under development (unstable) (2025-10-20 r88955) -- "Unsuffered Consequences" 4825
kjohnson3macOS 13.7.7 Venturaarm64R Under development (unstable) (2025-11-04 r88984) -- "Unsuffered Consequences" 4547
Click on any hostname to see more info about the system (e.g. compilers)      (*) as reported by 'uname -p', except on Windows and Mac OS X

Package 1594/2325HostnameOS / ArchINSTALLBUILDCHECKBUILD BIN
plyinteractions 1.9.0  (landing page)
Jacques Serizay
Snapshot Date: 2025-11-13 13:40 -0500 (Thu, 13 Nov 2025)
git_url: https://git.bioconductor.org/packages/plyinteractions
git_branch: devel
git_last_commit: 172a96a
git_last_commit_date: 2025-10-29 11:25:39 -0500 (Wed, 29 Oct 2025)
nebbiolo1Linux (Ubuntu 24.04.3 LTS) / x86_64  OK    OK    ERROR  
kjohnson3macOS 13.7.7 Ventura / arm64  OK    OK    ERROR    OK  


CHECK results for plyinteractions on nebbiolo1

To the developers/maintainers of the plyinteractions package:
- Allow up to 24 hours (and sometimes 48 hours) for your latest push to git@git.bioconductor.org:packages/plyinteractions.git to reflect on this report. See Troubleshooting Build Report for more information.
- Use the following Renviron settings to reproduce errors and warnings.
- If 'R CMD check' started to fail recently on the Linux builder(s) over a missing dependency, add the missing dependency to 'Suggests:' in your DESCRIPTION file. See Renviron.bioc for more information.

raw results


Summary

Package: plyinteractions
Version: 1.9.0
Command: /home/biocbuild/bbs-3.23-bioc/R/bin/R CMD check --install=check:plyinteractions.install-out.txt --library=/home/biocbuild/bbs-3.23-bioc/R/site-library --timings plyinteractions_1.9.0.tar.gz
StartedAt: 2025-11-14 02:41:39 -0500 (Fri, 14 Nov 2025)
EndedAt: 2025-11-14 02:56:43 -0500 (Fri, 14 Nov 2025)
EllapsedTime: 904.2 seconds
RetCode: 1
Status:   ERROR  
CheckDir: plyinteractions.Rcheck
Warnings: NA

Command output

##############################################################################
##############################################################################
###
### Running command:
###
###   /home/biocbuild/bbs-3.23-bioc/R/bin/R CMD check --install=check:plyinteractions.install-out.txt --library=/home/biocbuild/bbs-3.23-bioc/R/site-library --timings plyinteractions_1.9.0.tar.gz
###
##############################################################################
##############################################################################


* using log directory ‘/home/biocbuild/bbs-3.23-bioc/meat/plyinteractions.Rcheck’
* using R Under development (unstable) (2025-10-20 r88955)
* using platform: x86_64-pc-linux-gnu
* R was compiled by
    gcc (Ubuntu 13.3.0-6ubuntu2~24.04) 13.3.0
    GNU Fortran (Ubuntu 13.3.0-6ubuntu2~24.04) 13.3.0
* running under: Ubuntu 24.04.3 LTS
* using session charset: UTF-8
* checking for file ‘plyinteractions/DESCRIPTION’ ... OK
* this is package ‘plyinteractions’ version ‘1.9.0’
* package encoding: UTF-8
* checking package namespace information ... OK
* checking package dependencies ... OK
* checking if this is a source package ... OK
* checking if there is a namespace ... OK
* checking for hidden files and directories ... OK
* checking for portable file names ... OK
* checking for sufficient/correct file permissions ... OK
* checking whether package ‘plyinteractions’ can be installed ... OK
* checking installed package size ... OK
* checking package directory ... OK
* checking ‘build’ directory ... OK
* checking DESCRIPTION meta-information ... OK
* checking top-level files ... OK
* checking for left-over files ... OK
* checking index information ... OK
* checking package subdirectories ... OK
* checking code files for non-ASCII characters ... OK
* checking R files for syntax errors ... OK
* checking whether the package can be loaded ... OK
* checking whether the package can be loaded with stated dependencies ... OK
* checking whether the package can be unloaded cleanly ... OK
* checking whether the namespace can be loaded with stated dependencies ... OK
* checking whether the namespace can be unloaded cleanly ... OK
* checking loading without being on the library search path ... OK
* checking dependencies in R code ... WARNING
Missing or unexported object: ‘plyranges::mutate’
* checking S3 generic/method consistency ... OK
* checking replacement functions ... OK
* checking foreign function calls ... OK
* checking R code for possible problems ... NOTE
count.GInteractions: no visible binding for global variable ‘group’
pair_granges: no visible global function definition for ‘combn’
write_bedpe: no visible binding for global variable ‘name’
write_bedpe: no visible binding for global variable ‘score’
write_pairs: no visible binding for global variable ‘name’
Undefined global functions or variables:
  combn group name score
Consider adding
  importFrom("utils", "combn")
to your NAMESPACE file.
* checking Rd files ... OK
* checking Rd metadata ... OK
* checking Rd cross-references ... NOTE
Found the following Rd file(s) with Rd \link{} targets missing package
anchors:
  ginteractions-construct.Rd: DataFrame
Please provide package anchors for all Rd \link{} targets not in the
package itself and the base packages.
* checking for missing documentation entries ... OK
* checking for code/documentation mismatches ... OK
* checking Rd \usage sections ... OK
* checking Rd contents ... OK
* checking for unstated dependencies in examples ... OK
* checking contents of ‘data’ directory ... OK
* checking data for non-ASCII characters ... OK
* checking data for ASCII and uncompressed saves ... OK
* checking files in ‘vignettes’ ... OK
* checking examples ... ERROR
Running examples in ‘plyinteractions-Ex.R’ failed
The error most likely occurred in:

> base::assign(".ptime", proc.time(), pos = "CheckExEnv")
> ### Name: annotate
> ### Title: Annotate both anchors of a GInteractions
> ### Aliases: annotate annotate_directed ginteractions-annotate
> ###   annotate,GInteractions,GRanges,character-method
> ###   annotate_directed,GInteractions,GRanges,character-method
> 
> ### ** Examples
> 
> ####################################################################
> # 1. Basic example
> ####################################################################
> 
> gi <- read.table(text = "  
+     chr1 11 20 - chr1 21 30 + 
+     chr1 21 30 + chr2 51 60 +",  
+     col.names = c(
+         "seqnames1", "start1", "end1", "strand1", 
+         "seqnames2", "start2", "end2", "strand2"
+     )
+ ) |> as_ginteractions() 
> 
> gr <- GenomicRanges::GRanges(c("chr1:20-30:+", "chr2:55-65:+")) |>
+     plyranges::mutate(id = 1:2)
Error: 'mutate' is not an exported object from 'namespace:plyranges'
Execution halted
* checking for unstated dependencies in ‘tests’ ... OK
* checking tests ...
  Running ‘testthat.R’
 ERROR
Running the tests in ‘tests/testthat.R’ failed.
Last 13 lines of output:
    4. │     └─testthat:::test_files_serial(...)
    5. │       └─testthat:::test_files_setup_state(...)
    6. │         └─testthat::source_test_setup(".", env)
    7. │           └─testthat::source_dir(path, "^setup.*\\.[rR]$", env = env, wrap = FALSE)
    8. │             └─base::lapply(...)
    9. │               └─testthat (local) FUN(X[[i]], ...)
   10. │                 └─testthat::source_file(...)
   11. │                   ├─base::withCallingHandlers(...)
   12. │                   └─base::eval(exprs, env)
   13. │                     └─base::eval(exprs, env)
   14. └─base::.handleSimpleError(...) at ./setup.R:16:1
   15.   └─testthat (local) h(simpleError(msg, call))
   16.     └─cli::cli_abort(...)
   17.       └─rlang::abort(...)
  Execution halted
* checking for unstated dependencies in vignettes ... OK
* checking package vignettes ... OK
* checking re-building of vignette outputs ... OK
* checking PDF version of manual ... OK
* DONE

Status: 2 ERRORs, 1 WARNING, 2 NOTEs
See
  ‘/home/biocbuild/bbs-3.23-bioc/meat/plyinteractions.Rcheck/00check.log’
for details.


Installation output

plyinteractions.Rcheck/00install.out

##############################################################################
##############################################################################
###
### Running command:
###
###   /home/biocbuild/bbs-3.23-bioc/R/bin/R CMD INSTALL plyinteractions
###
##############################################################################
##############################################################################


* installing to library ‘/home/biocbuild/bbs-3.23-bioc/R/site-library’
* installing *source* package ‘plyinteractions’ ...
** this is package ‘plyinteractions’ version ‘1.9.0’
** using staged installation
** R
** data
** inst
** byte-compile and prepare package for lazy loading
** help
*** installing help indices
*** copying figures
** building package indices
** installing vignettes
** testing if installed package can be loaded from temporary location
** testing if installed package can be loaded from final location
** testing if installed package keeps a record of temporary installation path
* DONE (plyinteractions)

Tests output

plyinteractions.Rcheck/tests/testthat.Rout.fail


R Under development (unstable) (2025-10-20 r88955) -- "Unsuffered Consequences"
Copyright (C) 2025 The R Foundation for Statistical Computing
Platform: x86_64-pc-linux-gnu

R is free software and comes with ABSOLUTELY NO WARRANTY.
You are welcome to redistribute it under certain conditions.
Type 'license()' or 'licence()' for distribution details.

R is a collaborative project with many contributors.
Type 'contributors()' for more information and
'citation()' on how to cite R or R packages in publications.

Type 'demo()' for some demos, 'help()' for on-line help, or
'help.start()' for an HTML browser interface to help.
Type 'q()' to quit R.

> # This file is part of the standard setup for testthat.
> # It is recommended that you do not modify it.
> #
> # Where should you do additional test configuration?
> # Learn more about the roles of various files in:
> # * https://r-pkgs.org/testing-design.html#sec-tests-files-overview
> # * https://testthat.r-lib.org/articles/special-files.html
> 
> library(testthat)
> library(plyinteractions)

Attaching package: 'plyinteractions'

The following object is masked from 'package:stats':

    filter

> 
> gi <- read.table(text = "
+     chr1 11 20 chr1 21 30 + +
+     chr1 11 20 chr1 51 55 + +
+     chr1 11 30 chr1 51 55 - -
+     chr1 11 30 chr2 51 60 - -",
+     col.names = c(
+     "seqnames1", "start1", "end1", 
+     "seqnames2", "start2", "end2", "strand1", "strand2")
+ ) |> 
+     as_ginteractions() |> 
+     mutate(score = runif(4), type = c('cis', 'cis', 'cis', 'trans'))
> 
> test_check("plyinteractions")
Error in `source_dir()`:
! Failed to evaluate './setup.R'.
Caused by error:
! 'mutate' is not an exported object from 'namespace:plyranges'
Backtrace:
     ▆
  1. ├─testthat::test_check("plyinteractions")
  2. │ └─testthat::test_dir(...)
  3. │   └─testthat:::test_files(...)
  4. │     └─testthat:::test_files_serial(...)
  5. │       └─testthat:::test_files_setup_state(...)
  6. │         └─testthat::source_test_setup(".", env)
  7. │           └─testthat::source_dir(path, "^setup.*\\.[rR]$", env = env, wrap = FALSE)
  8. │             └─base::lapply(...)
  9. │               └─testthat (local) FUN(X[[i]], ...)
 10. │                 └─testthat::source_file(...)
 11. │                   ├─base::withCallingHandlers(...)
 12. │                   └─base::eval(exprs, env)
 13. │                     └─base::eval(exprs, env)
 14. └─base::.handleSimpleError(...) at ./setup.R:16:1
 15.   └─testthat (local) h(simpleError(msg, call))
 16.     └─cli::cli_abort(...)
 17.       └─rlang::abort(...)
Execution halted

Example timings

plyinteractions.Rcheck/plyinteractions-Ex.timings

nameusersystemelapsed
add-pairdist0.1950.0010.197
dplyr-arrange1.5850.0401.627
dplyr-count0.6780.0900.768
dplyr-filter0.4860.0810.567
dplyr-group_by0.6520.0070.659
dplyr-mutate1.2510.0011.253
dplyr-rename0.1400.0010.141
dplyr-select0.2800.0050.285
dplyr-slice0.0840.0000.083
dplyr-summarize0.5220.0230.545
ginteractions-anchor0.1400.0020.143