Back to Multiple platform build/check report for BioC 3.22:   simplified   long
ABCDEFGHIJKLM[N]OPQRSTUVWXYZ

This page was generated on 2025-07-26 12:06 -0400 (Sat, 26 Jul 2025).

HostnameOSArch (*)R versionInstalled pkgs
nebbiolo2Linux (Ubuntu 24.04.2 LTS)x86_644.5.1 (2025-06-13) -- "Great Square Root" 4795
palomino8Windows Server 2022 Datacenterx644.5.1 (2025-06-13 ucrt) -- "Great Square Root" 4534
lconwaymacOS 12.7.1 Montereyx86_644.5.1 (2025-06-13) -- "Great Square Root" 4577
kjohnson3macOS 13.7.1 Venturaarm644.5.1 Patched (2025-06-14 r88325) -- "Great Square Root" 4518
taishanLinux (openEuler 24.03 LTS)aarch644.5.0 (2025-04-11) -- "How About a Twenty-Six" 4512
Click on any hostname to see more info about the system (e.g. compilers)      (*) as reported by 'uname -p', except on Windows and Mac OS X

Package 1449/2313HostnameOS / ArchINSTALLBUILDCHECKBUILD BIN
nullranges 1.15.1  (landing page)
Michael Love
Snapshot Date: 2025-07-25 13:25 -0400 (Fri, 25 Jul 2025)
git_url: https://git.bioconductor.org/packages/nullranges
git_branch: devel
git_last_commit: 5836645
git_last_commit_date: 2025-07-23 13:28:16 -0400 (Wed, 23 Jul 2025)
nebbiolo2Linux (Ubuntu 24.04.2 LTS) / x86_64  OK    ERROR  skipped
palomino8Windows Server 2022 Datacenter / x64  OK    ERROR  skippedskipped
lconwaymacOS 12.7.1 Monterey / x86_64  OK    ERROR  skippedskipped
kjohnson3macOS 13.7.1 Ventura / arm64  OK    ERROR  skippedskipped
taishanLinux (openEuler 24.03 LTS) / aarch64  OK    ERROR  skipped


BUILD results for nullranges on nebbiolo2

To the developers/maintainers of the nullranges package:
- Allow up to 24 hours (and sometimes 48 hours) for your latest push to git@git.bioconductor.org:packages/nullranges.git to reflect on this report. See Troubleshooting Build Report for more information.
- Use the following Renviron settings to reproduce errors and warnings.
- If 'R CMD check' started to fail recently on the Linux builder(s) over a missing dependency, add the missing dependency to 'Suggests:' in your DESCRIPTION file. See Renviron.bioc for more information.

raw results


Summary

Package: nullranges
Version: 1.15.1
Command: /home/biocbuild/bbs-3.22-bioc/R/bin/R CMD build --keep-empty-dirs --no-resave-data --md5 nullranges
StartedAt: 2025-07-25 20:36:14 -0400 (Fri, 25 Jul 2025)
EndedAt: 2025-07-25 20:38:05 -0400 (Fri, 25 Jul 2025)
EllapsedTime: 111.2 seconds
RetCode: 1
Status:   ERROR  
PackageFile: None
PackageFileSize: NA

Command output

##############################################################################
##############################################################################
###
### Running command:
###
###   /home/biocbuild/bbs-3.22-bioc/R/bin/R CMD build --keep-empty-dirs --no-resave-data --md5 nullranges
###
##############################################################################
##############################################################################


* checking for file ‘nullranges/DESCRIPTION’ ... OK
* preparing ‘nullranges’:
* checking DESCRIPTION meta-information ... OK
* installing the package to build vignettes
* creating vignettes ... ERROR
--- re-building ‘bootRanges.Rmd’ using rmarkdown

Quitting from bootRanges.Rmd:249-262 [unnamed-chunk-5]
~~~~~~~~~~~~~~~~~~~~~~~~~~~~~~~~~~~~~~~~~~~~~~~~~~~~~~~~~~~~~~~~~~~~~~~~~~~~~~~~
<error/rlang_error>
Error in `keepStandardChromosomes()`:
! could not find function "keepStandardChromosomes"
~~~~~~~~~~~~~~~~~~~~~~~~~~~~~~~~~~~~~~~~~~~~~~~~~~~~~~~~~~~~~~~~~~~~~~~~~~~~~~~~

Error: processing vignette 'bootRanges.Rmd' failed with diagnostics:
could not find function "keepStandardChromosomes"
--- failed re-building ‘bootRanges.Rmd’

--- re-building ‘matchRanges.Rmd’ using rmarkdown
--- finished re-building ‘matchRanges.Rmd’

--- re-building ‘matching_ginteractions.Rmd’ using rmarkdown
--- finished re-building ‘matching_ginteractions.Rmd’

--- re-building ‘matching_granges.Rmd’ using rmarkdown
--- finished re-building ‘matching_granges.Rmd’

--- re-building ‘matching_pool_set.Rmd’ using rmarkdown
--- finished re-building ‘matching_pool_set.Rmd’

--- re-building ‘nullranges.Rmd’ using rmarkdown
--- finished re-building ‘nullranges.Rmd’

SUMMARY: processing the following file failed:
  ‘bootRanges.Rmd’

Error: Vignette re-building failed.
Execution halted