| Back to Multiple platform build/check report for BioC 3.22: simplified long |
|
This page was generated on 2025-08-15 12:07 -0400 (Fri, 15 Aug 2025).
| Hostname | OS | Arch (*) | R version | Installed pkgs |
|---|---|---|---|---|
| nebbiolo2 | Linux (Ubuntu 24.04.3 LTS) | x86_64 | 4.5.1 (2025-06-13) -- "Great Square Root" | 4818 |
| palomino8 | Windows Server 2022 Datacenter | x64 | 4.5.1 (2025-06-13 ucrt) -- "Great Square Root" | 4554 |
| lconway | macOS 12.7.1 Monterey | x86_64 | 4.5.1 (2025-06-13) -- "Great Square Root" | 4595 |
| kjohnson3 | macOS 13.7.7 Ventura | arm64 | 4.5.1 Patched (2025-06-14 r88325) -- "Great Square Root" | 4537 |
| taishan | Linux (openEuler 24.03 LTS) | aarch64 | 4.5.0 (2025-04-11) -- "How About a Twenty-Six" | 4535 |
| Click on any hostname to see more info about the system (e.g. compilers) (*) as reported by 'uname -p', except on Windows and Mac OS X | ||||
| Package 1397/2317 | Hostname | OS / Arch | INSTALL | BUILD | CHECK | BUILD BIN | ||||||||
| multtest 2.65.0 (landing page) Katherine S. Pollard
| nebbiolo2 | Linux (Ubuntu 24.04.3 LTS) / x86_64 | OK | OK | WARNINGS | |||||||||
| palomino8 | Windows Server 2022 Datacenter / x64 | OK | OK | WARNINGS | OK | |||||||||
| lconway | macOS 12.7.1 Monterey / x86_64 | OK | OK | WARNINGS | OK | |||||||||
| kjohnson3 | macOS 13.7.7 Ventura / arm64 | OK | OK | WARNINGS | OK | |||||||||
| taishan | Linux (openEuler 24.03 LTS) / aarch64 | OK | OK | WARNINGS | ||||||||||
|
To the developers/maintainers of the multtest package: - Allow up to 24 hours (and sometimes 48 hours) for your latest push to git@git.bioconductor.org:packages/multtest.git to reflect on this report. See Troubleshooting Build Report for more information. - Use the following Renviron settings to reproduce errors and warnings. - If 'R CMD check' started to fail recently on the Linux builder(s) over a missing dependency, add the missing dependency to 'Suggests:' in your DESCRIPTION file. See Renviron.bioc for more information. |
| Package: multtest |
| Version: 2.65.0 |
| Command: F:\biocbuild\bbs-3.22-bioc\R\bin\R.exe CMD check --no-multiarch --install=check:multtest.install-out.txt --library=F:\biocbuild\bbs-3.22-bioc\R\library --no-vignettes --timings multtest_2.65.0.tar.gz |
| StartedAt: 2025-08-15 05:42:54 -0400 (Fri, 15 Aug 2025) |
| EndedAt: 2025-08-15 05:44:32 -0400 (Fri, 15 Aug 2025) |
| EllapsedTime: 97.3 seconds |
| RetCode: 0 |
| Status: WARNINGS |
| CheckDir: multtest.Rcheck |
| Warnings: 2 |
##############################################################################
##############################################################################
###
### Running command:
###
### F:\biocbuild\bbs-3.22-bioc\R\bin\R.exe CMD check --no-multiarch --install=check:multtest.install-out.txt --library=F:\biocbuild\bbs-3.22-bioc\R\library --no-vignettes --timings multtest_2.65.0.tar.gz
###
##############################################################################
##############################################################################
* using log directory 'F:/biocbuild/bbs-3.22-bioc/meat/multtest.Rcheck'
* using R version 4.5.1 (2025-06-13 ucrt)
* using platform: x86_64-w64-mingw32
* R was compiled by
gcc.exe (GCC) 14.2.0
GNU Fortran (GCC) 14.2.0
* running under: Windows Server 2022 x64 (build 20348)
* using session charset: UTF-8
* using option '--no-vignettes'
* checking for file 'multtest/DESCRIPTION' ... OK
* this is package 'multtest' version '2.65.0'
* checking package namespace information ... OK
* checking package dependencies ... OK
* checking if this is a source package ... OK
* checking if there is a namespace ... OK
* checking for hidden files and directories ... OK
* checking for portable file names ... OK
* checking whether package 'multtest' can be installed ... OK
* used C compiler: 'gcc.exe (GCC) 14.2.0'
* checking installed package size ... OK
* checking package directory ... OK
* checking DESCRIPTION meta-information ... OK
* checking top-level files ... OK
* checking for left-over files ... OK
* checking index information ... OK
* checking package subdirectories ... OK
* checking code files for non-ASCII characters ... OK
* checking R files for syntax errors ... OK
* checking whether the package can be loaded ... OK
* checking whether the package can be loaded with stated dependencies ... OK
* checking whether the package can be unloaded cleanly ... OK
* checking whether the namespace can be loaded with stated dependencies ... OK
* checking whether the namespace can be unloaded cleanly ... OK
* checking whether startup messages can be suppressed ... OK
* checking dependencies in R code ... NOTE
'library' or 'require' call to 'methods' which was already attached by Depends.
Please remove these calls from your code.
* checking S3 generic/method consistency ... OK
* checking replacement functions ... OK
* checking foreign function calls ... OK
* checking R code for possible problems ... NOTE
File 'multtest/R/zzz.R':
.onLoad calls:
require(methods)
Package startup functions should not change the search path.
See section 'Good practice' in '?.onAttach'.
EBMTP: no visible global function definition for 'makeCluster'
EBMTP: no visible global function definition for 'clusterEvalQ'
EBMTP: no visible global function definition for 'stopCluster'
MTP: no visible global function definition for 'makeCluster'
MTP: no visible global function definition for 'clusterEvalQ'
MTP: no visible global function definition for 'stopCluster'
boot.null: no visible global function definition for 'clusterApply'
boot.null: no visible global function definition for 'clusterApplyLB'
EBupdate,EBMTP: no visible binding for global variable 'y'
update,MTP: no visible binding for global variable 'y'
Undefined global functions or variables:
clusterApply clusterApplyLB clusterEvalQ makeCluster stopCluster y
* checking Rd files ... NOTE
checkRd: (-1) mt.maxT.Rd:88: Escaped LaTeX specials: \#
checkRd: (-1) mt.maxT.Rd:91: Escaped LaTeX specials: \&
checkRd: (-1) mt.plot.Rd:37: Escaped LaTeX specials: \#
* checking Rd metadata ... OK
* checking Rd cross-references ... OK
* checking for missing documentation entries ... WARNING
Undocumented S4 methods:
generic '[' and siglist 'EBMTP,ANY,ANY,ANY'
generic '[' and siglist 'MTP,ANY,ANY,ANY'
All user-level objects in a package (including S4 classes and methods)
should have documentation entries.
See chapter 'Writing R documentation files' in the 'Writing R
Extensions' manual.
* checking for code/documentation mismatches ... OK
* checking Rd \usage sections ... NOTE
Documented arguments not in \usage in Rd file 'boot.null.Rd':
'csnull'
Documented arguments not in \usage in Rd file 'meanX.Rd':
'surv.object'
Objects in \usage without \alias in Rd file 'meanX.Rd':
'corr.Tn'
Assignments in \usage in Rd file 'mt.internal.Rd':
mt.niceres <- function(res, X, index) mt.legend(x, y = NULL,
legend, fill = NULL, col = "black", lty, lwd, pch, angle = 45,
density = NULL, bty = "o", bg = par("bg"), pt.bg = NA, cex = 1,
pt.cex = cex, pt.lwd = lwd, xjust = 0, yjust = 1, x.intersp = 1,
y.intersp = 1, adj = c(0, 0.5), text.width = NULL, text.col = par("col"),
merge = do.lines && has.pch, trace = FALSE, plot = TRUE,
ncol = 1, horiz = FALSE, ...)
Functions with \usage entries need to have the appropriate \alias
entries, and all their arguments documented.
The \usage entries must correspond to syntactically valid R code.
See chapter 'Writing R documentation files' in the 'Writing R
Extensions' manual.
* checking Rd contents ... OK
* checking for unstated dependencies in examples ... OK
* checking contents of 'data' directory ... OK
* checking data for non-ASCII characters ... OK
* checking data for ASCII and uncompressed saves ... OK
* checking line endings in C/C++/Fortran sources/headers ... OK
* checking line endings in Makefiles ... OK
* checking compilation flags in Makevars ... OK
* checking for GNU extensions in Makefiles ... OK
* checking for portable use of $(BLAS_LIBS) and $(LAPACK_LIBS) ... OK
* checking use of PKG_*FLAGS in Makefiles ... OK
* checking compiled code ... NOTE
Note: information on .o files for x64 is not available
File 'F:/biocbuild/bbs-3.22-bioc/R/library/multtest/libs/x64/multtest.dll':
Found '_exit', possibly from '_exit' (C)
Found 'abort', possibly from 'abort' (C), 'runtime' (Fortran)
Compiled code should not call entry points which might terminate R nor
write to stdout/stderr instead of to the console, nor use Fortran I/O
nor system RNGs nor [v]sprintf. The detected symbols are linked into
the code but might come from libraries and not actually be called.
See 'Writing portable packages' in the 'Writing R Extensions' manual.
* checking files in 'vignettes' ... WARNING
Files in the 'vignettes' directory but no files in 'inst/doc':
'MTP.pdf' 'MTP.tex' 'MTPALL.pdf' 'golub.R' 'multtest.bib'
'multtest.pdf'
Package has no Sweave vignette sources and no VignetteBuilder field.
* checking examples ... OK
* checking package vignettes ... NOTE
Package has 'vignettes' subdirectory but apparently no vignettes.
Perhaps the 'VignetteBuilder' information is missing from the
DESCRIPTION file?
* checking PDF version of manual ... OK
* DONE
Status: 2 WARNINGs, 6 NOTEs
See
'F:/biocbuild/bbs-3.22-bioc/meat/multtest.Rcheck/00check.log'
for details.
multtest.Rcheck/00install.out
############################################################################## ############################################################################## ### ### Running command: ### ### F:\biocbuild\bbs-3.22-bioc\R\bin\R.exe CMD INSTALL multtest ### ############################################################################## ############################################################################## * installing to library 'F:/biocbuild/bbs-3.22-bioc/R/library' * installing *source* package 'multtest' ... ** this is package 'multtest' version '2.65.0' ** using staged installation ** libs using C compiler: 'gcc.exe (GCC) 14.2.0' gcc -I"F:/biocbuild/bbs-3.22-bioc/R/include" -DNDEBUG -I"C:/rtools45/x86_64-w64-mingw32.static.posix/include" -DUSEDOUBLE -DWINDOWS -O2 -Wall -std=gnu2x -mfpmath=sse -msse2 -mstackrealign -c Rpack.c -o Rpack.o gcc -I"F:/biocbuild/bbs-3.22-bioc/R/include" -DNDEBUG -I"C:/rtools45/x86_64-w64-mingw32.static.posix/include" -DUSEDOUBLE -DWINDOWS -O2 -Wall -std=gnu2x -mfpmath=sse -msse2 -mstackrealign -c VScount.c -o VScount.o gcc -I"F:/biocbuild/bbs-3.22-bioc/R/include" -DNDEBUG -I"C:/rtools45/x86_64-w64-mingw32.static.posix/include" -DUSEDOUBLE -DWINDOWS -O2 -Wall -std=gnu2x -mfpmath=sse -msse2 -mstackrealign -c block_sampling_fixed.c -o block_sampling_fixed.o gcc -I"F:/biocbuild/bbs-3.22-bioc/R/include" -DNDEBUG -I"C:/rtools45/x86_64-w64-mingw32.static.posix/include" -DUSEDOUBLE -DWINDOWS -O2 -Wall -std=gnu2x -mfpmath=sse -msse2 -mstackrealign -c bootloop.c -o bootloop.o gcc -I"F:/biocbuild/bbs-3.22-bioc/R/include" -DNDEBUG -I"C:/rtools45/x86_64-w64-mingw32.static.posix/include" -DUSEDOUBLE -DWINDOWS -O2 -Wall -std=gnu2x -mfpmath=sse -msse2 -mstackrealign -c mt.c -o mt.o gcc -I"F:/biocbuild/bbs-3.22-bioc/R/include" -DNDEBUG -I"C:/rtools45/x86_64-w64-mingw32.static.posix/include" -DUSEDOUBLE -DWINDOWS -O2 -Wall -std=gnu2x -mfpmath=sse -msse2 -mstackrealign -c pairt_sampling.c -o pairt_sampling.o gcc -I"F:/biocbuild/bbs-3.22-bioc/R/include" -DNDEBUG -I"C:/rtools45/x86_64-w64-mingw32.static.posix/include" -DUSEDOUBLE -DWINDOWS -O2 -Wall -std=gnu2x -mfpmath=sse -msse2 -mstackrealign -c pairt_sampling_fixed.c -o pairt_sampling_fixed.o gcc -I"F:/biocbuild/bbs-3.22-bioc/R/include" -DNDEBUG -I"C:/rtools45/x86_64-w64-mingw32.static.posix/include" -DUSEDOUBLE -DWINDOWS -O2 -Wall -std=gnu2x -mfpmath=sse -msse2 -mstackrealign -c random.c -o random.o gcc -I"F:/biocbuild/bbs-3.22-bioc/R/include" -DNDEBUG -I"C:/rtools45/x86_64-w64-mingw32.static.posix/include" -DUSEDOUBLE -DWINDOWS -O2 -Wall -std=gnu2x -mfpmath=sse -msse2 -mstackrealign -c sampling.c -o sampling.o gcc -I"F:/biocbuild/bbs-3.22-bioc/R/include" -DNDEBUG -I"C:/rtools45/x86_64-w64-mingw32.static.posix/include" -DUSEDOUBLE -DWINDOWS -O2 -Wall -std=gnu2x -mfpmath=sse -msse2 -mstackrealign -c sampling_fixed.c -o sampling_fixed.o gcc -I"F:/biocbuild/bbs-3.22-bioc/R/include" -DNDEBUG -I"C:/rtools45/x86_64-w64-mingw32.static.posix/include" -DUSEDOUBLE -DWINDOWS -O2 -Wall -std=gnu2x -mfpmath=sse -msse2 -mstackrealign -c stat_func.c -o stat_func.o gcc -I"F:/biocbuild/bbs-3.22-bioc/R/include" -DNDEBUG -I"C:/rtools45/x86_64-w64-mingw32.static.posix/include" -DUSEDOUBLE -DWINDOWS -O2 -Wall -std=gnu2x -mfpmath=sse -msse2 -mstackrealign -c stat_order.c -o stat_order.o gcc -shared -s -static-libgcc -o multtest.dll tmp.def Rpack.o VScount.o block_sampling_fixed.o bootloop.o mt.o pairt_sampling.o pairt_sampling_fixed.o random.o sampling.o sampling_fixed.o stat_func.o stat_order.o -lm -LC:/rtools45/x86_64-w64-mingw32.static.posix/lib/x64 -LC:/rtools45/x86_64-w64-mingw32.static.posix/lib -LF:/biocbuild/bbs-3.22-bioc/R/bin/x64 -lR installing to F:/biocbuild/bbs-3.22-bioc/R/library/00LOCK-multtest/00new/multtest/libs/x64 ** R ** data ** inst ** byte-compile and prepare package for lazy loading ** help *** installing help indices ** building package indices ** installing vignettes ** testing if installed package can be loaded from temporary location ** testing if installed package can be loaded from final location ** testing if installed package keeps a record of temporary installation path * DONE (multtest)
multtest.Rcheck/multtest-Ex.timings
| name | user | system | elapsed | |
| EBMTP-class | 0 | 0 | 0 | |
| EBMTP | 0.20 | 0.03 | 0.24 | |
| Hsets | 0.23 | 0.01 | 0.25 | |
| MTP-class | 0 | 0 | 0 | |
| MTP | 0.69 | 0.00 | 0.69 | |
| boot.null | 0.03 | 0.00 | 0.03 | |
| corr.null | 0.03 | 0.00 | 0.03 | |
| fwer2gfwer | 2.22 | 0.00 | 2.22 | |
| get.index | 0.26 | 0.03 | 0.30 | |
| meanX | 0.02 | 0.00 | 0.01 | |
| mt.maxT | 4.25 | 0.03 | 4.28 | |
| mt.plot | 0.31 | 0.00 | 0.31 | |
| mt.rawp2adjp | 0.27 | 0.00 | 0.27 | |
| mt.reject | 0.25 | 0.02 | 0.27 | |
| mt.sample.teststat | 0.12 | 0.02 | 0.14 | |
| mt.teststat | 0.19 | 0.00 | 0.18 | |
| ss.maxT | 0 | 0 | 0 | |
| wapply | 0 | 0 | 0 | |