Back to Multiple platform build/check report for BioC 3.22:   simplified   long
ABCDEFGHIJKL[M]NOPQRSTUVWXYZ

This page was generated on 2025-10-29 12:05 -0400 (Wed, 29 Oct 2025).

HostnameOSArch (*)R versionInstalled pkgs
nebbiolo2Linux (Ubuntu 24.04.3 LTS)x86_644.5.1 Patched (2025-08-23 r88802) -- "Great Square Root" 4901
lconwaymacOS 12.7.6 Montereyx86_644.5.1 Patched (2025-09-10 r88807) -- "Great Square Root" 4691
kjohnson3macOS 13.7.7 Venturaarm644.5.1 Patched (2025-09-10 r88807) -- "Great Square Root" 4637
Click on any hostname to see more info about the system (e.g. compilers)      (*) as reported by 'uname -p', except on Windows and Mac OS X

Package 1293/2361HostnameOS / ArchINSTALLBUILDCHECKBUILD BIN
miaViz 1.17.10  (landing page)
Tuomas Borman
Snapshot Date: 2025-10-28 13:45 -0400 (Tue, 28 Oct 2025)
git_url: https://git.bioconductor.org/packages/miaViz
git_branch: devel
git_last_commit: 530a086
git_last_commit_date: 2025-10-14 09:16:30 -0400 (Tue, 14 Oct 2025)
nebbiolo2Linux (Ubuntu 24.04.3 LTS) / x86_64  OK    ERROR  skipped
lconwaymacOS 12.7.6 Monterey / x86_64  OK    ERROR  skippedskipped
kjohnson3macOS 13.7.7 Ventura / arm64  OK    ERROR  skippedskipped


BUILD results for miaViz on nebbiolo2

To the developers/maintainers of the miaViz package:
- Allow up to 24 hours (and sometimes 48 hours) for your latest push to git@git.bioconductor.org:packages/miaViz.git to reflect on this report. See Troubleshooting Build Report for more information.
- Use the following Renviron settings to reproduce errors and warnings.
- If 'R CMD check' started to fail recently on the Linux builder(s) over a missing dependency, add the missing dependency to 'Suggests:' in your DESCRIPTION file. See Renviron.bioc for more information.

raw results


Summary

Package: miaViz
Version: 1.17.10
Command: /home/biocbuild/bbs-3.22-bioc/R/bin/R CMD build --keep-empty-dirs --no-resave-data --md5 miaViz
StartedAt: 2025-10-28 18:39:02 -0400 (Tue, 28 Oct 2025)
EndedAt: 2025-10-28 18:40:27 -0400 (Tue, 28 Oct 2025)
EllapsedTime: 85.1 seconds
RetCode: 1
Status:   ERROR  
PackageFile: None
PackageFileSize: NA

Command output

##############################################################################
##############################################################################
###
### Running command:
###
###   /home/biocbuild/bbs-3.22-bioc/R/bin/R CMD build --keep-empty-dirs --no-resave-data --md5 miaViz
###
##############################################################################
##############################################################################


* checking for file ‘miaViz/DESCRIPTION’ ... OK
* preparing ‘miaViz’:
* checking DESCRIPTION meta-information ... OK
* installing the package to build vignettes
* creating vignettes ... ERROR
--- re-building ‘miaViz.Rmd’ using rmarkdown

Quitting from miaViz.Rmd:183-187 [plot1]
~~~~~~~~~~~~~~~~~~~~~~~~~~~~~~~~~~~~~~~~~~~~~~~~~~~~~~~~~~~~~~~~~~~~~~~~~~~~~~~~
<error/rlang_error>
Error in `adjust_hclust_tip.edge.len()`:
! could not find function "adjust_hclust_tip.edge.len"
---
Backtrace:
     ▆
  1. ├─miaViz::plotRowTree(...)
  2. └─miaViz::plotRowTree(...)
  3.   └─miaViz (local) .local(x, ...)
  4.     └─miaViz:::.plot_row_column_tree(...)
  5.       ├─base::do.call(.tree_plotter, args)
  6.       └─miaViz (local) `<fn>`(...)
  7.         └─ggtree::ggtree(...)
  8.           ├─base::suppressWarnings(...)
  9.           │ └─base::withCallingHandlers(...)
 10.           ├─ggplot2::ggplot(...)
 11.           └─ggplot2:::ggplot.default(...)
 12.             ├─ggplot2::fortify(data, ...)
 13.             └─ggtree:::fortify.treedata(data, ...)
 14.               └─ggtree:::fortify.phylo(...)
~~~~~~~~~~~~~~~~~~~~~~~~~~~~~~~~~~~~~~~~~~~~~~~~~~~~~~~~~~~~~~~~~~~~~~~~~~~~~~~~

Error: processing vignette 'miaViz.Rmd' failed with diagnostics:
could not find function "adjust_hclust_tip.edge.len"
--- failed re-building ‘miaViz.Rmd’

SUMMARY: processing the following file failed:
  ‘miaViz.Rmd’

Error: Vignette re-building failed.
Execution halted