Back to Multiple platform build/check report for BioC 3.21: simplified long |
|
This page was generated on 2025-02-03 12:37 -0500 (Mon, 03 Feb 2025).
Hostname | OS | Arch (*) | R version | Installed pkgs |
---|---|---|---|---|
nebbiolo1 | Linux (Ubuntu 24.04.1 LTS) | x86_64 | R Under development (unstable) (2025-01-20 r87609) -- "Unsuffered Consequences" | 4704 |
palomino7 | Windows Server 2022 Datacenter | x64 | R Under development (unstable) (2025-01-21 r87610 ucrt) -- "Unsuffered Consequences" | 4467 |
lconway | macOS 12.7.1 Monterey | x86_64 | R Under development (unstable) (2025-01-22 r87618) -- "Unsuffered Consequences" | 4478 |
Click on any hostname to see more info about the system (e.g. compilers) (*) as reported by 'uname -p', except on Windows and Mac OS X |
Package 1086/2289 | Hostname | OS / Arch | INSTALL | BUILD | CHECK | BUILD BIN | ||||||||
knowYourCG 1.3.15 (landing page) Goldberg David
| nebbiolo1 | Linux (Ubuntu 24.04.1 LTS) / x86_64 | OK | OK | WARNINGS | |||||||||
palomino7 | Windows Server 2022 Datacenter / x64 | OK | OK | OK | OK | |||||||||
lconway | macOS 12.7.1 Monterey / x86_64 | OK | OK | OK | OK | |||||||||
To the developers/maintainers of the knowYourCG package: - Allow up to 24 hours (and sometimes 48 hours) for your latest push to git@git.bioconductor.org:packages/knowYourCG.git to reflect on this report. See Troubleshooting Build Report for more information. - Use the following Renviron settings to reproduce errors and warnings. - If 'R CMD check' started to fail recently on the Linux builder(s) over a missing dependency, add the missing dependency to 'Suggests:' in your DESCRIPTION file. See Renviron.bioc for more information. |
Package: knowYourCG |
Version: 1.3.15 |
Command: /home/biocbuild/bbs-3.21-bioc/R/bin/R CMD check --install=check:knowYourCG.install-out.txt --library=/home/biocbuild/bbs-3.21-bioc/R/site-library --timings knowYourCG_1.3.15.tar.gz |
StartedAt: 2025-02-02 23:28:48 -0500 (Sun, 02 Feb 2025) |
EndedAt: 2025-02-02 23:35:27 -0500 (Sun, 02 Feb 2025) |
EllapsedTime: 398.8 seconds |
RetCode: 0 |
Status: WARNINGS |
CheckDir: knowYourCG.Rcheck |
Warnings: 1 |
############################################################################## ############################################################################## ### ### Running command: ### ### /home/biocbuild/bbs-3.21-bioc/R/bin/R CMD check --install=check:knowYourCG.install-out.txt --library=/home/biocbuild/bbs-3.21-bioc/R/site-library --timings knowYourCG_1.3.15.tar.gz ### ############################################################################## ############################################################################## * using log directory ‘/home/biocbuild/bbs-3.21-bioc/meat/knowYourCG.Rcheck’ * using R Under development (unstable) (2025-01-20 r87609) * using platform: x86_64-pc-linux-gnu * R was compiled by gcc (Ubuntu 13.3.0-6ubuntu2~24.04) 13.3.0 GNU Fortran (Ubuntu 13.3.0-6ubuntu2~24.04) 13.3.0 * running under: Ubuntu 24.04.1 LTS * using session charset: UTF-8 * checking for file ‘knowYourCG/DESCRIPTION’ ... OK * checking extension type ... Package * this is package ‘knowYourCG’ version ‘1.3.15’ * package encoding: UTF-8 * checking package namespace information ... OK * checking package dependencies ... OK * checking if this is a source package ... OK * checking if there is a namespace ... OK * checking for hidden files and directories ... OK * checking for portable file names ... OK * checking for sufficient/correct file permissions ... OK * checking whether package ‘knowYourCG’ can be installed ... WARNING Found the following significant warnings: bgzf.c:60:34: warning: ignoring return value of ‘fread’ declared with attribute ‘warn_unused_result’ [-Wunused-result] See ‘/home/biocbuild/bbs-3.21-bioc/meat/knowYourCG.Rcheck/00install.out’ for details. * used C compiler: ‘gcc (Ubuntu 13.3.0-6ubuntu2~24.04) 13.3.0’ * checking installed package size ... OK * checking package directory ... OK * checking ‘build’ directory ... OK * checking DESCRIPTION meta-information ... NOTE License stub is invalid DCF. * checking top-level files ... OK * checking for left-over files ... OK * checking index information ... OK * checking package subdirectories ... OK * checking code files for non-ASCII characters ... OK * checking R files for syntax errors ... OK * checking whether the package can be loaded ... OK * checking whether the package can be loaded with stated dependencies ... OK * checking whether the package can be unloaded cleanly ... OK * checking whether the namespace can be loaded with stated dependencies ... OK * checking whether the namespace can be unloaded cleanly ... OK * checking loading without being on the library search path ... OK * checking dependencies in R code ... OK * checking S3 generic/method consistency ... OK * checking replacement functions ... OK * checking foreign function calls ... OK * checking R code for possible problems ... OK * checking Rd files ... OK * checking Rd metadata ... OK * checking Rd cross-references ... OK * checking for missing documentation entries ... OK * checking for code/documentation mismatches ... OK * checking Rd \usage sections ... OK * checking Rd contents ... OK * checking for unstated dependencies in examples ... OK * checking line endings in C/C++/Fortran sources/headers ... OK * checking line endings in Makefiles ... OK * checking compilation flags in Makevars ... OK * checking for GNU extensions in Makefiles ... OK * checking for portable use of $(BLAS_LIBS) and $(LAPACK_LIBS) ... OK * checking use of PKG_*FLAGS in Makefiles ... OK * checking compiled code ... NOTE Note: information on .o files is not available * checking files in ‘vignettes’ ... OK * checking examples ... OK Examples with CPU (user + system) or elapsed time > 5s user system elapsed KYCG_plotMeta 28.945 0.810 29.758 KYCG_plotEnrichAll 24.321 1.527 25.860 testEnrichmentSEA 10.437 0.346 10.785 testGO 8.641 0.310 10.990 buildGeneDBs 8.345 0.284 8.633 testProbeProximity 7.292 0.557 7.871 dbStats 6.856 0.356 7.213 annoProbes 5.157 0.174 5.332 * checking for unstated dependencies in ‘tests’ ... OK * checking tests ... Running ‘testthat.R’ OK * checking for unstated dependencies in vignettes ... OK * checking package vignettes ... OK * checking re-building of vignette outputs ... OK * checking PDF version of manual ... OK * DONE Status: 1 WARNING, 2 NOTEs See ‘/home/biocbuild/bbs-3.21-bioc/meat/knowYourCG.Rcheck/00check.log’ for details.
knowYourCG.Rcheck/00install.out
############################################################################## ############################################################################## ### ### Running command: ### ### /home/biocbuild/bbs-3.21-bioc/R/bin/R CMD INSTALL knowYourCG ### ############################################################################## ############################################################################## * installing to library ‘/home/biocbuild/bbs-3.21-bioc/R/site-library’ * installing *source* package ‘knowYourCG’ ... ** this is package ‘knowYourCG’ version ‘1.3.15’ ** using staged installation ** libs using C compiler: ‘gcc (Ubuntu 13.3.0-6ubuntu2~24.04) 13.3.0’ gcc -I"/home/biocbuild/bbs-3.21-bioc/R/include" -DNDEBUG -I/usr/local/include -fpic -g -O2 -c bgzf.c -o bgzf.o bgzf.c: In function ‘bgzf_check_EOF’: bgzf.c:60:34: warning: ignoring return value of ‘fread’ declared with attribute ‘warn_unused_result’ [-Wunused-result] 60 | #define _bgzf_read(fp, buf, len) fread((buf), 1, (len), (FILE*)(fp)) | ^~~~~~~~~~~~~~~~~~~~~~~~~~~~~~~~~~~ bgzf.c:646:9: note: in expansion of macro ‘_bgzf_read’ 646 | _bgzf_read(fp->fp, buf, 28); | ^~~~~~~~~~ gcc -I"/home/biocbuild/bbs-3.21-bioc/R/include" -DNDEBUG -I/usr/local/include -fpic -g -O2 -c cfile.c -o cfile.o gcc -I"/home/biocbuild/bbs-3.21-bioc/R/include" -DNDEBUG -I/usr/local/include -fpic -g -O2 -c decompress.c -o decompress.o gcc -I"/home/biocbuild/bbs-3.21-bioc/R/include" -DNDEBUG -I/usr/local/include -fpic -g -O2 -c format.c -o format.o gcc -I"/home/biocbuild/bbs-3.21-bioc/R/include" -DNDEBUG -I/usr/local/include -fpic -g -O2 -c format2.c -o format2.o gcc -I"/home/biocbuild/bbs-3.21-bioc/R/include" -DNDEBUG -I/usr/local/include -fpic -g -O2 -c format3.c -o format3.o gcc -I"/home/biocbuild/bbs-3.21-bioc/R/include" -DNDEBUG -I/usr/local/include -fpic -g -O2 -c format6.c -o format6.o gcc -I"/home/biocbuild/bbs-3.21-bioc/R/include" -DNDEBUG -I/usr/local/include -fpic -g -O2 -c format7.c -o format7.o gcc -I"/home/biocbuild/bbs-3.21-bioc/R/include" -DNDEBUG -I/usr/local/include -fpic -g -O2 -c index.c -o index.o gcc -I"/home/biocbuild/bbs-3.21-bioc/R/include" -DNDEBUG -I/usr/local/include -fpic -g -O2 -c init.c -o init.o gcc -I"/home/biocbuild/bbs-3.21-bioc/R/include" -DNDEBUG -I/usr/local/include -fpic -g -O2 -c kstring.c -o kstring.o gcc -I"/home/biocbuild/bbs-3.21-bioc/R/include" -DNDEBUG -I/usr/local/include -fpic -g -O2 -c summary.c -o summary.o gcc -shared -L/home/biocbuild/bbs-3.21-bioc/R/lib -L/usr/local/lib -o knowYourCG.so bgzf.o cfile.o decompress.o format.o format2.o format3.o format6.o format7.o index.o init.o kstring.o summary.o -lncurses -lz -lm -L/home/biocbuild/bbs-3.21-bioc/R/lib -lR installing to /home/biocbuild/bbs-3.21-bioc/R/site-library/00LOCK-knowYourCG/00new/knowYourCG/libs ** R ** inst ** byte-compile and prepare package for lazy loading ** help *** installing help indices ** building package indices ** installing vignettes ** testing if installed package can be loaded from temporary location ** checking absolute paths in shared objects and dynamic libraries ** testing if installed package can be loaded from final location ** testing if installed package keeps a record of temporary installation path * DONE (knowYourCG)
knowYourCG.Rcheck/tests/testthat.Rout
R Under development (unstable) (2025-01-20 r87609) -- "Unsuffered Consequences" Copyright (C) 2025 The R Foundation for Statistical Computing Platform: x86_64-pc-linux-gnu R is free software and comes with ABSOLUTELY NO WARRANTY. You are welcome to redistribute it under certain conditions. Type 'license()' or 'licence()' for distribution details. R is a collaborative project with many contributors. Type 'contributors()' for more information and 'citation()' on how to cite R or R packages in publications. Type 'demo()' for some demos, 'help()' for on-line help, or 'help.start()' for an HTML browser interface to help. Type 'q()' to quit R. > # This file is part of the standard setup for testthat. > # It is recommended that you do not modify it. > # > # Where should you do additional test configuration? > # Learn more about the roles of various files in: > # * https://r-pkgs.org/testing-design.html#sec-tests-files-overview > # * https://testthat.r-lib.org/articles/special-files.html > > library(testthat) > library(knowYourCG) > > test_check("knowYourCG") Loading required package: MatrixGenerics Loading required package: matrixStats Attaching package: 'MatrixGenerics' The following objects are masked from 'package:matrixStats': colAlls, colAnyNAs, colAnys, colAvgsPerRowSet, colCollapse, colCounts, colCummaxs, colCummins, colCumprods, colCumsums, colDiffs, colIQRDiffs, colIQRs, colLogSumExps, colMadDiffs, colMads, colMaxs, colMeans2, colMedians, colMins, colOrderStats, colProds, colQuantiles, colRanges, colRanks, colSdDiffs, colSds, colSums2, colTabulates, colVarDiffs, colVars, colWeightedMads, colWeightedMeans, colWeightedMedians, colWeightedSds, colWeightedVars, rowAlls, rowAnyNAs, rowAnys, rowAvgsPerColSet, rowCollapse, rowCounts, rowCummaxs, rowCummins, rowCumprods, rowCumsums, rowDiffs, rowIQRDiffs, rowIQRs, rowLogSumExps, rowMadDiffs, rowMads, rowMaxs, rowMeans2, rowMedians, rowMins, rowOrderStats, rowProds, rowQuantiles, rowRanges, rowRanks, rowSdDiffs, rowSds, rowSums2, rowTabulates, rowVarDiffs, rowVars, rowWeightedMads, rowWeightedMeans, rowWeightedMedians, rowWeightedSds, rowWeightedVars Loading required package: GenomicRanges Loading required package: stats4 Loading required package: BiocGenerics Loading required package: generics Attaching package: 'generics' The following objects are masked from 'package:base': as.difftime, as.factor, as.ordered, intersect, is.element, setdiff, setequal, union Attaching package: 'BiocGenerics' The following objects are masked from 'package:stats': IQR, mad, sd, var, xtabs The following objects are masked from 'package:base': Filter, Find, Map, Position, Reduce, anyDuplicated, aperm, append, as.data.frame, basename, cbind, colnames, dirname, do.call, duplicated, eval, evalq, get, grep, grepl, is.unsorted, lapply, mapply, match, mget, order, paste, pmax, pmax.int, pmin, pmin.int, rank, rbind, rownames, sapply, saveRDS, table, tapply, unique, unsplit, which.max, which.min Loading required package: S4Vectors Attaching package: 'S4Vectors' The following object is masked from 'package:utils': findMatches The following objects are masked from 'package:base': I, expand.grid, unname Loading required package: IRanges Loading required package: GenomeInfoDb Loading required package: Biobase Welcome to Bioconductor Vignettes contain introductory material; view with 'browseVignettes()'. To cite Bioconductor, see 'citation("Biobase")', and for packages 'citation("pkgname")'. Attaching package: 'Biobase' The following object is masked from 'package:MatrixGenerics': rowMedians The following objects are masked from 'package:matrixStats': anyMissing, rowMedians Selected the following database groups: 1. KYCG.MM285.chromHMM.20210210 Testing against 18 database(s)... [ FAIL 0 | WARN 0 | SKIP 0 | PASS 1 ] > > proc.time() user system elapsed 14.715 0.924 15.629
knowYourCG.Rcheck/knowYourCG-Ex.timings
name | user | system | elapsed | |
KYCG_plotBar | 0.172 | 0.024 | 0.198 | |
KYCG_plotDot | 0.284 | 0.074 | 0.358 | |
KYCG_plotEnrichAll | 24.321 | 1.527 | 25.860 | |
KYCG_plotLollipop | 0.15 | 0.00 | 0.15 | |
KYCG_plotManhattan | 0 | 0 | 0 | |
KYCG_plotMeta | 28.945 | 0.810 | 29.758 | |
KYCG_plotMetaEnrichment | 2.093 | 0.000 | 2.092 | |
KYCG_plotPointRange | 0.895 | 0.003 | 0.898 | |
KYCG_plotSetEnrichment | 3.626 | 0.169 | 3.796 | |
KYCG_plotVolcano | 0.137 | 0.023 | 0.160 | |
KYCG_plotWaterfall | 2.816 | 0.141 | 2.960 | |
aggregateTestEnrichments | 2.064 | 0.100 | 2.164 | |
annoProbes | 5.157 | 0.174 | 5.332 | |
buildGeneDBs | 8.345 | 0.284 | 8.633 | |
dbStats | 6.856 | 0.356 | 7.213 | |
getDBs | 3.011 | 0.210 | 3.224 | |
listDBGroups | 0.035 | 0.001 | 0.036 | |
testEnrichment | 4.529 | 0.208 | 4.740 | |
testEnrichment2 | 0.321 | 0.007 | 0.329 | |
testEnrichmentSEA | 10.437 | 0.346 | 10.785 | |
testGO | 8.641 | 0.310 | 10.990 | |
testProbeProximity | 7.292 | 0.557 | 7.871 | |