| Back to Multiple platform build/check report for BioC 3.22: simplified long |
|
This page was generated on 2025-10-24 12:03 -0400 (Fri, 24 Oct 2025).
| Hostname | OS | Arch (*) | R version | Installed pkgs |
|---|---|---|---|---|
| nebbiolo2 | Linux (Ubuntu 24.04.3 LTS) | x86_64 | 4.5.1 Patched (2025-08-23 r88802) -- "Great Square Root" | 4898 |
| lconway | macOS 12.7.6 Monterey | x86_64 | 4.5.1 Patched (2025-09-10 r88807) -- "Great Square Root" | 4688 |
| kjohnson3 | macOS 13.7.7 Ventura | arm64 | 4.5.1 Patched (2025-09-10 r88807) -- "Great Square Root" | 4634 |
| taishan | Linux (openEuler 24.03 LTS) | aarch64 | 4.5.0 (2025-04-11) -- "How About a Twenty-Six" | 4658 |
| Click on any hostname to see more info about the system (e.g. compilers) (*) as reported by 'uname -p', except on Windows and Mac OS X | ||||
| Package 1094/2359 | Hostname | OS / Arch | INSTALL | BUILD | CHECK | BUILD BIN | ||||||||
| isobar 1.55.0 (landing page) Florian P Breitwieser
| nebbiolo2 | Linux (Ubuntu 24.04.3 LTS) / x86_64 | OK | OK | WARNINGS | |||||||||
| lconway | macOS 12.7.6 Monterey / x86_64 | OK | OK | WARNINGS | OK | |||||||||
| kjohnson3 | macOS 13.7.7 Ventura / arm64 | OK | OK | WARNINGS | OK | |||||||||
| taishan | Linux (openEuler 24.03 LTS) / aarch64 | OK | OK | NA | ||||||||||
|
To the developers/maintainers of the isobar package: - Allow up to 24 hours (and sometimes 48 hours) for your latest push to git@git.bioconductor.org:packages/isobar.git to reflect on this report. See Troubleshooting Build Report for more information. - Use the following Renviron settings to reproduce errors and warnings. - If 'R CMD check' started to fail recently on the Linux builder(s) over a missing dependency, add the missing dependency to 'Suggests:' in your DESCRIPTION file. See Renviron.bioc for more information. |
| Package: isobar |
| Version: 1.55.0 |
| Command: /home/biocbuild/bbs-3.22-bioc/R/bin/R CMD check --install=check:isobar.install-out.txt --library=/home/biocbuild/bbs-3.22-bioc/R/site-library --timings isobar_1.55.0.tar.gz |
| StartedAt: 2025-10-24 00:43:33 -0400 (Fri, 24 Oct 2025) |
| EndedAt: 2025-10-24 00:47:50 -0400 (Fri, 24 Oct 2025) |
| EllapsedTime: 257.3 seconds |
| RetCode: 0 |
| Status: WARNINGS |
| CheckDir: isobar.Rcheck |
| Warnings: 2 |
##############################################################################
##############################################################################
###
### Running command:
###
### /home/biocbuild/bbs-3.22-bioc/R/bin/R CMD check --install=check:isobar.install-out.txt --library=/home/biocbuild/bbs-3.22-bioc/R/site-library --timings isobar_1.55.0.tar.gz
###
##############################################################################
##############################################################################
* using log directory ‘/home/biocbuild/bbs-3.22-bioc/meat/isobar.Rcheck’
* using R version 4.5.1 Patched (2025-08-23 r88802)
* using platform: x86_64-pc-linux-gnu
* R was compiled by
gcc (Ubuntu 13.3.0-6ubuntu2~24.04) 13.3.0
GNU Fortran (Ubuntu 13.3.0-6ubuntu2~24.04) 13.3.0
* running under: Ubuntu 24.04.3 LTS
* using session charset: UTF-8
* checking for file ‘isobar/DESCRIPTION’ ... OK
* this is package ‘isobar’ version ‘1.55.0’
* checking package namespace information ... OK
* checking package dependencies ... OK
* checking if this is a source package ... OK
* checking if there is a namespace ... OK
* checking for hidden files and directories ... OK
* checking for portable file names ... OK
* checking for sufficient/correct file permissions ... OK
* checking whether package ‘isobar’ can be installed ... OK
* checking installed package size ... OK
* checking package directory ... OK
* checking ‘build’ directory ... OK
* checking DESCRIPTION meta-information ... OK
* checking top-level files ... OK
* checking for left-over files ... OK
* checking index information ... OK
* checking package subdirectories ... OK
* checking code files for non-ASCII characters ... OK
* checking R files for syntax errors ... OK
* checking whether the package can be loaded ... OK
* checking whether the package can be loaded with stated dependencies ... OK
* checking whether the package can be unloaded cleanly ... OK
* checking whether the namespace can be loaded with stated dependencies ... OK
* checking whether the namespace can be unloaded cleanly ... OK
* checking loading without being on the library search path ... OK
* checking whether startup messages can be suppressed ... OK
* checking dependencies in R code ... NOTE
There are ::: calls to the package's namespace in its code. A package
almost never needs to use ::: for its own objects:
‘.as.matrix’ ‘.as.vect’ ‘.convertPeptideModif’
‘.proteinGroupAsConciseDataFrame’ ‘.read.idfile’ ‘.sum.bool’
* checking S3 generic/method consistency ... OK
* checking replacement functions ... OK
* checking foreign function calls ... OK
* checking R code for possible problems ... NOTE
.calcProbXGreaterThanY.orig: no visible global function definition for
‘d’
.read.peaklist: no visible binding for global variable ‘type’
.round.distr: no visible global function definition for ‘param’
.write.summarized.table: no visible binding for global variable ‘name’
distrprint: no visible global function definition for ‘param’
distrprint : <anonymous>: no visible global function definition for
‘param’
shared.ratios.sign: no visible binding for global variable ‘ratio’
shared.ratios.sign: no visible binding for global variable ‘g’
spectra.count2: no visible binding for global variable ‘peptide’
twodistr.plot: no visible global function definition for ‘d’
ProteinGroup,data.frame-missing: no visible binding for global variable
‘peptide’
coerce,IBSpectra-MSnSet: no visible global function definition for ‘mz’
coerce,IBSpectra-MSnSet: no visible binding for global variable ‘o’
coerce,MSnSet-IBSpectra: no visible global function definition for
‘qual’
df,Tlsd: no visible global function definition for ‘param’
estimateRatio,IBSpectra-ANY-missing-missing-character-missing: no
visible binding for global variable ‘i’
estimateRatio,IBSpectra-ANY-missing-missing-missing-character: no
visible binding for global variable ‘i’
estimateRatioNumeric,numeric-numeric-NoiseModel: no visible binding for
global variable ‘center.var’
location,Tlsd: no visible global function definition for ‘param’
plotRatio,IBSpectra-character-character-character: no visible binding
for global variable ‘pch’
plotRatio,IBSpectra-character-character-character: no visible binding
for global variable ‘noise.model.col’
plotRatio,IBSpectra-character-character-character: no visible binding
for global variable ‘pch.p’
scale,Tlsd: no visible global function definition for ‘param’
Undefined global functions or variables:
center.var d g i mz name noise.model.col o param pch pch.p peptide
qual ratio type
* checking Rd files ... WARNING
checkRd: (5) ProteinGroup-class.Rd:119-128: \item in \describe must have non-empty label
checkRd: (-1) getPhosphoRSProbabilities.Rd:83: Lost braces; missing escapes or markup?
83 | spectrum -> {peptide 1, peptides 2, ...} -> {peptide}.
| ^
checkRd: (-1) getPhosphoRSProbabilities.Rd:83: Lost braces; missing escapes or markup?
83 | spectrum -> {peptide 1, peptides 2, ...} -> {peptide}.
| ^
* checking Rd metadata ... OK
* checking Rd cross-references ... WARNING
Missing link(s) in Rd file 'IBSpectra-class.Rd':
‘[MSnbase]{MSnbase}’
Non-topic package-anchored link(s) in Rd file 'IBSpectra-class.Rd':
‘[Biobase:class.eSet]{eSet}’
See section 'Cross-references' in the 'Writing R Extensions' manual.
Found the following Rd file(s) with Rd \link{} targets missing package
anchors:
IBSpectra-class.Rd: eSet, AssayData, AnnotatedDataFrame-class, fData,
AnnotatedDataFrame, MIAME
TlsParameter-class.Rd: OptionalParameter-class
Tlsd-class.Rd: AcDcLcDistribution-class,
UnivDistrListOrDistribution-class
Please provide package anchors for all Rd \link{} targets not in the
package itself and the base packages.
* checking for missing documentation entries ... OK
* checking for code/documentation mismatches ... OK
* checking Rd \usage sections ... NOTE
S3 methods shown with full name in Rd file 'peptide.count.Rd':
‘sequence.coverage’
The \usage entries for S3 methods should use the \method markup and not
their full name.
See chapter ‘Writing R documentation files’ in the ‘Writing R
Extensions’ manual.
* checking Rd contents ... NOTE
Argument items with no description in Rd file 'maplot.protein.Rd':
‘add’
* checking for unstated dependencies in examples ... OK
* checking contents of ‘data’ directory ... OK
* checking data for non-ASCII characters ... OK
* checking data for ASCII and uncompressed saves ... OK
* checking files in ‘vignettes’ ... OK
* checking examples ... OK
Examples with CPU (user + system) or elapsed time > 5s
user system elapsed
NoiseModel-class 9.025 0.262 9.288
* checking for unstated dependencies in vignettes ... OK
* checking package vignettes ... OK
* checking re-building of vignette outputs ... OK
* checking PDF version of manual ... OK
* DONE
Status: 2 WARNINGs, 4 NOTEs
See
‘/home/biocbuild/bbs-3.22-bioc/meat/isobar.Rcheck/00check.log’
for details.
isobar.Rcheck/00install.out
############################################################################## ############################################################################## ### ### Running command: ### ### /home/biocbuild/bbs-3.22-bioc/R/bin/R CMD INSTALL isobar ### ############################################################################## ############################################################################## * installing to library ‘/home/biocbuild/bbs-3.22-bioc/R/site-library’ * installing *source* package ‘isobar’ ... ** this is package ‘isobar’ version ‘1.55.0’ ** using staged installation ** R ** data ** inst ** byte-compile and prepare package for lazy loading in method for ‘coerce’ with signature ‘"MSnSet","IBSpectra"’: no definition for class “MSnSet” in method for ‘coerce’ with signature ‘"IBSpectra","MSnSet"’: no definition for class “MSnSet” ** help *** installing help indices ** building package indices ** installing vignettes ** testing if installed package can be loaded from temporary location ** testing if installed package can be loaded from final location ** testing if installed package keeps a record of temporary installation path * DONE (isobar)
isobar.Rcheck/isobar-Ex.timings
| name | user | system | elapsed | |
| IBSpectra-class | 0.298 | 0.011 | 0.310 | |
| NoiseModel-class | 9.025 | 0.262 | 9.288 | |
| ProteinGroup-class | 0.240 | 0.005 | 0.244 | |
| TlsParameter-class | 0.001 | 0.000 | 0.001 | |
| Tlsd-class | 0.001 | 0.000 | 0.001 | |
| calculate-pvalues | 0.025 | 0.000 | 0.024 | |
| calculate.dNSAF | 1.972 | 0.005 | 1.977 | |
| calculate.emPAI | 0.247 | 0.007 | 0.254 | |
| distr-methods | 0.035 | 0.000 | 0.035 | |
| fit-distr | 3.115 | 0.091 | 3.206 | |
| getPtmInfo | 0.000 | 0.000 | 0.001 | |
| groupMemberPeptides | 0.240 | 0.004 | 0.246 | |
| isobar-analysis | 0.325 | 0.009 | 0.335 | |
| isobar-data | 0.192 | 0.009 | 0.201 | |
| isobar-import | 1.245 | 0.083 | 1.327 | |
| isobar-log | 0.683 | 0.042 | 0.724 | |
| isobar-plots | 0.983 | 0.045 | 1.027 | |
| isobar-preprocessing | 0.983 | 0.021 | 1.004 | |
| number.ranges | 0.001 | 0.000 | 0.000 | |
| observedKnownSites | 0.218 | 0.000 | 0.217 | |
| peptide.count | 1.809 | 0.034 | 1.842 | |
| proteinInfo-methods | 0.179 | 0.012 | 0.190 | |
| proteinNameAndDescription | 0.223 | 0.004 | 0.226 | |
| ratio-summ | 0.284 | 0.004 | 0.287 | |
| sanitize | 0.001 | 0.000 | 0.000 | |
| spectra.count2 | 0.235 | 0.004 | 0.239 | |
| subsetIBSpectra | 1.398 | 0.015 | 1.414 | |
| utils | 0 | 0 | 0 | |