| Back to Multiple platform build/check report for BioC 3.22: simplified long |
|
This page was generated on 2025-10-20 12:05 -0400 (Mon, 20 Oct 2025).
| Hostname | OS | Arch (*) | R version | Installed pkgs |
|---|---|---|---|---|
| nebbiolo2 | Linux (Ubuntu 24.04.3 LTS) | x86_64 | 4.5.1 Patched (2025-08-23 r88802) -- "Great Square Root" | 4887 |
| lconway | macOS 12.7.6 Monterey | x86_64 | 4.5.1 Patched (2025-09-10 r88807) -- "Great Square Root" | 4677 |
| kjohnson3 | macOS 13.7.7 Ventura | arm64 | 4.5.1 Patched (2025-09-10 r88807) -- "Great Square Root" | 4622 |
| taishan | Linux (openEuler 24.03 LTS) | aarch64 | 4.5.0 (2025-04-11) -- "How About a Twenty-Six" | 4632 |
| Click on any hostname to see more info about the system (e.g. compilers) (*) as reported by 'uname -p', except on Windows and Mac OS X | ||||
| Package 1051/2353 | Hostname | OS / Arch | INSTALL | BUILD | CHECK | BUILD BIN | ||||||||
| impute 1.83.0 (landing page) Balasubramanian Narasimhan
| nebbiolo2 | Linux (Ubuntu 24.04.3 LTS) / x86_64 | OK | OK | WARNINGS | |||||||||
| lconway | macOS 12.7.6 Monterey / x86_64 | OK | OK | WARNINGS | OK | |||||||||
| kjohnson3 | macOS 13.7.7 Ventura / arm64 | OK | OK | WARNINGS | OK | |||||||||
| taishan | Linux (openEuler 24.03 LTS) / aarch64 | OK | OK | WARNINGS | ||||||||||
|
To the developers/maintainers of the impute package: - Allow up to 24 hours (and sometimes 48 hours) for your latest push to git@git.bioconductor.org:packages/impute.git to reflect on this report. See Troubleshooting Build Report for more information. - Use the following Renviron settings to reproduce errors and warnings. - If 'R CMD check' started to fail recently on the Linux builder(s) over a missing dependency, add the missing dependency to 'Suggests:' in your DESCRIPTION file. See Renviron.bioc for more information. |
| Package: impute |
| Version: 1.83.0 |
| Command: /Library/Frameworks/R.framework/Resources/bin/R CMD check --install=check:impute.install-out.txt --library=/Library/Frameworks/R.framework/Resources/library --no-vignettes --timings impute_1.83.0.tar.gz |
| StartedAt: 2025-10-19 23:12:01 -0400 (Sun, 19 Oct 2025) |
| EndedAt: 2025-10-19 23:12:27 -0400 (Sun, 19 Oct 2025) |
| EllapsedTime: 26.6 seconds |
| RetCode: 0 |
| Status: WARNINGS |
| CheckDir: impute.Rcheck |
| Warnings: 1 |
##############################################################################
##############################################################################
###
### Running command:
###
### /Library/Frameworks/R.framework/Resources/bin/R CMD check --install=check:impute.install-out.txt --library=/Library/Frameworks/R.framework/Resources/library --no-vignettes --timings impute_1.83.0.tar.gz
###
##############################################################################
##############################################################################
* using log directory ‘/Users/biocbuild/bbs-3.22-bioc/meat/impute.Rcheck’
* using R version 4.5.1 Patched (2025-09-10 r88807)
* using platform: x86_64-apple-darwin20
* R was compiled by
Apple clang version 14.0.0 (clang-1400.0.29.202)
GNU Fortran (GCC) 14.2.0
* running under: macOS Monterey 12.7.6
* using session charset: UTF-8
* using option ‘--no-vignettes’
* checking for file ‘impute/DESCRIPTION’ ... OK
* this is package ‘impute’ version ‘1.83.0’
* checking package namespace information ... OK
* checking package dependencies ... OK
* checking if this is a source package ... OK
* checking if there is a namespace ... OK
* checking for hidden files and directories ... OK
* checking for portable file names ... OK
* checking for sufficient/correct file permissions ... OK
* checking whether package ‘impute’ can be installed ... WARNING
Found the following significant warnings:
Warning: Fortran 2018 deleted feature: DO termination statement which is not END DO or CONTINUE with label 20 at (1)
Warning: Fortran 2018 deleted feature: DO termination statement which is not END DO or CONTINUE with label 35 at (1)
See ‘/Users/biocbuild/bbs-3.22-bioc/meat/impute.Rcheck/00install.out’ for details.
* used Fortran compiler: ‘GNU Fortran (GCC) 14.2.0’
* used SDK: ‘MacOSX11.3.1.sdk’
* checking installed package size ... OK
* checking package directory ... OK
* checking DESCRIPTION meta-information ... NOTE
Malformed Description field: should contain one or more complete sentences.
* checking top-level files ... OK
* checking for left-over files ... OK
* checking index information ... OK
* checking package subdirectories ... OK
* checking code files for non-ASCII characters ... OK
* checking R files for syntax errors ... OK
* checking whether the package can be loaded ... OK
* checking whether the package can be loaded with stated dependencies ... OK
* checking whether the package can be unloaded cleanly ... OK
* checking whether the namespace can be loaded with stated dependencies ... OK
* checking whether the namespace can be unloaded cleanly ... OK
* checking dependencies in R code ... OK
* checking S3 generic/method consistency ... OK
* checking replacement functions ... OK
* checking foreign function calls ... OK
* checking R code for possible problems ... OK
* checking Rd files ... OK
* checking Rd metadata ... OK
* checking Rd cross-references ... OK
* checking for missing documentation entries ... OK
* checking for code/documentation mismatches ... OK
* checking Rd \usage sections ... OK
* checking Rd contents ... OK
* checking for unstated dependencies in examples ... OK
* checking contents of ‘data’ directory ... OK
* checking data for non-ASCII characters ... OK
* checking data for ASCII and uncompressed saves ... OK
* checking line endings in C/C++/Fortran sources/headers ... OK
* checking compiled code ... NOTE
Note: information on .o files is not available
* checking usage of KIND in Fortran files ... OK
* checking examples ... OK
* checking PDF version of manual ... OK
* DONE
Status: 1 WARNING, 2 NOTEs
See
‘/Users/biocbuild/bbs-3.22-bioc/meat/impute.Rcheck/00check.log’
for details.
impute.Rcheck/00install.out
##############################################################################
##############################################################################
###
### Running command:
###
### /Library/Frameworks/R.framework/Resources/bin/R CMD INSTALL impute
###
##############################################################################
##############################################################################
* installing to library ‘/Library/Frameworks/R.framework/Versions/4.5-x86_64/Resources/library’
* installing *source* package ‘impute’ ...
** this is package ‘impute’ version ‘1.83.0’
** using staged installation
** libs
using Fortran compiler: ‘GNU Fortran (GCC) 14.2.0’
using SDK: ‘MacOSX11.3.1.sdk’
/opt/gfortran/bin/gfortran -arch x86_64 -fPIC -Wall -g -O2 -c knnimpute.f -o knnimpute.o
f951: Warning: Nonconforming tab character in column 1 of line 89 [-Wtabs]
f951: Warning: Nonconforming tab character in column 1 of line 91 [-Wtabs]
f951: Warning: Nonconforming tab character in column 1 of line 92 [-Wtabs]
f951: Warning: Nonconforming tab character in column 1 of line 93 [-Wtabs]
f951: Warning: Nonconforming tab character in column 1 of line 94 [-Wtabs]
f951: Warning: Nonconforming tab character in column 1 of line 95 [-Wtabs]
f951: Warning: Nonconforming tab character in column 1 of line 96 [-Wtabs]
f951: Warning: Nonconforming tab character in column 1 of line 97 [-Wtabs]
f951: Warning: Nonconforming tab character in column 1 of line 98 [-Wtabs]
f951: Warning: Nonconforming tab character in column 3 of line 99 [-Wtabs]
f951: Warning: Nonconforming tab character in column 1 of line 100 [-Wtabs]
f951: Warning: Nonconforming tab character in column 1 of line 101 [-Wtabs]
f951: Warning: Nonconforming tab character in column 1 of line 102 [-Wtabs]
f951: Warning: Nonconforming tab character in column 1 of line 103 [-Wtabs]
f951: Warning: Nonconforming tab character in column 3 of line 104 [-Wtabs]
f951: Warning: Nonconforming tab character in column 1 of line 105 [-Wtabs]
f951: Warning: Nonconforming tab character in column 1 of line 106 [-Wtabs]
f951: Warning: Nonconforming tab character in column 1 of line 107 [-Wtabs]
f951: Warning: Nonconforming tab character in column 1 of line 108 [-Wtabs]
f951: Warning: Nonconforming tab character in column 1 of line 109 [-Wtabs]
f951: Warning: Nonconforming tab character in column 1 of line 110 [-Wtabs]
f951: Warning: Nonconforming tab character in column 1 of line 111 [-Wtabs]
f951: Warning: Nonconforming tab character in column 1 of line 112 [-Wtabs]
f951: Warning: Nonconforming tab character in column 3 of line 113 [-Wtabs]
f951: Warning: Nonconforming tab character in column 1 of line 114 [-Wtabs]
f951: Warning: Nonconforming tab character in column 1 of line 115 [-Wtabs]
f951: Warning: Nonconforming tab character in column 1 of line 116 [-Wtabs]
f951: Warning: Nonconforming tab character in column 1 of line 117 [-Wtabs]
f951: Warning: Nonconforming tab character in column 3 of line 118 [-Wtabs]
f951: Warning: Nonconforming tab character in column 3 of line 119 [-Wtabs]
f951: Warning: Nonconforming tab character in column 3 of line 120 [-Wtabs]
f951: Warning: Nonconforming tab character in column 1 of line 121 [-Wtabs]
f951: Warning: Nonconforming tab character in column 1 of line 122 [-Wtabs]
knnimpute.f:99:72:
99 | 20 pos(k1+1) = pos(k1)
| 1
Warning: Fortran 2018 deleted feature: DO termination statement which is not END DO or CONTINUE with label 20 at (1)
knnimpute.f:113:72:
113 | 35 pos(k1+1) = pos(k1)
| 1
Warning: Fortran 2018 deleted feature: DO termination statement which is not END DO or CONTINUE with label 35 at (1)
knnimpute.f:168:72:
168 | ratio=dabs(dnew-dold)/dold
| ^
Warning: 'dold' may be used uninitialized [-Wmaybe-uninitialized]
knnimpute.f:132:33:
132 | double precision ratio,dold,dnew
| ^
note: 'dold' was declared here
clang -arch x86_64 -dynamiclib -Wl,-headerpad_max_install_names -undefined dynamic_lookup -L/Library/Frameworks/R.framework/Resources/lib -L/opt/R/x86_64/lib -o impute.so knnimpute.o -L/opt/gfortran/lib/gcc/x86_64-apple-darwin20.0/14.2.0 -L/opt/gfortran/lib -lemutls_w -lheapt_w -lgfortran -lquadmath -F/Library/Frameworks/R.framework/.. -framework R
installing to /Library/Frameworks/R.framework/Versions/4.5-x86_64/Resources/library/00LOCK-impute/00new/impute/libs
** R
** data
** byte-compile and prepare package for lazy loading
** help
*** installing help indices
** building package indices
** testing if installed package can be loaded from temporary location
** checking absolute paths in shared objects and dynamic libraries
** testing if installed package can be loaded from final location
** testing if installed package keeps a record of temporary installation path
* DONE (impute)
impute.Rcheck/impute-Ex.timings
| name | user | system | elapsed | |
| impute.knn | 0.401 | 0.044 | 0.447 | |
| khanmiss | 0.140 | 0.004 | 0.144 | |