| Back to Multiple platform build/check report for BioC 3.22: simplified long |
|
This page was generated on 2025-10-21 12:07 -0400 (Tue, 21 Oct 2025).
| Hostname | OS | Arch (*) | R version | Installed pkgs |
|---|---|---|---|---|
| nebbiolo2 | Linux (Ubuntu 24.04.3 LTS) | x86_64 | 4.5.1 Patched (2025-08-23 r88802) -- "Great Square Root" | 4887 |
| lconway | macOS 12.7.6 Monterey | x86_64 | 4.5.1 Patched (2025-09-10 r88807) -- "Great Square Root" | 4677 |
| kjohnson3 | macOS 13.7.7 Ventura | arm64 | 4.5.1 Patched (2025-09-10 r88807) -- "Great Square Root" | 4622 |
| taishan | Linux (openEuler 24.03 LTS) | aarch64 | 4.5.0 (2025-04-11) -- "How About a Twenty-Six" | 4642 |
| Click on any hostname to see more info about the system (e.g. compilers) (*) as reported by 'uname -p', except on Windows and Mac OS X | ||||
| Package 1026/2353 | Hostname | OS / Arch | INSTALL | BUILD | CHECK | BUILD BIN | ||||||||
| iCNV 1.29.0 (landing page) Zilu Zhou
| nebbiolo2 | Linux (Ubuntu 24.04.3 LTS) / x86_64 | OK | OK | WARNINGS | |||||||||
| lconway | macOS 12.7.6 Monterey / x86_64 | OK | OK | WARNINGS | OK | |||||||||
| kjohnson3 | macOS 13.7.7 Ventura / arm64 | OK | OK | WARNINGS | OK | |||||||||
| taishan | Linux (openEuler 24.03 LTS) / aarch64 | OK | OK | WARNINGS | ||||||||||
|
To the developers/maintainers of the iCNV package: - Allow up to 24 hours (and sometimes 48 hours) for your latest push to git@git.bioconductor.org:packages/iCNV.git to reflect on this report. See Troubleshooting Build Report for more information. - Use the following Renviron settings to reproduce errors and warnings. - If 'R CMD check' started to fail recently on the Linux builder(s) over a missing dependency, add the missing dependency to 'Suggests:' in your DESCRIPTION file. See Renviron.bioc for more information. - See Martin Grigorov's blog post for how to debug Linux ARM64 related issues on a x86_64 host. |
| Package: iCNV |
| Version: 1.29.0 |
| Command: /home/biocbuild/R/R/bin/R CMD check --install=check:iCNV.install-out.txt --library=/home/biocbuild/R/R/site-library --no-vignettes --timings iCNV_1.29.0.tar.gz |
| StartedAt: 2025-10-17 10:11:38 -0000 (Fri, 17 Oct 2025) |
| EndedAt: 2025-10-17 10:16:32 -0000 (Fri, 17 Oct 2025) |
| EllapsedTime: 294.3 seconds |
| RetCode: 0 |
| Status: WARNINGS |
| CheckDir: iCNV.Rcheck |
| Warnings: 1 |
##############################################################################
##############################################################################
###
### Running command:
###
### /home/biocbuild/R/R/bin/R CMD check --install=check:iCNV.install-out.txt --library=/home/biocbuild/R/R/site-library --no-vignettes --timings iCNV_1.29.0.tar.gz
###
##############################################################################
##############################################################################
* using log directory ‘/home/biocbuild/bbs-3.22-bioc/meat/iCNV.Rcheck’
* using R version 4.5.0 (2025-04-11)
* using platform: aarch64-unknown-linux-gnu
* R was compiled by
aarch64-unknown-linux-gnu-gcc (GCC) 14.2.0
GNU Fortran (GCC) 14.2.0
* running under: openEuler 24.03 (LTS)
* using session charset: UTF-8
* using option ‘--no-vignettes’
* checking for file ‘iCNV/DESCRIPTION’ ... OK
* this is package ‘iCNV’ version ‘1.29.0’
* package encoding: UTF-8
* checking package namespace information ... OK
* checking package dependencies ... OK
* checking if this is a source package ... OK
* checking if there is a namespace ... OK
* checking for hidden files and directories ... OK
* checking for portable file names ... OK
* checking for sufficient/correct file permissions ... OK
* checking whether package ‘iCNV’ can be installed ... WARNING
Found the following significant warnings:
Note: break used in wrong context: no loop is visible
See ‘/home/biocbuild/bbs-3.22-bioc/meat/iCNV.Rcheck/00install.out’ for details.
Information on the location(s) of code generating the ‘Note’s can be
obtained by re-running with environment variable R_KEEP_PKG_SOURCE set
to ‘yes’.
* checking installed package size ... OK
* checking package directory ... OK
* checking ‘build’ directory ... OK
* checking DESCRIPTION meta-information ... OK
* checking top-level files ... OK
* checking for left-over files ... OK
* checking index information ... OK
* checking package subdirectories ... OK
* checking code files for non-ASCII characters ... OK
* checking R files for syntax errors ... OK
* checking whether the package can be loaded ... OK
* checking whether the package can be loaded with stated dependencies ... OK
* checking whether the package can be unloaded cleanly ... OK
* checking whether the namespace can be loaded with stated dependencies ... OK
* checking whether the namespace can be unloaded cleanly ... OK
* checking loading without being on the library search path ... OK
* checking dependencies in R code ... OK
* checking S3 generic/method consistency ... OK
* checking replacement functions ... OK
* checking foreign function calls ... OK
* checking R code for possible problems ... OK
* checking Rd files ... NOTE
checkRd: (-1) iCNV_detection.Rd:31: Lost braces; missing escapes or markup?
31 | \item{visual}{An indicator variable with value {0,1,2}. 0 indicates no visualization, 1 indicates basic visualization, 2 indicates complete visualization (Note visual 2 only work for single platform and integer CN inferenced). Type integer. Default 0}
| ^
checkRd: (-1) iCNV_detection.Rd:35: Lost braces; missing escapes or markup?
35 | \item{CN}{An indicator variable with value {0,1} for whether wants to infer exact copy number. 0 no exact CN, 1 exact CN. Type integer. Default 0.}
| ^
checkRd: (-1) output_list.Rd:14: Lost braces; missing escapes or markup?
14 | \item{CN}{An indicator variable with value {0,1} for whether exact copy number inferred in iCNV_detection. 0 no exact CN, 1 exact CN. Type integer. Default 0.}
| ^
* checking Rd metadata ... OK
* checking Rd cross-references ... OK
* checking for missing documentation entries ... OK
* checking for code/documentation mismatches ... OK
* checking Rd \usage sections ... OK
* checking Rd contents ... OK
* checking for unstated dependencies in examples ... OK
* checking contents of ‘data’ directory ... OK
* checking data for non-ASCII characters ... OK
* checking LazyData ... OK
* checking data for ASCII and uncompressed saves ... OK
* checking files in ‘vignettes’ ... OK
* checking examples ... OK
Examples with CPU (user + system) or elapsed time > 5s
user system elapsed
iCNV_detection 13.380 0.347 13.769
bambaf_from_vcf 5.475 0.219 5.789
* checking for unstated dependencies in vignettes ... OK
* checking package vignettes ... OK
* checking running R code from vignettes ... SKIPPED
* checking re-building of vignette outputs ... SKIPPED
* checking PDF version of manual ... OK
* DONE
Status: 1 WARNING, 1 NOTE
See
‘/home/biocbuild/bbs-3.22-bioc/meat/iCNV.Rcheck/00check.log’
for details.
iCNV.Rcheck/00install.out
############################################################################## ############################################################################## ### ### Running command: ### ### /home/biocbuild/R/R/bin/R CMD INSTALL iCNV ### ############################################################################## ############################################################################## * installing to library ‘/home/biocbuild/R/R-4.5.0/site-library’ * installing *source* package ‘iCNV’ ... ** this is package ‘iCNV’ version ‘1.29.0’ ** using staged installation ** R ** data *** moving datasets to lazyload DB ** inst ** byte-compile and prepare package for lazy loading Note: break used in wrong context: no loop is visible ** help *** installing help indices ** building package indices ** installing vignettes ** testing if installed package can be loaded from temporary location ** testing if installed package can be loaded from final location ** testing if installed package keeps a record of temporary installation path * DONE (iCNV)
iCNV.Rcheck/iCNV-Ex.timings
| name | user | system | elapsed | |
| bambaf_from_vcf | 5.475 | 0.219 | 5.789 | |
| bed_generator | 0.165 | 0.004 | 0.169 | |
| get_array_input | 0.060 | 0.004 | 0.086 | |
| iCNV_detection | 13.380 | 0.347 | 13.769 | |
| icnv_output_to_gb | 0.015 | 0.000 | 0.016 | |
| normObj | 0.000 | 0.002 | 0.006 | |
| output_list | 0.008 | 0.002 | 0.010 | |
| plotHMMscore | 0.076 | 0.000 | 0.077 | |
| plot_intensity | 0.054 | 0.004 | 0.057 | |
| plotindi | 0.073 | 0.004 | 0.077 | |
| qcObj | 0 | 0 | 0 | |