Back to Multiple platform build/check report for BioC 3.22:   simplified   long
ABCDEFG[H]IJKLMNOPQRSTUVWXYZ

This page was generated on 2025-10-15 12:03 -0400 (Wed, 15 Oct 2025).

HostnameOSArch (*)R versionInstalled pkgs
nebbiolo2Linux (Ubuntu 24.04.3 LTS)x86_644.5.1 Patched (2025-08-23 r88802) -- "Great Square Root" 4866
lconwaymacOS 12.7.6 Montereyx86_644.5.1 Patched (2025-09-10 r88807) -- "Great Square Root" 4653
kjohnson3macOS 13.7.7 Venturaarm644.5.1 Patched (2025-09-10 r88807) -- "Great Square Root" 4598
taishanLinux (openEuler 24.03 LTS)aarch644.5.0 (2025-04-11) -- "How About a Twenty-Six" 4610
Click on any hostname to see more info about the system (e.g. compilers)      (*) as reported by 'uname -p', except on Windows and Mac OS X

Package 954/2346HostnameOS / ArchINSTALLBUILDCHECKBUILD BIN
hca 1.17.0  (landing page)
Martin Morgan
Snapshot Date: 2025-10-14 13:45 -0400 (Tue, 14 Oct 2025)
git_url: https://git.bioconductor.org/packages/hca
git_branch: devel
git_last_commit: 0e37a6e
git_last_commit_date: 2025-04-15 12:20:46 -0400 (Tue, 15 Apr 2025)
nebbiolo2Linux (Ubuntu 24.04.3 LTS) / x86_64  OK    ERROR  skipped
lconwaymacOS 12.7.6 Monterey / x86_64  OK    ERROR  skippedskipped
kjohnson3macOS 13.7.7 Ventura / arm64  OK    ERROR  skippedskipped
taishanLinux (openEuler 24.03 LTS) / aarch64  OK    ERROR  skipped


BUILD results for hca on nebbiolo2

To the developers/maintainers of the hca package:
- Allow up to 24 hours (and sometimes 48 hours) for your latest push to git@git.bioconductor.org:packages/hca.git to reflect on this report. See Troubleshooting Build Report for more information.
- Use the following Renviron settings to reproduce errors and warnings.
- If 'R CMD check' started to fail recently on the Linux builder(s) over a missing dependency, add the missing dependency to 'Suggests:' in your DESCRIPTION file. See Renviron.bioc for more information.

raw results


Summary

Package: hca
Version: 1.17.0
Command: /home/biocbuild/bbs-3.22-bioc/R/bin/R CMD build --keep-empty-dirs --no-resave-data --md5 hca
StartedAt: 2025-10-14 18:03:24 -0400 (Tue, 14 Oct 2025)
EndedAt: 2025-10-14 18:04:02 -0400 (Tue, 14 Oct 2025)
EllapsedTime: 38.0 seconds
RetCode: 1
Status:   ERROR  
PackageFile: None
PackageFileSize: NA

Command output

##############################################################################
##############################################################################
###
### Running command:
###
###   /home/biocbuild/bbs-3.22-bioc/R/bin/R CMD build --keep-empty-dirs --no-resave-data --md5 hca
###
##############################################################################
##############################################################################


* checking for file ‘hca/DESCRIPTION’ ... OK
* preparing ‘hca’:
* checking DESCRIPTION meta-information ... OK
* installing the package to build vignettes
* creating vignettes ... ERROR
--- re-building ‘hca_manifest_vignette.Rmd’ using rmarkdown
--- finished re-building ‘hca_manifest_vignette.Rmd’

--- re-building ‘hca_vignette.Rmd’ using rmarkdown

Quitting from hca_vignette.Rmd:67-69 [unnamed-chunk-2]
~~~~~~~~~~~~~~~~~~~~~~~~~~~~~~~~~~~~~~~~~~~~~~~~~~~~~~~~~~~~~~~~~~~~~~~~~~~~~~~~
<error/rlang_error>
Error in `.hca_GET()`:
! Bad Request (HTTP 400).
---
Backtrace:
    ▆
 1. └─hca::projects(size = 200)
 2.   └─hca:::.index_GET(...)
 3.     └─hca:::.hca_GET(index_path)
 4.       └─httr::stop_for_status(response)
~~~~~~~~~~~~~~~~~~~~~~~~~~~~~~~~~~~~~~~~~~~~~~~~~~~~~~~~~~~~~~~~~~~~~~~~~~~~~~~~

Error: processing vignette 'hca_vignette.Rmd' failed with diagnostics:
Bad Request (HTTP 400).
--- failed re-building ‘hca_vignette.Rmd’

SUMMARY: processing the following file failed:
  ‘hca_vignette.Rmd’

Error: Vignette re-building failed.
Execution halted