Back to Build/check report for BioC 3.23:   simplified   long
ABCDEF[G]HIJKLMNOPQRSTUVWXYZ

This page was generated on 2025-10-31 08:34 -0400 (Fri, 31 Oct 2025).

HostnameOSArch (*)R versionInstalled pkgs
nebbiolo1Linux (Ubuntu 24.04.3 LTS)x86_64R Under development (unstable) (2025-10-20 r88955) -- "Unsuffered Consequences" 4428
Click on any hostname to see more info about the system (e.g. compilers)      (*) as reported by 'uname -p', except on Windows and Mac OS X

Package 813/2321HostnameOS / ArchINSTALLBUILDCHECKBUILD BIN
geneplast 1.37.0  (landing page)
Mauro Castro
Snapshot Date: 2025-10-30 13:40 -0400 (Thu, 30 Oct 2025)
git_url: https://git.bioconductor.org/packages/geneplast
git_branch: devel
git_last_commit: 14a7214
git_last_commit_date: 2025-10-29 10:32:41 -0400 (Wed, 29 Oct 2025)
nebbiolo1Linux (Ubuntu 24.04.3 LTS) / x86_64  OK    ERROR  skipped


BUILD results for geneplast on nebbiolo1

To the developers/maintainers of the geneplast package:
- Allow up to 24 hours (and sometimes 48 hours) for your latest push to git@git.bioconductor.org:packages/geneplast.git to reflect on this report. See Troubleshooting Build Report for more information.
- Use the following Renviron settings to reproduce errors and warnings.
- If 'R CMD check' started to fail recently on the Linux builder(s) over a missing dependency, add the missing dependency to 'Suggests:' in your DESCRIPTION file. See Renviron.bioc for more information.

raw results


Summary

Package: geneplast
Version: 1.37.0
Command: /home/biocbuild/bbs-3.23-bioc/R/bin/R CMD build --keep-empty-dirs --no-resave-data geneplast
StartedAt: 2025-10-30 17:14:29 -0400 (Thu, 30 Oct 2025)
EndedAt: 2025-10-30 17:14:40 -0400 (Thu, 30 Oct 2025)
EllapsedTime: 11.0 seconds
RetCode: 1
Status:   ERROR  
PackageFile: None
PackageFileSize: NA

Command output

##############################################################################
##############################################################################
###
### Running command:
###
###   /home/biocbuild/bbs-3.23-bioc/R/bin/R CMD build --keep-empty-dirs --no-resave-data geneplast
###
##############################################################################
##############################################################################


* checking for file ‘geneplast/DESCRIPTION’ ... OK
* preparing ‘geneplast’:
* checking DESCRIPTION meta-information ... OK
* installing the package (it is needed to build vignettes)
* creating vignettes ... ERROR
--- re-building ‘geneplast.Rmd’ using rmarkdown
--- finished re-building ‘geneplast.Rmd’

--- re-building ‘geneplast_Trefflich2019.Rmd’ using rmarkdown

Quitting from geneplast_Trefflich2019.Rmd:29-38 [unnamed-chunk-1]
~~~~~~~~~~~~~~~~~~~~~~~~~~~~~~~~~~~~~~~~~~~~~~~~~~~~~~~~~~~~~~~~~~~~~~~~~~~~~~~~
<error/rlang_error>
Error in `library()`:
! there is no package called 'geneplast.data.string.v91'
---
Backtrace:
    ▆
 1. └─base::library(geneplast.data.string.v91)
~~~~~~~~~~~~~~~~~~~~~~~~~~~~~~~~~~~~~~~~~~~~~~~~~~~~~~~~~~~~~~~~~~~~~~~~~~~~~~~~

Error: processing vignette 'geneplast_Trefflich2019.Rmd' failed with diagnostics:
there is no package called 'geneplast.data.string.v91'
--- failed re-building ‘geneplast_Trefflich2019.Rmd’

SUMMARY: processing the following file failed:
  ‘geneplast_Trefflich2019.Rmd’

Error: Vignette re-building failed.
Execution halted