| Back to Multiple platform build/check report for BioC 3.22: simplified long |
|
This page was generated on 2025-10-21 12:07 -0400 (Tue, 21 Oct 2025).
| Hostname | OS | Arch (*) | R version | Installed pkgs |
|---|---|---|---|---|
| nebbiolo2 | Linux (Ubuntu 24.04.3 LTS) | x86_64 | 4.5.1 Patched (2025-08-23 r88802) -- "Great Square Root" | 4887 |
| lconway | macOS 12.7.6 Monterey | x86_64 | 4.5.1 Patched (2025-09-10 r88807) -- "Great Square Root" | 4677 |
| kjohnson3 | macOS 13.7.7 Ventura | arm64 | 4.5.1 Patched (2025-09-10 r88807) -- "Great Square Root" | 4622 |
| taishan | Linux (openEuler 24.03 LTS) | aarch64 | 4.5.0 (2025-04-11) -- "How About a Twenty-Six" | 4642 |
| Click on any hostname to see more info about the system (e.g. compilers) (*) as reported by 'uname -p', except on Windows and Mac OS X | ||||
| Package 815/2353 | Hostname | OS / Arch | INSTALL | BUILD | CHECK | BUILD BIN | ||||||||
| genefu 2.41.0 (landing page) Benjamin Haibe-Kains
| nebbiolo2 | Linux (Ubuntu 24.04.3 LTS) / x86_64 | OK | OK | WARNINGS | |||||||||
| lconway | macOS 12.7.6 Monterey / x86_64 | OK | OK | WARNINGS | OK | |||||||||
| kjohnson3 | macOS 13.7.7 Ventura / arm64 | OK | OK | WARNINGS | OK | |||||||||
| taishan | Linux (openEuler 24.03 LTS) / aarch64 | OK | OK | WARNINGS | ||||||||||
|
To the developers/maintainers of the genefu package: - Allow up to 24 hours (and sometimes 48 hours) for your latest push to git@git.bioconductor.org:packages/genefu.git to reflect on this report. See Troubleshooting Build Report for more information. - Use the following Renviron settings to reproduce errors and warnings. - If 'R CMD check' started to fail recently on the Linux builder(s) over a missing dependency, add the missing dependency to 'Suggests:' in your DESCRIPTION file. See Renviron.bioc for more information. - See Martin Grigorov's blog post for how to debug Linux ARM64 related issues on a x86_64 host. |
| Package: genefu |
| Version: 2.41.0 |
| Command: /home/biocbuild/R/R/bin/R CMD check --install=check:genefu.install-out.txt --library=/home/biocbuild/R/R/site-library --no-vignettes --timings genefu_2.41.0.tar.gz |
| StartedAt: 2025-10-17 09:19:13 -0000 (Fri, 17 Oct 2025) |
| EndedAt: 2025-10-17 09:21:44 -0000 (Fri, 17 Oct 2025) |
| EllapsedTime: 151.1 seconds |
| RetCode: 0 |
| Status: WARNINGS |
| CheckDir: genefu.Rcheck |
| Warnings: 1 |
##############################################################################
##############################################################################
###
### Running command:
###
### /home/biocbuild/R/R/bin/R CMD check --install=check:genefu.install-out.txt --library=/home/biocbuild/R/R/site-library --no-vignettes --timings genefu_2.41.0.tar.gz
###
##############################################################################
##############################################################################
* using log directory ‘/home/biocbuild/bbs-3.22-bioc/meat/genefu.Rcheck’
* using R version 4.5.0 (2025-04-11)
* using platform: aarch64-unknown-linux-gnu
* R was compiled by
aarch64-unknown-linux-gnu-gcc (GCC) 14.2.0
GNU Fortran (GCC) 14.2.0
* running under: openEuler 24.03 (LTS)
* using session charset: UTF-8
* using option ‘--no-vignettes’
* checking for file ‘genefu/DESCRIPTION’ ... OK
* checking extension type ... Package
* this is package ‘genefu’ version ‘2.41.0’
* package encoding: UTF-8
* checking package namespace information ... OK
* checking package dependencies ... OK
* checking if this is a source package ... OK
* checking if there is a namespace ... OK
* checking for hidden files and directories ... OK
* checking for portable file names ... OK
* checking for sufficient/correct file permissions ... OK
* checking whether package ‘genefu’ can be installed ... WARNING
Found the following significant warnings:
Warning: replacing previous import ‘limma::logsumexp’ by ‘mclust::logsumexp’ when loading ‘genefu’
See ‘/home/biocbuild/bbs-3.22-bioc/meat/genefu.Rcheck/00install.out’ for details.
* checking installed package size ... INFO
installed size is 5.2Mb
sub-directories of 1Mb or more:
data 4.0Mb
* checking package directory ... OK
* checking ‘build’ directory ... OK
* checking DESCRIPTION meta-information ... OK
* checking top-level files ... OK
* checking for left-over files ... OK
* checking index information ... OK
* checking package subdirectories ... OK
* checking code files for non-ASCII characters ... OK
* checking R files for syntax errors ... OK
* checking whether the package can be loaded ... OK
* checking whether the package can be loaded with stated dependencies ... OK
* checking whether the package can be unloaded cleanly ... OK
* checking whether the namespace can be loaded with stated dependencies ... OK
* checking whether the namespace can be unloaded cleanly ... OK
* checking loading without being on the library search path ... OK
* checking dependencies in R code ... NOTE
Packages in Depends field not imported from:
‘AIMS’ ‘biomaRt’ ‘iC10’
These packages need to be imported from (in the NAMESPACE file)
for when this namespace is loaded but not attached.
Unexported objects imported by ':::' calls:
‘mclust:::grid1’ ‘mclust:::grid2’
See the note in ?`:::` about the use of this operator.
* checking S3 generic/method consistency ... OK
* checking replacement functions ... OK
* checking foreign function calls ... OK
* checking R code for possible problems ... OK
* checking Rd files ... NOTE
checkRd: (-1) fuzzy.ttest.Rd:41: Lost braces; missing escapes or markup?
41 | in w1 and w2 should lay in [0,1] and \verb{0 <= (w1[i] + w2[i]) <= 1} for i in {0,1,...,n} where
| ^
* checking Rd metadata ... OK
* checking Rd cross-references ... OK
* checking for missing documentation entries ... OK
* checking for code/documentation mismatches ... OK
* checking Rd \usage sections ... OK
* checking Rd contents ... OK
* checking for unstated dependencies in examples ... OK
* checking contents of ‘data’ directory ... OK
* checking data for non-ASCII characters ... OK
* checking data for ASCII and uncompressed saves ... OK
* checking files in ‘vignettes’ ... OK
* checking examples ... OK
* checking for unstated dependencies in vignettes ... OK
* checking package vignettes ... OK
* checking running R code from vignettes ... SKIPPED
* checking re-building of vignette outputs ... SKIPPED
* checking PDF version of manual ... OK
* DONE
Status: 1 WARNING, 2 NOTEs
See
‘/home/biocbuild/bbs-3.22-bioc/meat/genefu.Rcheck/00check.log’
for details.
genefu.Rcheck/00install.out
############################################################################## ############################################################################## ### ### Running command: ### ### /home/biocbuild/R/R/bin/R CMD INSTALL genefu ### ############################################################################## ############################################################################## * installing to library ‘/home/biocbuild/R/R-4.5.0/site-library’ * installing *source* package ‘genefu’ ... ** this is package ‘genefu’ version ‘2.41.0’ ** using staged installation ** R ** data ** inst ** byte-compile and prepare package for lazy loading Warning: replacing previous import ‘limma::logsumexp’ by ‘mclust::logsumexp’ when loading ‘genefu’ ** help *** installing help indices ** building package indices ** installing vignettes ** testing if installed package can be loaded from temporary location Warning: replacing previous import ‘limma::logsumexp’ by ‘mclust::logsumexp’ when loading ‘genefu’ ** testing if installed package can be loaded from final location Warning: replacing previous import ‘limma::logsumexp’ by ‘mclust::logsumexp’ when loading ‘genefu’ ** testing if installed package keeps a record of temporary installation path * DONE (genefu)
genefu.Rcheck/genefu-Ex.timings
| name | user | system | elapsed | |
| bimod | 0.230 | 0.004 | 0.235 | |
| boxplotplus2 | 0.01 | 0.00 | 0.01 | |
| claudinLow | 0.902 | 0.032 | 0.937 | |
| compareProtoCor | 1.492 | 0.056 | 1.553 | |
| compute.pairw.cor.meta | 1.667 | 0.031 | 1.705 | |
| compute.proto.cor.meta | 1.065 | 0.016 | 1.087 | |
| cordiff.dep | 0.101 | 0.000 | 0.102 | |
| endoPredict | 0.098 | 0.008 | 0.107 | |
| fuzzy.ttest | 0.183 | 0.004 | 0.188 | |
| gene70 | 0.258 | 0.000 | 0.259 | |
| gene76 | 0.114 | 0.004 | 0.119 | |
| geneid.map | 0.116 | 0.008 | 0.124 | |
| genius | 0.239 | 0.016 | 0.256 | |
| ggi | 0.115 | 0.000 | 0.115 | |
| ihc4 | 0.094 | 0.004 | 0.098 | |
| intrinsic.cluster | 0.432 | 0.000 | 0.427 | |
| intrinsic.cluster.predict | 0.204 | 0.004 | 0.209 | |
| map.datasets | 1.039 | 0.032 | 1.075 | |
| molecular.subtyping | 2.601 | 0.056 | 2.684 | |
| npi | 0.089 | 0.002 | 0.092 | |
| oncotypedx | 0.136 | 0.002 | 0.137 | |
| ovcAngiogenic | 0.112 | 0.015 | 0.128 | |
| ovcCrijns | 0.109 | 0.004 | 0.114 | |
| ovcTCGA | 0.260 | 0.004 | 0.265 | |
| ovcYoshihara | 0.105 | 0.004 | 0.109 | |
| pik3cags | 0.104 | 0.004 | 0.108 | |
| power.cor | 0.001 | 0.000 | 0.000 | |
| ps.cluster | 0.456 | 0.020 | 0.461 | |
| read.m.file | 0.026 | 0.000 | 0.029 | |
| rename.duplicate | 0.001 | 0.000 | 0.002 | |
| rescale | 0.217 | 0.000 | 0.221 | |
| rorS | 0.190 | 0.004 | 0.194 | |
| setcolclass.df | 0.001 | 0.000 | 0.002 | |
| sig.score | 0.116 | 0.000 | 0.117 | |
| spearmanCI | 0.000 | 0.000 | 0.001 | |
| st.gallen | 0.092 | 0.000 | 0.093 | |
| stab.fs | 0.298 | 0.008 | 0.306 | |
| stab.fs.ranking | 1.774 | 0.084 | 1.863 | |
| strescR | 0.001 | 0.000 | 0.001 | |
| subtype.cluster | 0.609 | 0.028 | 0.639 | |
| subtype.cluster.predict | 0.278 | 0.004 | 0.284 | |
| tamr13 | 0.124 | 0.004 | 0.128 | |
| tbrm | 0.001 | 0.000 | 0.000 | |
| weighted.meanvar | 0 | 0 | 0 | |
| write.m.file | 0.003 | 0.000 | 0.003 | |