| Back to Multiple platform build/check report for BioC 3.22: simplified long | 
 | 
This page was generated on 2025-10-24 12:07 -0400 (Fri, 24 Oct 2025).
| Hostname | OS | Arch (*) | R version | Installed pkgs | 
|---|---|---|---|---|
| nebbiolo2 | Linux (Ubuntu 24.04.3 LTS) | x86_64 | 4.5.1 Patched (2025-08-23 r88802) -- "Great Square Root" | 4898 | 
| lconway | macOS 12.7.6 Monterey | x86_64 | 4.5.1 Patched (2025-09-10 r88807) -- "Great Square Root" | 4688 | 
| kjohnson3 | macOS 13.7.7 Ventura | arm64 | 4.5.1 Patched (2025-09-10 r88807) -- "Great Square Root" | 4634 | 
| taishan | Linux (openEuler 24.03 LTS) | aarch64 | 4.5.0 (2025-04-11) -- "How About a Twenty-Six" | 4658 | 
| Click on any hostname to see more info about the system (e.g. compilers) (*) as reported by 'uname -p', except on Windows and Mac OS X | ||||
| Package 717/2359 | Hostname | OS / Arch | INSTALL | BUILD | CHECK | BUILD BIN | ||||||||
| famat 1.19.0  (landing page) Mathieu Charles 
 | nebbiolo2 | Linux (Ubuntu 24.04.3 LTS) / x86_64 | OK | ERROR | skipped | |||||||||
| lconway | macOS 12.7.6 Monterey / x86_64 | OK | ERROR | skipped | skipped | |||||||||
| kjohnson3 | macOS 13.7.7 Ventura / arm64 | OK | ERROR | skipped | skipped | |||||||||
| taishan | Linux (openEuler 24.03 LTS) / aarch64 | OK | ERROR | skipped | ||||||||||
| To the developers/maintainers of the famat package: - Allow up to 24 hours (and sometimes 48 hours) for your latest push to git@git.bioconductor.org:packages/famat.git to reflect on this report. See Troubleshooting Build Report for more information. - Use the following Renviron settings to reproduce errors and warnings. - If 'R CMD check' started to fail recently on the Linux builder(s) over a missing dependency, add the missing dependency to 'Suggests:' in your DESCRIPTION file. See Renviron.bioc for more information. - See Martin Grigorov's blog post for how to debug Linux ARM64 related issues on a x86_64 host. | 
| Package: famat | 
| Version: 1.19.0 | 
| Command: /home/biocbuild/R/R/bin/R CMD build --keep-empty-dirs --no-resave-data famat | 
| StartedAt: 2025-10-20 23:44:36 -0000 (Mon, 20 Oct 2025) | 
| EndedAt: 2025-10-20 23:45:39 -0000 (Mon, 20 Oct 2025) | 
| EllapsedTime: 63.0 seconds | 
| RetCode: 1 | 
| Status: ERROR | 
| PackageFile: None | 
| PackageFileSize: NA | 
##############################################################################
##############################################################################
###
### Running command:
###
###   /home/biocbuild/R/R/bin/R CMD build --keep-empty-dirs --no-resave-data famat
###
##############################################################################
##############################################################################
* checking for file ‘famat/DESCRIPTION’ ... OK
* preparing ‘famat’:
* checking DESCRIPTION meta-information ... OK
* installing the package to build vignettes
* creating vignettes ... ERROR
--- re-building ‘famat.Rmd’ using rmarkdown
Quitting from famat.Rmd:78-84 [interactions]
~~~~~~~~~~~~~~~~~~~~~~~~~~~~~~~~~~~~~~~~~~~~~~~~~~~~~~~~~~~~~~~~~~~~~~~~~~~~~~~~
<error/rlang_error>
Error in `.getUrl()`:
! Bad Request (HTTP 400).
---
Backtrace:
    ▆
 1. └─famat::interactions(listk, listr, listw)
 2.   └─KEGGREST::keggConv("chebi", "compound")
 3.     └─base::lapply(groups, .keggConv, target = target)
 4.       └─KEGGREST (local) FUN(X[[i]], ...)
 5.         └─KEGGREST:::.getUrl(url, .listParser, nameColumn = 1, valueColumn = 2)
 6.           └─httr::stop_for_status(response)
~~~~~~~~~~~~~~~~~~~~~~~~~~~~~~~~~~~~~~~~~~~~~~~~~~~~~~~~~~~~~~~~~~~~~~~~~~~~~~~~
Error: processing vignette 'famat.Rmd' failed with diagnostics:
Bad Request (HTTP 400).
--- failed re-building ‘famat.Rmd’
SUMMARY: processing the following file failed:
  ‘famat.Rmd’
Error: Vignette re-building failed.
Execution halted