| Back to Multiple platform build/check report for BioC 3.22: simplified long |
|
This page was generated on 2025-08-28 12:07 -0400 (Thu, 28 Aug 2025).
| Hostname | OS | Arch (*) | R version | Installed pkgs |
|---|---|---|---|---|
| nebbiolo2 | Linux (Ubuntu 24.04.3 LTS) | x86_64 | 4.5.1 (2025-06-13) -- "Great Square Root" | 4822 |
| lconway | macOS 12.7.1 Monterey | x86_64 | 4.5.1 (2025-06-13) -- "Great Square Root" | 4613 |
| kjohnson3 | macOS 13.7.7 Ventura | arm64 | 4.5.1 Patched (2025-06-14 r88325) -- "Great Square Root" | 4556 |
| taishan | Linux (openEuler 24.03 LTS) | aarch64 | 4.5.0 (2025-04-11) -- "How About a Twenty-Six" | 4539 |
| Click on any hostname to see more info about the system (e.g. compilers) (*) as reported by 'uname -p', except on Windows and Mac OS X | ||||
| Package 702/2319 | Hostname | OS / Arch | INSTALL | BUILD | CHECK | BUILD BIN | ||||||||
| faers 1.5.0 (landing page) Yun Peng
| nebbiolo2 | Linux (Ubuntu 24.04.3 LTS) / x86_64 | OK | ERROR | skipped | |||||||||
| lconway | macOS 12.7.1 Monterey / x86_64 | OK | ERROR | skipped | skipped | |||||||||
| kjohnson3 | macOS 13.7.7 Ventura / arm64 | OK | ERROR | skipped | skipped | |||||||||
| taishan | Linux (openEuler 24.03 LTS) / aarch64 | OK | OK | ERROR | ||||||||||
|
To the developers/maintainers of the faers package: - Allow up to 24 hours (and sometimes 48 hours) for your latest push to git@git.bioconductor.org:packages/faers.git to reflect on this report. See Troubleshooting Build Report for more information. - Use the following Renviron settings to reproduce errors and warnings. - If 'R CMD check' started to fail recently on the Linux builder(s) over a missing dependency, add the missing dependency to 'Suggests:' in your DESCRIPTION file. See Renviron.bioc for more information. - See Martin Grigorov's blog post for how to debug Linux ARM64 related issues on a x86_64 host. |
| Package: faers |
| Version: 1.5.0 |
| Command: /home/biocbuild/R/R/bin/R CMD check --install=check:faers.install-out.txt --library=/home/biocbuild/R/R/site-library --no-vignettes --timings faers_1.5.0.tar.gz |
| StartedAt: 2025-08-26 07:53:15 -0000 (Tue, 26 Aug 2025) |
| EndedAt: 2025-08-26 07:54:07 -0000 (Tue, 26 Aug 2025) |
| EllapsedTime: 52.0 seconds |
| RetCode: 1 |
| Status: ERROR |
| CheckDir: faers.Rcheck |
| Warnings: NA |
##############################################################################
##############################################################################
###
### Running command:
###
### /home/biocbuild/R/R/bin/R CMD check --install=check:faers.install-out.txt --library=/home/biocbuild/R/R/site-library --no-vignettes --timings faers_1.5.0.tar.gz
###
##############################################################################
##############################################################################
* using log directory ‘/home/biocbuild/bbs-3.22-bioc/meat/faers.Rcheck’
* using R version 4.5.0 (2025-04-11)
* using platform: aarch64-unknown-linux-gnu
* R was compiled by
aarch64-unknown-linux-gnu-gcc (GCC) 14.2.0
GNU Fortran (GCC) 14.2.0
* running under: openEuler 24.03 (LTS)
* using session charset: UTF-8
* using option ‘--no-vignettes’
* checking for file ‘faers/DESCRIPTION’ ... OK
* this is package ‘faers’ version ‘1.5.0’
* package encoding: UTF-8
* checking package namespace information ... OK
* checking package dependencies ... OK
* checking if this is a source package ... OK
* checking if there is a namespace ... OK
* checking for hidden files and directories ... OK
* checking for portable file names ... OK
* checking for sufficient/correct file permissions ... OK
* checking whether package ‘faers’ can be installed ... OK
* checking installed package size ... OK
* checking package directory ... OK
* checking ‘build’ directory ... OK
* checking DESCRIPTION meta-information ... OK
* checking top-level files ... OK
* checking for left-over files ... OK
* checking index information ... OK
* checking package subdirectories ... OK
* checking code files for non-ASCII characters ... OK
* checking R files for syntax errors ... OK
* checking whether the package can be loaded ... OK
* checking whether the package can be loaded with stated dependencies ... OK
* checking whether the package can be unloaded cleanly ... OK
* checking whether the namespace can be loaded with stated dependencies ... OK
* checking whether the namespace can be unloaded cleanly ... OK
* checking loading without being on the library search path ... OK
* checking dependencies in R code ... OK
* checking S3 generic/method consistency ... OK
* checking replacement functions ... OK
* checking foreign function calls ... OK
* checking R code for possible problems ... OK
* checking Rd files ... OK
* checking Rd metadata ... OK
* checking Rd cross-references ... OK
* checking for missing documentation entries ... OK
* checking for code/documentation mismatches ... OK
* checking Rd \usage sections ... OK
* checking Rd contents ... OK
* checking for unstated dependencies in examples ... OK
* checking files in ‘vignettes’ ... OK
* checking examples ... ERROR
Running examples in ‘faers-Ex.R’ failed
The error most likely occurred in:
> base::assign(".ptime", proc.time(), pos = "CheckExEnv")
> ### Name: fda_drugs
> ### Title: Read and Parse Drugs@FDA data
> ### Aliases: fda_drugs
>
> ### ** Examples
>
> fda_drugs(list = TRUE)
Downloading 1 file from: <https://www.fda.gov/media/89850/download?attachment>
trying URL 'https://www.fda.gov/media/89850/download?attachment'
Content type 'application/zip' length 5849085 bytes (5.6 MB)
==================================================
downloaded 5.6 MB
[1] "Join_Submission_ActionTypes_Lookup.zip"
> fda_drugs()
→ Using Drugs@FDA data from cached
'/home/biocbuild/.cache/R/faers/faers/fdadrugs/fda_drugs_data_2025-08-26.zip'
Snapshot date: 2025-08-26
Error in `locate_files()`:
! Cannot locate Products file in
'/home/biocbuild/.cache/R/faers/faers/fdadrugs/fda_drugs_data_2025-08-26'
Backtrace:
▆
1. └─faers::fda_drugs()
2. └─faers:::fda_drugs_load(file, pattern = pattern, list = list)
3. └─faers:::locate_file(path, pattern, ignore.case = TRUE)
4. └─faers:::locate_files(path, pattern = pattern, ignore.case = ignore.case)
5. └─cli::cli_abort(...)
6. └─rlang::abort(...)
Execution halted
* checking for unstated dependencies in ‘tests’ ... OK
* checking tests ...
Running ‘testthat.R’
OK
* checking for unstated dependencies in vignettes ... OK
* checking package vignettes ... OK
* checking running R code from vignettes ... SKIPPED
* checking re-building of vignette outputs ... SKIPPED
* checking PDF version of manual ... OK
* DONE
Status: 1 ERROR
See
‘/home/biocbuild/bbs-3.22-bioc/meat/faers.Rcheck/00check.log’
for details.
faers.Rcheck/00install.out
############################################################################## ############################################################################## ### ### Running command: ### ### /home/biocbuild/R/R/bin/R CMD INSTALL faers ### ############################################################################## ############################################################################## * installing to library ‘/home/biocbuild/R/R-4.5.0/site-library’ * installing *source* package ‘faers’ ... ** this is package ‘faers’ version ‘1.5.0’ ** using staged installation ** R ** inst ** byte-compile and prepare package for lazy loading ** help *** installing help indices ** building package indices ** installing vignettes ** testing if installed package can be loaded from temporary location ** testing if installed package can be loaded from final location ** testing if installed package keeps a record of temporary installation path * DONE (faers)
faers.Rcheck/tests/testthat.Rout
R version 4.5.0 (2025-04-11) -- "How About a Twenty-Six"
Copyright (C) 2025 The R Foundation for Statistical Computing
Platform: aarch64-unknown-linux-gnu
R is free software and comes with ABSOLUTELY NO WARRANTY.
You are welcome to redistribute it under certain conditions.
Type 'license()' or 'licence()' for distribution details.
R is a collaborative project with many contributors.
Type 'contributors()' for more information and
'citation()' on how to cite R or R packages in publications.
Type 'demo()' for some demos, 'help()' for on-line help, or
'help.start()' for an HTML browser interface to help.
Type 'q()' to quit R.
> # This file is part of the standard setup for testthat.
> # It is recommended that you do not modify it.
> #
> # Where should you do additional test configuration?
> # Learn more about the roles of various files in:
> # * https://r-pkgs.org/testing-design.html#sec-tests-files-overview
> # * https://testthat.r-lib.org/articles/special-files.html
>
> library(testthat)
> library(faers)
>
> test_check("faers")
Starting 2 test processes
[ FAIL 0 | WARN 0 | SKIP 16 | PASS 274 ]
══ Skipped tests (16) ══════════════════════════════════════════════════════════
• On CRAN (1): 'test_meta.R:2:5'
• dir.exists("~/Data/MedDRA/MedDRA_26_1_English") is not TRUE (15):
'test_counts.R:2:5', 'test_dedup.R:2:5', 'test_combine.R:49:5',
'test_combine.R:78:5', 'test_meddra.R:6:5', 'test_merge.R:57:5',
'test_signal.R:2:5', 'test_signal.R:29:5', 'test_standardize.R:2:5',
'test_methods.R:103:5', 'test_methods.R:147:5', 'test_methods.R:195:5',
'test_methods.R:218:5', 'test_methods.R:241:5', 'test_methods.R:550:5'
[ FAIL 0 | WARN 0 | SKIP 16 | PASS 274 ]
>
> proc.time()
user system elapsed
10.906 0.548 7.188
faers.Rcheck/faers-Ex.timings
| name | user | system | elapsed | |
| FAERS-class | 0.515 | 0.024 | 0.543 | |
| FAERS-methods | 0.197 | 0.024 | 0.222 | |
| faers | 0.057 | 0.003 | 0.061 | |
| faers_available | 1.835 | 0.060 | 3.087 | |
| faers_before_period | 0.000 | 0.000 | 0.001 | |
| faers_clearcache | 0.006 | 0.008 | 0.019 | |
| faers_combine | 0.110 | 0.004 | 0.116 | |
| faers_counts | 0.541 | 0.008 | 0.553 | |
| faers_dedup | 0.169 | 0.004 | 0.175 | |
| faers_download | 0.036 | 0.004 | 0.040 | |
| faers_load | 0.006 | 0.000 | 0.007 | |
| faers_merge | 0.132 | 0.004 | 0.137 | |
| faers_meta | 1.679 | 0.016 | 2.913 | |
| faers_parse | 0.030 | 0.004 | 0.034 | |
| faers_phv_signal | 0.155 | 0.004 | 0.161 | |
| faers_standardize | 0.146 | 0.004 | 0.151 | |