| Back to Multiple platform build/check report for BioC 3.23: simplified long |
|
This page was generated on 2025-11-25 11:37 -0500 (Tue, 25 Nov 2025).
| Hostname | OS | Arch (*) | R version | Installed pkgs |
|---|---|---|---|---|
| nebbiolo1 | Linux (Ubuntu 24.04.3 LTS) | x86_64 | R Under development (unstable) (2025-10-20 r88955) -- "Unsuffered Consequences" | 4830 |
| lconway | macOS 12.7.6 Monterey | x86_64 | R Under development (unstable) (2025-10-21 r88958) -- "Unsuffered Consequences" | 4606 |
| kjohnson3 | macOS 13.7.7 Ventura | arm64 | R Under development (unstable) (2025-11-04 r88984) -- "Unsuffered Consequences" | 4569 |
| Click on any hostname to see more info about the system (e.g. compilers) (*) as reported by 'uname -p', except on Windows and Mac OS X | ||||
| Package 665/2328 | Hostname | OS / Arch | INSTALL | BUILD | CHECK | BUILD BIN | ||||||||
| enrichViewNet 1.9.0 (landing page) Astrid Deschênes
| nebbiolo1 | Linux (Ubuntu 24.04.3 LTS) / x86_64 | OK | ERROR | skipped | |||||||||
| lconway | macOS 12.7.6 Monterey / x86_64 | OK | ERROR | skipped | skipped | |||||||||
| kjohnson3 | macOS 13.7.7 Ventura / arm64 | OK | ERROR | skipped | skipped | |||||||||
|
To the developers/maintainers of the enrichViewNet package: - Allow up to 24 hours (and sometimes 48 hours) for your latest push to git@git.bioconductor.org:packages/enrichViewNet.git to reflect on this report. See Troubleshooting Build Report for more information. - Use the following Renviron settings to reproduce errors and warnings. - If 'R CMD check' started to fail recently on the Linux builder(s) over a missing dependency, add the missing dependency to 'Suggests:' in your DESCRIPTION file. See Renviron.bioc for more information. |
| Package: enrichViewNet |
| Version: 1.9.0 |
| Command: /home/biocbuild/bbs-3.23-bioc/R/bin/R CMD build --keep-empty-dirs --no-resave-data enrichViewNet |
| StartedAt: 2025-11-24 17:29:57 -0500 (Mon, 24 Nov 2025) |
| EndedAt: 2025-11-24 17:30:34 -0500 (Mon, 24 Nov 2025) |
| EllapsedTime: 36.2 seconds |
| RetCode: 1 |
| Status: ERROR |
| PackageFile: None |
| PackageFileSize: NA |
##############################################################################
##############################################################################
###
### Running command:
###
### /home/biocbuild/bbs-3.23-bioc/R/bin/R CMD build --keep-empty-dirs --no-resave-data enrichViewNet
###
##############################################################################
##############################################################################
* checking for file ‘enrichViewNet/DESCRIPTION’ ... OK
* preparing ‘enrichViewNet’:
* checking DESCRIPTION meta-information ... OK
* installing the package (it is needed to build vignettes)
* creating vignettes ... ERROR
--- re-building ‘enrichViewNet.Rmd’ using rmarkdown
Quitting from enrichViewNet.Rmd:245-276 [gprofiler]
~~~~~~~~~~~~~~~~~~~~~~~~~~~~~~~~~~~~~~~~~~~~~~~~~~~~~~~~~~~~~~~~~~~~~~~~~~~~~~~~
<error/rlang_error>
Error:
! Request to g:Profiler failed (HTTP 500). The service may be temporarily unavailable.
If the issue persists, please contact biit.support@ut.ee with a reproducible example.
---
Backtrace:
▆
1. └─gprofiler2::gost(...)
2. └─gprofiler2::gprofiler_request(url, body)
~~~~~~~~~~~~~~~~~~~~~~~~~~~~~~~~~~~~~~~~~~~~~~~~~~~~~~~~~~~~~~~~~~~~~~~~~~~~~~~~
Error: processing vignette 'enrichViewNet.Rmd' failed with diagnostics:
Request to g:Profiler failed (HTTP 500). The service may be temporarily unavailable.
If the issue persists, please contact biit.support@ut.ee with a reproducible example.
--- failed re-building ‘enrichViewNet.Rmd’
SUMMARY: processing the following file failed:
‘enrichViewNet.Rmd’
Error: Vignette re-building failed.
Execution halted