Back to Multiple platform build/check report for BioC 3.23:   simplified   long
ABC[D]EFGHIJKLMNOPQRSTUVWXYZ

This page was generated on 2025-11-24 11:37 -0500 (Mon, 24 Nov 2025).

HostnameOSArch (*)R versionInstalled pkgs
nebbiolo1Linux (Ubuntu 24.04.3 LTS)x86_64R Under development (unstable) (2025-10-20 r88955) -- "Unsuffered Consequences" 4829
lconwaymacOS 12.7.6 Montereyx86_64R Under development (unstable) (2025-10-21 r88958) -- "Unsuffered Consequences" 4605
kjohnson3macOS 13.7.7 Venturaarm64R Under development (unstable) (2025-11-04 r88984) -- "Unsuffered Consequences" 4568
Click on any hostname to see more info about the system (e.g. compilers)      (*) as reported by 'uname -p', except on Windows and Mac OS X

Package 596/2327HostnameOS / ArchINSTALLBUILDCHECKBUILD BIN
dmGsea 1.1.1  (landing page)
Zongli Xu
Snapshot Date: 2025-11-23 13:40 -0500 (Sun, 23 Nov 2025)
git_url: https://git.bioconductor.org/packages/dmGsea
git_branch: devel
git_last_commit: 248aa7c
git_last_commit_date: 2025-10-31 09:40:12 -0500 (Fri, 31 Oct 2025)
nebbiolo1Linux (Ubuntu 24.04.3 LTS) / x86_64  OK    ERROR  skipped
lconwaymacOS 12.7.6 Monterey / x86_64  OK    OK    OK    OK  UNNEEDED, same version is already published
kjohnson3macOS 13.7.7 Ventura / arm64  OK    OK    OK    OK  UNNEEDED, same version is already published


BUILD results for dmGsea on nebbiolo1

To the developers/maintainers of the dmGsea package:
- Allow up to 24 hours (and sometimes 48 hours) for your latest push to git@git.bioconductor.org:packages/dmGsea.git to reflect on this report. See Troubleshooting Build Report for more information.
- Use the following Renviron settings to reproduce errors and warnings.
- If 'R CMD check' started to fail recently on the Linux builder(s) over a missing dependency, add the missing dependency to 'Suggests:' in your DESCRIPTION file. See Renviron.bioc for more information.

raw results


Summary

Package: dmGsea
Version: 1.1.1
Command: /home/biocbuild/bbs-3.23-bioc/R/bin/R CMD build --keep-empty-dirs --no-resave-data dmGsea
StartedAt: 2025-11-23 17:21:28 -0500 (Sun, 23 Nov 2025)
EndedAt: 2025-11-23 17:22:48 -0500 (Sun, 23 Nov 2025)
EllapsedTime: 80.1 seconds
RetCode: 1
Status:   ERROR  
PackageFile: None
PackageFileSize: NA

Command output

##############################################################################
##############################################################################
###
### Running command:
###
###   /home/biocbuild/bbs-3.23-bioc/R/bin/R CMD build --keep-empty-dirs --no-resave-data dmGsea
###
##############################################################################
##############################################################################


* checking for file ‘dmGsea/DESCRIPTION’ ... OK
* preparing ‘dmGsea’:
* checking DESCRIPTION meta-information ... OK
* installing the package (it is needed to build vignettes)
* creating vignettes ... ERROR
--- re-building ‘dmGsea.Rmd’ using rmarkdown

Quitting from dmGsea.Rmd:58-76 [example1]
~~~~~~~~~~~~~~~~~~~~~~~~~~~~~~~~~~~~~~~~~~~~~~~~~~~~~~~~~~~~~~~~~~~~~~~~~~~~~~~~
<error/rlang_error>
Error in `curl::curl_fetch_memory()`:
! Timeout was reached [rest.kegg.jp]:
SSL connection timeout
---
Backtrace:
     ▆
  1. ├─dmGsea::gsGene(...)
  2. │ └─dmGsea:::processGeneSets(geneSet, gset1, gset2, species, unique(names(genep)))
  3. │   └─dmGsea::getKEGG(species)
  4. │     └─KEGGREST::keggLink("pathway", species)
  5. │       └─KEGGREST:::.getUrl(url, .listParser, nameColumn = 1, valueColumn = 2)
  6. │         └─httr::GET(url)
  7. │           └─httr:::request_perform(req, hu$handle$handle)
  8. │             ├─httr:::request_fetch(req$output, req$url, handle)
  9. │             └─httr:::request_fetch.write_memory(req$output, req$url, handle)
 10. │               └─curl::curl_fetch_memory(url, handle = handle)
 11. └─curl:::raise_libcurl_error(...)
~~~~~~~~~~~~~~~~~~~~~~~~~~~~~~~~~~~~~~~~~~~~~~~~~~~~~~~~~~~~~~~~~~~~~~~~~~~~~~~~

Error: processing vignette 'dmGsea.Rmd' failed with diagnostics:
Timeout was reached [rest.kegg.jp]:
SSL connection timeout
--- failed re-building ‘dmGsea.Rmd’

SUMMARY: processing the following file failed:
  ‘dmGsea.Rmd’

Error: Vignette re-building failed.
Execution halted