Back to Multiple platform build/check report for BioC 3.22:   simplified   long
AB[C]DEFGHIJKLMNOPQRSTUVWXYZ

This page was generated on 2025-07-26 12:05 -0400 (Sat, 26 Jul 2025).

HostnameOSArch (*)R versionInstalled pkgs
nebbiolo2Linux (Ubuntu 24.04.2 LTS)x86_644.5.1 (2025-06-13) -- "Great Square Root" 4795
palomino8Windows Server 2022 Datacenterx644.5.1 (2025-06-13 ucrt) -- "Great Square Root" 4534
lconwaymacOS 12.7.1 Montereyx86_644.5.1 (2025-06-13) -- "Great Square Root" 4577
kjohnson3macOS 13.7.1 Venturaarm644.5.1 Patched (2025-06-14 r88325) -- "Great Square Root" 4518
taishanLinux (openEuler 24.03 LTS)aarch644.5.0 (2025-04-11) -- "How About a Twenty-Six" 4512
Click on any hostname to see more info about the system (e.g. compilers)      (*) as reported by 'uname -p', except on Windows and Mac OS X

Package 486/2313HostnameOS / ArchINSTALLBUILDCHECKBUILD BIN
customProDB 1.49.0  (landing page)
Xiaojing Wang
Snapshot Date: 2025-07-25 13:25 -0400 (Fri, 25 Jul 2025)
git_url: https://git.bioconductor.org/packages/customProDB
git_branch: devel
git_last_commit: 2d2db50
git_last_commit_date: 2025-04-15 10:24:39 -0400 (Tue, 15 Apr 2025)
nebbiolo2Linux (Ubuntu 24.04.2 LTS) / x86_64  OK    OK    ERROR  
palomino8Windows Server 2022 Datacenter / x64  OK    OK    ERROR    OK  
lconwaymacOS 12.7.1 Monterey / x86_64  OK    OK    ERROR    OK  
kjohnson3macOS 13.7.1 Ventura / arm64  OK    OK    WARNINGS    OK  UNNEEDED, same version is already published
taishanLinux (openEuler 24.03 LTS) / aarch64  OK    OK    ERROR  


CHECK results for customProDB on nebbiolo2

To the developers/maintainers of the customProDB package:
- Allow up to 24 hours (and sometimes 48 hours) for your latest push to git@git.bioconductor.org:packages/customProDB.git to reflect on this report. See Troubleshooting Build Report for more information.
- Use the following Renviron settings to reproduce errors and warnings.
- If 'R CMD check' started to fail recently on the Linux builder(s) over a missing dependency, add the missing dependency to 'Suggests:' in your DESCRIPTION file. See Renviron.bioc for more information.

raw results


Summary

Package: customProDB
Version: 1.49.0
Command: /home/biocbuild/bbs-3.22-bioc/R/bin/R CMD check --install=check:customProDB.install-out.txt --library=/home/biocbuild/bbs-3.22-bioc/R/site-library --timings customProDB_1.49.0.tar.gz
StartedAt: 2025-07-25 23:39:42 -0400 (Fri, 25 Jul 2025)
EndedAt: 2025-07-25 23:50:36 -0400 (Fri, 25 Jul 2025)
EllapsedTime: 653.7 seconds
RetCode: 1
Status:   ERROR  
CheckDir: customProDB.Rcheck
Warnings: NA

Command output

##############################################################################
##############################################################################
###
### Running command:
###
###   /home/biocbuild/bbs-3.22-bioc/R/bin/R CMD check --install=check:customProDB.install-out.txt --library=/home/biocbuild/bbs-3.22-bioc/R/site-library --timings customProDB_1.49.0.tar.gz
###
##############################################################################
##############################################################################


* using log directory ‘/home/biocbuild/bbs-3.22-bioc/meat/customProDB.Rcheck’
* using R version 4.5.1 (2025-06-13)
* using platform: x86_64-pc-linux-gnu
* R was compiled by
    gcc (Ubuntu 13.3.0-6ubuntu2~24.04) 13.3.0
    GNU Fortran (Ubuntu 13.3.0-6ubuntu2~24.04) 13.3.0
* running under: Ubuntu 24.04.2 LTS
* using session charset: UTF-8
* checking for file ‘customProDB/DESCRIPTION’ ... OK
* checking extension type ... Package
* this is package ‘customProDB’ version ‘1.49.0’
* checking package namespace information ... OK
* checking package dependencies ... OK
* checking if this is a source package ... OK
* checking if there is a namespace ... OK
* checking for hidden files and directories ... OK
* checking for portable file names ... OK
* checking for sufficient/correct file permissions ... OK
* checking whether package ‘customProDB’ can be installed ... WARNING
Found the following significant warnings:
  Warning: replacing previous import ‘GenomicFeatures::makeTxDbPackage’ by ‘txdbmaker::makeTxDbPackage’ when loading ‘customProDB’
  Warning: replacing previous import ‘GenomicFeatures::supportedUCSCFeatureDbTables’ by ‘txdbmaker::supportedUCSCFeatureDbTables’ when loading ‘customProDB’
  Warning: replacing previous import ‘GenomicFeatures::makeTxDbFromGFF’ by ‘txdbmaker::makeTxDbFromGFF’ when loading ‘customProDB’
  Warning: replacing previous import ‘GenomicFeatures::makeTxDbPackageFromBiomart’ by ‘txdbmaker::makeTxDbPackageFromBiomart’ when loading ‘customProDB’
  Warning: replacing previous import ‘GenomicFeatures::supportedMiRBaseBuildValues’ by ‘txdbmaker::supportedMiRBaseBuildValues’ when loading ‘customProDB’
  Warning: replacing previous import ‘GenomicFeatures::supportedUCSCFeatureDbTracks’ by ‘txdbmaker::supportedUCSCFeatureDbTracks’ when loading ‘customProDB’
  Warning: replacing previous import ‘GenomicFeatures::browseUCSCtrack’ by ‘txdbmaker::browseUCSCtrack’ when loading ‘customProDB’
  Warning: replacing previous import ‘GenomicFeatures::getChromInfoFromBiomart’ by ‘txdbmaker::getChromInfoFromBiomart’ when loading ‘customProDB’
  Warning: replacing previous import ‘GenomicFeatures::makeTxDbFromGRanges’ by ‘txdbmaker::makeTxDbFromGRanges’ when loading ‘customProDB’
  Warning: replacing previous import ‘GenomicFeatures::supportedUCSCtables’ by ‘txdbmaker::supportedUCSCtables’ when loading ‘customProDB’
  Warning: replacing previous import ‘GenomicFeatures::makeTxDbFromBiomart’ by ‘txdbmaker::makeTxDbFromBiomart’ when loading ‘customProDB’
  Warning: replacing previous import ‘GenomicFeatures::UCSCFeatureDbTableSchema’ by ‘txdbmaker::UCSCFeatureDbTableSchema’ when loading ‘customProDB’
  Warning: replacing previous import ‘GenomicFeatures::makeTxDbFromEnsembl’ by ‘txdbmaker::makeTxDbFromEnsembl’ when loading ‘customProDB’
  Warning: replacing previous import ‘GenomicFeatures::makeTxDb’ by ‘txdbmaker::makeTxDb’ when loading ‘customProDB’
  Warning: replacing previous import ‘GenomicFeatures::makeFDbPackageFromUCSC’ by ‘txdbmaker::makeFDbPackageFromUCSC’ when loading ‘customProDB’
  Warning: replacing previous import ‘GenomicFeatures::makeTxDbFromUCSC’ by ‘txdbmaker::makeTxDbFromUCSC’ when loading ‘customProDB’
  Warning: replacing previous import ‘GenomicFeatures::makeTxDbPackageFromUCSC’ by ‘txdbmaker::makeTxDbPackageFromUCSC’ when loading ‘customProDB’
  Warning: replacing previous import ‘GenomicFeatures::makePackageName’ by ‘txdbmaker::makePackageName’ when loading ‘customProDB’
  Warning: replacing previous import ‘GenomicFeatures::makeFeatureDbFromUCSC’ by ‘txdbmaker::makeFeatureDbFromUCSC’ when loading ‘customProDB’
See ‘/home/biocbuild/bbs-3.22-bioc/meat/customProDB.Rcheck/00install.out’ for details.
* checking installed package size ... OK
* checking package directory ... OK
* checking ‘build’ directory ... OK
* checking DESCRIPTION meta-information ... OK
* checking top-level files ... OK
* checking for left-over files ... OK
* checking index information ... OK
* checking package subdirectories ... OK
* checking code files for non-ASCII characters ... OK
* checking R files for syntax errors ... OK
* checking whether the package can be loaded ... OK
* checking whether the package can be loaded with stated dependencies ... OK
* checking whether the package can be unloaded cleanly ... OK
* checking whether the namespace can be loaded with stated dependencies ... OK
* checking whether the namespace can be unloaded cleanly ... OK
* checking loading without being on the library search path ... OK
* checking dependencies in R code ... NOTE
Unexported objects imported by ':::' calls:
  ‘biomaRt:::martBM’ ‘biomaRt:::martDataset’ ‘biomaRt:::martHost’
  See the note in ?`:::` about the use of this operator.
* checking S3 generic/method consistency ... OK
* checking replacement functions ... OK
* checking foreign function calls ... OK
* checking R code for possible problems ... NOTE
Bed2Range: no visible binding for global variable ‘V5’
OutputNovelJun: no visible binding for global variable ‘jun_type’
OutputVarproseq: no visible binding for global variable ‘genename’
OutputVarproseq: no visible binding for global variable ‘txname’
OutputVarproseq: no visible binding for global variable ‘proname’
OutputVarproseq: no visible binding for global variable ‘aaref’
OutputVarproseq: no visible binding for global variable ‘aapos’
OutputVarproseq: no visible binding for global variable ‘aavar’
OutputVarproseq: no visible binding for global variable ‘rsid’
OutputVarproseq_single: no visible binding for global variable
  ‘genename’
OutputVarproseq_single: no visible binding for global variable ‘txname’
OutputVarproseq_single: no visible binding for global variable
  ‘proname’
OutputVarproseq_single: no visible binding for global variable ‘aaref’
OutputVarproseq_single: no visible binding for global variable ‘aapos’
OutputVarproseq_single: no visible binding for global variable ‘aavar’
OutputVarproseq_single: no visible binding for global variable ‘rsid’
Outputaberrant: no visible binding for global variable ‘pro_name’
Positionincoding: no visible binding for global variable ‘cds_start’
Positionincoding: no visible binding for global variable ‘cds_end’
PrepareAnnotationEnsembl: no visible binding for global variable
  ‘ensembl_gene_id’
PrepareAnnotationEnsembl: no visible binding for global variable
  ‘pro_name’
PrepareAnnotationEnsembl: no visible binding for global variable
  ‘chrom’
PrepareAnnotationEnsembl: no visible binding for global variable ‘name’
PrepareAnnotationEnsembl: no visible binding for global variable
  ‘alleleCount’
PrepareAnnotationEnsembl: no visible binding for global variable
  ‘alleles’
PrepareAnnotationRefseq: no visible binding for global variable ‘name’
PrepareAnnotationRefseq: no visible binding for global variable
  ‘mrnaAcc’
PrepareAnnotationRefseq: no visible binding for global variable
  ‘protAcc’
PrepareAnnotationRefseq: no visible binding for global variable
  ‘transcript’
PrepareAnnotationRefseq: no visible binding for global variable ‘chrom’
PrepareAnnotationRefseq: no visible binding for global variable
  ‘alleleCount’
PrepareAnnotationRefseq: no visible binding for global variable
  ‘alleles’
PrepareAnnotationRefseq: no visible binding for global variable
  ‘COSMIC’
Varlocation: no visible binding for global variable ‘pro_name’
Undefined global functions or variables:
  COSMIC V5 aapos aaref aavar alleleCount alleles cds_end cds_start
  chrom ensembl_gene_id genename jun_type mrnaAcc name pro_name proname
  protAcc rsid transcript txname
* checking Rd files ... OK
* checking Rd metadata ... OK
* checking Rd cross-references ... OK
* checking for missing documentation entries ... OK
* checking for code/documentation mismatches ... OK
* checking Rd \usage sections ... OK
* checking Rd contents ... OK
* checking for unstated dependencies in examples ... OK
* checking files in ‘vignettes’ ... OK
* checking examples ... ERROR
Running examples in ‘customProDB-Ex.R’ failed
The error most likely occurred in:

> base::assign(".ptime", proc.time(), pos = "CheckExEnv")
> ### Name: PrepareAnnotationEnsembl
> ### Title: prepare annotation from ENSEMBL
> ### Aliases: PrepareAnnotationEnsembl
> 
> ### ** Examples
> 
> 
> ensembl <- useEnsembl(biomart = 'genes', 
+  dataset = 'hsapiens_gene_ensembl',
+  version = 111)
> 
> annotation_path <- tempdir()
> transcript_ids <- c("ENST00000234420", "ENST00000269305", "ENST00000445888", 
+     "ENST00000257430", "ENST00000508376", "ENST00000288602", 
+     "ENST00000269571", "ENST00000256078", "ENST00000384871")
> 
> PrepareAnnotationEnsembl(mart=ensembl, annotation_path=annotation_path, 
+     splice_matrix=FALSE, dbsnp=NULL, transcript_ids=transcript_ids, 
+     COSMIC=FALSE)
Prepare gene/transcript/protein id mapping information (ids.RData) ...  done
Build TranscriptDB object (txdb.sqlite) ... 
Warning: Ensembl will soon enforce the use of https.
Ensure the 'host' argument includes "https://"
Download and preprocess the 'transcripts' data frame ... OK
Download and preprocess the 'chrominfo' data frame ... Error in `req_perform()`:
! HTTP 500 Internal Server Error.
Backtrace:
     ▆
  1. └─customProDB::PrepareAnnotationEnsembl(...)
  2.   └─customProDB:::makeTranscriptDbFromBiomart_archive(...)
  3.     └─customProDB:::.makeBiomartChrominfo(...)
  4.       └─customProDB:::.getBiomartDbVersion(...)
  5.         └─biomaRt::listMarts(mart = mart, host = host, path = path, archive = FALSE)
  6.           └─biomaRt:::.listMarts(...)
  7.             └─biomaRt:::bmRequest(...)
  8.               └─httr2::req_perform(request)
  9.                 └─httr2:::handle_resp(req, resp, error_call = error_call)
 10.                   └─httr2:::resp_failure_cnd(req, resp, error_call = error_call)
 11.                     ├─rlang::catch_cnd(...)
 12.                     │ ├─rlang::eval_bare(...)
 13.                     │ ├─base::tryCatch(...)
 14.                     │ │ └─base (local) tryCatchList(expr, classes, parentenv, handlers)
 15.                     │ │   └─base (local) tryCatchOne(expr, names, parentenv, handlers[[1L]])
 16.                     │ │     └─base (local) doTryCatch(return(expr), name, parentenv, handler)
 17.                     │ └─base::force(expr)
 18.                     └─rlang::abort(...)
Execution halted
* checking for unstated dependencies in vignettes ... OK
* checking package vignettes ... OK
* checking re-building of vignette outputs ... OK
* checking PDF version of manual ... OK
* DONE

Status: 1 ERROR, 1 WARNING, 2 NOTEs
See
  ‘/home/biocbuild/bbs-3.22-bioc/meat/customProDB.Rcheck/00check.log’
for details.


Installation output

customProDB.Rcheck/00install.out

##############################################################################
##############################################################################
###
### Running command:
###
###   /home/biocbuild/bbs-3.22-bioc/R/bin/R CMD INSTALL customProDB
###
##############################################################################
##############################################################################


* installing to library ‘/home/biocbuild/bbs-3.22-bioc/R/site-library’
* installing *source* package ‘customProDB’ ...
** this is package ‘customProDB’ version ‘1.49.0’
** using staged installation
** R
** inst
** byte-compile and prepare package for lazy loading
Warning: replacing previous import ‘GenomicFeatures::makeTxDbPackage’ by ‘txdbmaker::makeTxDbPackage’ when loading ‘customProDB’
Warning: replacing previous import ‘GenomicFeatures::supportedUCSCFeatureDbTables’ by ‘txdbmaker::supportedUCSCFeatureDbTables’ when loading ‘customProDB’
Warning: replacing previous import ‘GenomicFeatures::makeTxDbFromGFF’ by ‘txdbmaker::makeTxDbFromGFF’ when loading ‘customProDB’
Warning: replacing previous import ‘GenomicFeatures::makeTxDbPackageFromBiomart’ by ‘txdbmaker::makeTxDbPackageFromBiomart’ when loading ‘customProDB’
Warning: replacing previous import ‘GenomicFeatures::supportedMiRBaseBuildValues’ by ‘txdbmaker::supportedMiRBaseBuildValues’ when loading ‘customProDB’
Warning: replacing previous import ‘GenomicFeatures::supportedUCSCFeatureDbTracks’ by ‘txdbmaker::supportedUCSCFeatureDbTracks’ when loading ‘customProDB’
Warning: replacing previous import ‘GenomicFeatures::browseUCSCtrack’ by ‘txdbmaker::browseUCSCtrack’ when loading ‘customProDB’
Warning: replacing previous import ‘GenomicFeatures::getChromInfoFromBiomart’ by ‘txdbmaker::getChromInfoFromBiomart’ when loading ‘customProDB’
Warning: replacing previous import ‘GenomicFeatures::makeTxDbFromGRanges’ by ‘txdbmaker::makeTxDbFromGRanges’ when loading ‘customProDB’
Warning: replacing previous import ‘GenomicFeatures::supportedUCSCtables’ by ‘txdbmaker::supportedUCSCtables’ when loading ‘customProDB’
Warning: replacing previous import ‘GenomicFeatures::makeTxDbFromBiomart’ by ‘txdbmaker::makeTxDbFromBiomart’ when loading ‘customProDB’
Warning: replacing previous import ‘GenomicFeatures::UCSCFeatureDbTableSchema’ by ‘txdbmaker::UCSCFeatureDbTableSchema’ when loading ‘customProDB’
Warning: replacing previous import ‘GenomicFeatures::makeTxDbFromEnsembl’ by ‘txdbmaker::makeTxDbFromEnsembl’ when loading ‘customProDB’
Warning: replacing previous import ‘GenomicFeatures::makeTxDb’ by ‘txdbmaker::makeTxDb’ when loading ‘customProDB’
Warning: replacing previous import ‘GenomicFeatures::makeFDbPackageFromUCSC’ by ‘txdbmaker::makeFDbPackageFromUCSC’ when loading ‘customProDB’
Warning: replacing previous import ‘GenomicFeatures::makeTxDbFromUCSC’ by ‘txdbmaker::makeTxDbFromUCSC’ when loading ‘customProDB’
Warning: replacing previous import ‘GenomicFeatures::makeTxDbPackageFromUCSC’ by ‘txdbmaker::makeTxDbPackageFromUCSC’ when loading ‘customProDB’
Warning: replacing previous import ‘GenomicFeatures::makePackageName’ by ‘txdbmaker::makePackageName’ when loading ‘customProDB’
Warning: replacing previous import ‘GenomicFeatures::makeFeatureDbFromUCSC’ by ‘txdbmaker::makeFeatureDbFromUCSC’ when loading ‘customProDB’
** help
*** installing help indices
** building package indices
** installing vignettes
** testing if installed package can be loaded from temporary location
Warning: replacing previous import ‘GenomicFeatures::makeTxDbPackage’ by ‘txdbmaker::makeTxDbPackage’ when loading ‘customProDB’
Warning: replacing previous import ‘GenomicFeatures::supportedUCSCFeatureDbTables’ by ‘txdbmaker::supportedUCSCFeatureDbTables’ when loading ‘customProDB’
Warning: replacing previous import ‘GenomicFeatures::makeTxDbFromGFF’ by ‘txdbmaker::makeTxDbFromGFF’ when loading ‘customProDB’
Warning: replacing previous import ‘GenomicFeatures::makeTxDbPackageFromBiomart’ by ‘txdbmaker::makeTxDbPackageFromBiomart’ when loading ‘customProDB’
Warning: replacing previous import ‘GenomicFeatures::supportedMiRBaseBuildValues’ by ‘txdbmaker::supportedMiRBaseBuildValues’ when loading ‘customProDB’
Warning: replacing previous import ‘GenomicFeatures::supportedUCSCFeatureDbTracks’ by ‘txdbmaker::supportedUCSCFeatureDbTracks’ when loading ‘customProDB’
Warning: replacing previous import ‘GenomicFeatures::browseUCSCtrack’ by ‘txdbmaker::browseUCSCtrack’ when loading ‘customProDB’
Warning: replacing previous import ‘GenomicFeatures::getChromInfoFromBiomart’ by ‘txdbmaker::getChromInfoFromBiomart’ when loading ‘customProDB’
Warning: replacing previous import ‘GenomicFeatures::makeTxDbFromGRanges’ by ‘txdbmaker::makeTxDbFromGRanges’ when loading ‘customProDB’
Warning: replacing previous import ‘GenomicFeatures::supportedUCSCtables’ by ‘txdbmaker::supportedUCSCtables’ when loading ‘customProDB’
Warning: replacing previous import ‘GenomicFeatures::makeTxDbFromBiomart’ by ‘txdbmaker::makeTxDbFromBiomart’ when loading ‘customProDB’
Warning: replacing previous import ‘GenomicFeatures::UCSCFeatureDbTableSchema’ by ‘txdbmaker::UCSCFeatureDbTableSchema’ when loading ‘customProDB’
Warning: replacing previous import ‘GenomicFeatures::makeTxDbFromEnsembl’ by ‘txdbmaker::makeTxDbFromEnsembl’ when loading ‘customProDB’
Warning: replacing previous import ‘GenomicFeatures::makeTxDb’ by ‘txdbmaker::makeTxDb’ when loading ‘customProDB’
Warning: replacing previous import ‘GenomicFeatures::makeFDbPackageFromUCSC’ by ‘txdbmaker::makeFDbPackageFromUCSC’ when loading ‘customProDB’
Warning: replacing previous import ‘GenomicFeatures::makeTxDbFromUCSC’ by ‘txdbmaker::makeTxDbFromUCSC’ when loading ‘customProDB’
Warning: replacing previous import ‘GenomicFeatures::makeTxDbPackageFromUCSC’ by ‘txdbmaker::makeTxDbPackageFromUCSC’ when loading ‘customProDB’
Warning: replacing previous import ‘GenomicFeatures::makePackageName’ by ‘txdbmaker::makePackageName’ when loading ‘customProDB’
Warning: replacing previous import ‘GenomicFeatures::makeFeatureDbFromUCSC’ by ‘txdbmaker::makeFeatureDbFromUCSC’ when loading ‘customProDB’
** testing if installed package can be loaded from final location
Warning: replacing previous import ‘GenomicFeatures::makeTxDbPackage’ by ‘txdbmaker::makeTxDbPackage’ when loading ‘customProDB’
Warning: replacing previous import ‘GenomicFeatures::supportedUCSCFeatureDbTables’ by ‘txdbmaker::supportedUCSCFeatureDbTables’ when loading ‘customProDB’
Warning: replacing previous import ‘GenomicFeatures::makeTxDbFromGFF’ by ‘txdbmaker::makeTxDbFromGFF’ when loading ‘customProDB’
Warning: replacing previous import ‘GenomicFeatures::makeTxDbPackageFromBiomart’ by ‘txdbmaker::makeTxDbPackageFromBiomart’ when loading ‘customProDB’
Warning: replacing previous import ‘GenomicFeatures::supportedMiRBaseBuildValues’ by ‘txdbmaker::supportedMiRBaseBuildValues’ when loading ‘customProDB’
Warning: replacing previous import ‘GenomicFeatures::supportedUCSCFeatureDbTracks’ by ‘txdbmaker::supportedUCSCFeatureDbTracks’ when loading ‘customProDB’
Warning: replacing previous import ‘GenomicFeatures::browseUCSCtrack’ by ‘txdbmaker::browseUCSCtrack’ when loading ‘customProDB’
Warning: replacing previous import ‘GenomicFeatures::getChromInfoFromBiomart’ by ‘txdbmaker::getChromInfoFromBiomart’ when loading ‘customProDB’
Warning: replacing previous import ‘GenomicFeatures::makeTxDbFromGRanges’ by ‘txdbmaker::makeTxDbFromGRanges’ when loading ‘customProDB’
Warning: replacing previous import ‘GenomicFeatures::supportedUCSCtables’ by ‘txdbmaker::supportedUCSCtables’ when loading ‘customProDB’
Warning: replacing previous import ‘GenomicFeatures::makeTxDbFromBiomart’ by ‘txdbmaker::makeTxDbFromBiomart’ when loading ‘customProDB’
Warning: replacing previous import ‘GenomicFeatures::UCSCFeatureDbTableSchema’ by ‘txdbmaker::UCSCFeatureDbTableSchema’ when loading ‘customProDB’
Warning: replacing previous import ‘GenomicFeatures::makeTxDbFromEnsembl’ by ‘txdbmaker::makeTxDbFromEnsembl’ when loading ‘customProDB’
Warning: replacing previous import ‘GenomicFeatures::makeTxDb’ by ‘txdbmaker::makeTxDb’ when loading ‘customProDB’
Warning: replacing previous import ‘GenomicFeatures::makeFDbPackageFromUCSC’ by ‘txdbmaker::makeFDbPackageFromUCSC’ when loading ‘customProDB’
Warning: replacing previous import ‘GenomicFeatures::makeTxDbFromUCSC’ by ‘txdbmaker::makeTxDbFromUCSC’ when loading ‘customProDB’
Warning: replacing previous import ‘GenomicFeatures::makeTxDbPackageFromUCSC’ by ‘txdbmaker::makeTxDbPackageFromUCSC’ when loading ‘customProDB’
Warning: replacing previous import ‘GenomicFeatures::makePackageName’ by ‘txdbmaker::makePackageName’ when loading ‘customProDB’
Warning: replacing previous import ‘GenomicFeatures::makeFeatureDbFromUCSC’ by ‘txdbmaker::makeFeatureDbFromUCSC’ when loading ‘customProDB’
** testing if installed package keeps a record of temporary installation path
* DONE (customProDB)

Tests output


Example timings

customProDB.Rcheck/customProDB-Ex.timings

nameusersystemelapsed
Bed2Range0.0710.0150.086
InputVcf1.6280.0921.721
JunctionType0.6520.1010.753
Multiple_VCF0.6500.0670.717
OutputNovelJun1.2900.0181.309
OutputVarprocodingseq0.5210.0310.552
OutputVarproseq0.5010.0210.521
OutputVarproseq_single0.4790.0130.492
Outputaberrant0.2620.0090.271
Outputproseq0.5570.0030.560
OutputsharedPro1.5730.0061.582
Positionincoding0.3100.0070.317