Back to Multiple platform build/check report for BioC 3.23:   simplified   long
A[B]CDEFGHIJKLMNOPQRSTUVWXYZ

This page was generated on 2025-11-27 11:38 -0500 (Thu, 27 Nov 2025).

HostnameOSArch (*)R versionInstalled pkgs
nebbiolo1Linux (Ubuntu 24.04.3 LTS)x86_64R Under development (unstable) (2025-10-20 r88955) -- "Unsuffered Consequences" 4865
lconwaymacOS 12.7.6 Montereyx86_64R Under development (unstable) (2025-10-21 r88958) -- "Unsuffered Consequences" 4614
kjohnson3macOS 13.7.7 Venturaarm64R Under development (unstable) (2025-11-04 r88984) -- "Unsuffered Consequences" 4571
Click on any hostname to see more info about the system (e.g. compilers)      (*) as reported by 'uname -p', except on Windows and Mac OS X

Package 209/2328HostnameOS / ArchINSTALLBUILDCHECKBUILD BIN
biodbChebi 1.17.0  (landing page)
Pierrick Roger
Snapshot Date: 2025-11-26 13:40 -0500 (Wed, 26 Nov 2025)
git_url: https://git.bioconductor.org/packages/biodbChebi
git_branch: devel
git_last_commit: 80ee611
git_last_commit_date: 2025-10-29 11:12:25 -0500 (Wed, 29 Oct 2025)
nebbiolo1Linux (Ubuntu 24.04.3 LTS) / x86_64  OK    ERROR  skipped
lconwaymacOS 12.7.6 Monterey / x86_64  OK    ERROR  skippedskipped
kjohnson3macOS 13.7.7 Ventura / arm64  OK    ERROR  skippedskipped


BUILD results for biodbChebi on lconway

To the developers/maintainers of the biodbChebi package:
- Allow up to 24 hours (and sometimes 48 hours) for your latest push to git@git.bioconductor.org:packages/biodbChebi.git to reflect on this report. See Troubleshooting Build Report for more information.
- Use the following Renviron settings to reproduce errors and warnings.
- If 'R CMD check' started to fail recently on the Linux builder(s) over a missing dependency, add the missing dependency to 'Suggests:' in your DESCRIPTION file. See Renviron.bioc for more information.

raw results


Summary

Package: biodbChebi
Version: 1.17.0
Command: /Library/Frameworks/R.framework/Resources/bin/R CMD build --keep-empty-dirs --no-resave-data biodbChebi
StartedAt: 2025-11-26 16:15:14 -0500 (Wed, 26 Nov 2025)
EndedAt: 2025-11-26 16:16:00 -0500 (Wed, 26 Nov 2025)
EllapsedTime: 45.9 seconds
RetCode: 1
Status:   ERROR  
PackageFile: None
PackageFileSize: NA

Command output

##############################################################################
##############################################################################
###
### Running command:
###
###   /Library/Frameworks/R.framework/Resources/bin/R CMD build --keep-empty-dirs --no-resave-data biodbChebi
###
##############################################################################
##############################################################################


* checking for file ‘biodbChebi/DESCRIPTION’ ... OK
* preparing ‘biodbChebi’:
* checking DESCRIPTION meta-information ... OK
* installing the package (it is needed to build vignettes)
* creating vignettes ... ERROR
--- re-building ‘biodbChebi.Rmd’ using rmarkdown
INFO  [16:15:27.337] Loading definitions from package biodb version 1.19.0.
INFO  [16:15:30.140] Loading definitions from package biodbChebi version 1.17.0.
INFO  [16:15:30.515] Load 3 contents, from /Users/biocbuild/Library/Caches/org.R-project.R/R/biodb/chebi-0c5076ac2a43d16dbce503a44b09f649.
INFO  [16:15:30.537] Load 1 contents, from /Users/biocbuild/Library/Caches/org.R-project.R/R/sched.
INFO  [16:15:38.258] Error when retrieving URL content HTTP error 404 (""). When contacting URL "https://www.ebi.ac.uk/webservices/chebi/2.0/test/getCompleteEntity?chebiId=2528". Retrying connection to server...
INFO  [16:15:38.992] Error when retrieving URL content HTTP error 404 (""). When contacting URL "https://www.ebi.ac.uk/webservices/chebi/2.0/test/getCompleteEntity?chebiId=2528". Retrying connection to server...
INFO  [16:15:39.702] Error when retrieving URL content HTTP error 404 (""). When contacting URL "https://www.ebi.ac.uk/webservices/chebi/2.0/test/getCompleteEntity?chebiId=2528". Retrying connection to server...
INFO  [16:15:40.459] Error when retrieving URL content HTTP error 404 (""). When contacting URL "https://www.ebi.ac.uk/webservices/chebi/2.0/test/getCompleteEntity?chebiId=2528". Retrying connection to server...
INFO  [16:15:41.182] Error when retrieving URL content HTTP error 404 (""). When contacting URL "https://www.ebi.ac.uk/webservices/chebi/2.0/test/getCompleteEntity?chebiId=2528". Retrying connection to server...
INFO  [16:15:41.900] Error when retrieving URL content HTTP error 404 (""). When contacting URL "https://www.ebi.ac.uk/webservices/chebi/2.0/test/getCompleteEntity?chebiId=2528". Retrying connection to server...
INFO  [16:15:42.618] Error when retrieving URL content HTTP error 404 (""). When contacting URL "https://www.ebi.ac.uk/webservices/chebi/2.0/test/getCompleteEntity?chebiId=2528". Retrying connection to server...
INFO  [16:15:43.332] Error when retrieving URL content HTTP error 404 (""). When contacting URL "https://www.ebi.ac.uk/webservices/chebi/2.0/test/getCompleteEntity?chebiId=2528". Retrying connection to server...
INFO  [16:15:44.299] Error when retrieving URL content HTTP error 404 (""). When contacting URL "https://www.ebi.ac.uk/webservices/chebi/2.0/test/getCompleteEntity?chebiId=2528". Retrying connection to server...
INFO  [16:15:45.005] Error when retrieving URL content HTTP error 404 (""). When contacting URL "https://www.ebi.ac.uk/webservices/chebi/2.0/test/getCompleteEntity?chebiId=2528". Retrying connection to server...
INFO  [16:15:45.049] Load 1 contents, from /Users/biocbuild/Library/Caches/org.R-project.R/R/sched.
INFO  [16:15:45.783] Error when retrieving URL content HTTP error 404 (""). When contacting URL "https://www.ebi.ac.uk/webservices/chebi/2.0/test/getCompleteEntity?chebiId=17053". Retrying connection to server...
INFO  [16:15:46.499] Error when retrieving URL content HTTP error 404 (""). When contacting URL "https://www.ebi.ac.uk/webservices/chebi/2.0/test/getCompleteEntity?chebiId=17053". Retrying connection to server...
INFO  [16:15:47.209] Error when retrieving URL content HTTP error 404 (""). When contacting URL "https://www.ebi.ac.uk/webservices/chebi/2.0/test/getCompleteEntity?chebiId=17053". Retrying connection to server...
INFO  [16:15:47.919] Error when retrieving URL content HTTP error 404 (""). When contacting URL "https://www.ebi.ac.uk/webservices/chebi/2.0/test/getCompleteEntity?chebiId=17053". Retrying connection to server...
INFO  [16:15:48.626] Error when retrieving URL content HTTP error 404 (""). When contacting URL "https://www.ebi.ac.uk/webservices/chebi/2.0/test/getCompleteEntity?chebiId=17053". Retrying connection to server...
INFO  [16:15:49.355] Error when retrieving URL content HTTP error 404 (""). When contacting URL "https://www.ebi.ac.uk/webservices/chebi/2.0/test/getCompleteEntity?chebiId=17053". Retrying connection to server...
INFO  [16:15:50.068] Error when retrieving URL content HTTP error 404 (""). When contacting URL "https://www.ebi.ac.uk/webservices/chebi/2.0/test/getCompleteEntity?chebiId=17053". Retrying connection to server...
INFO  [16:15:50.776] Error when retrieving URL content HTTP error 404 (""). When contacting URL "https://www.ebi.ac.uk/webservices/chebi/2.0/test/getCompleteEntity?chebiId=17053". Retrying connection to server...
INFO  [16:15:51.538] Error when retrieving URL content HTTP error 404 (""). When contacting URL "https://www.ebi.ac.uk/webservices/chebi/2.0/test/getCompleteEntity?chebiId=17053". Retrying connection to server...
INFO  [16:15:52.300] Error when retrieving URL content HTTP error 404 (""). When contacting URL "https://www.ebi.ac.uk/webservices/chebi/2.0/test/getCompleteEntity?chebiId=17053". Retrying connection to server...
INFO  [16:15:52.304] Load 1 contents, from /Users/biocbuild/Library/Caches/org.R-project.R/R/sched.
INFO  [16:15:53.071] Error when retrieving URL content HTTP error 404 (""). When contacting URL "https://www.ebi.ac.uk/webservices/chebi/2.0/test/getCompleteEntity?chebiId=15440". Retrying connection to server...
INFO  [16:15:53.797] Error when retrieving URL content HTTP error 404 (""). When contacting URL "https://www.ebi.ac.uk/webservices/chebi/2.0/test/getCompleteEntity?chebiId=15440". Retrying connection to server...
INFO  [16:15:54.514] Error when retrieving URL content HTTP error 404 (""). When contacting URL "https://www.ebi.ac.uk/webservices/chebi/2.0/test/getCompleteEntity?chebiId=15440". Retrying connection to server...
INFO  [16:15:55.238] Error when retrieving URL content HTTP error 404 (""). When contacting URL "https://www.ebi.ac.uk/webservices/chebi/2.0/test/getCompleteEntity?chebiId=15440". Retrying connection to server...
INFO  [16:15:55.955] Error when retrieving URL content HTTP error 404 (""). When contacting URL "https://www.ebi.ac.uk/webservices/chebi/2.0/test/getCompleteEntity?chebiId=15440". Retrying connection to server...
INFO  [16:15:56.681] Error when retrieving URL content HTTP error 404 (""). When contacting URL "https://www.ebi.ac.uk/webservices/chebi/2.0/test/getCompleteEntity?chebiId=15440". Retrying connection to server...
INFO  [16:15:57.393] Error when retrieving URL content HTTP error 404 (""). When contacting URL "https://www.ebi.ac.uk/webservices/chebi/2.0/test/getCompleteEntity?chebiId=15440". Retrying connection to server...
INFO  [16:15:58.109] Error when retrieving URL content HTTP error 404 (""). When contacting URL "https://www.ebi.ac.uk/webservices/chebi/2.0/test/getCompleteEntity?chebiId=15440". Retrying connection to server...
INFO  [16:15:58.820] Error when retrieving URL content HTTP error 404 (""). When contacting URL "https://www.ebi.ac.uk/webservices/chebi/2.0/test/getCompleteEntity?chebiId=15440". Retrying connection to server...
INFO  [16:15:59.537] Error when retrieving URL content HTTP error 404 (""). When contacting URL "https://www.ebi.ac.uk/webservices/chebi/2.0/test/getCompleteEntity?chebiId=15440". Retrying connection to server...
INFO  [16:15:59.540] Save 3 contents to /Users/biocbuild/Library/Caches/org.R-project.R/R/biodb/chebi-0c5076ac2a43d16dbce503a44b09f649.

Quitting from biodbChebi.Rmd:72-74 [unnamed-chunk-5]
~~~~~~~~~~~~~~~~~~~~~~~~~~~~~~~~~~~~~~~~~~~~~~~~~~~~~~~~~~~~~~~~~~~~~~~~~~~~~~~~
<error/rlang_error>
Error:
! attempt to apply non-function
~~~~~~~~~~~~~~~~~~~~~~~~~~~~~~~~~~~~~~~~~~~~~~~~~~~~~~~~~~~~~~~~~~~~~~~~~~~~~~~~

Error: processing vignette 'biodbChebi.Rmd' failed with diagnostics:
attempt to apply non-function
--- failed re-building ‘biodbChebi.Rmd’

SUMMARY: processing the following file failed:
  ‘biodbChebi.Rmd’

Error: Vignette re-building failed.
Execution halted