##############################################################################
##############################################################################
###
### Running command:
###
### /home/biocbuild/bbs-3.23-bioc/R/bin/R CMD build --keep-empty-dirs --no-resave-data adSplit
###
##############################################################################
##############################################################################
* checking for file ‘adSplit/DESCRIPTION’ ... OK
* preparing ‘adSplit’:
* checking DESCRIPTION meta-information ... OK
* cleaning src
* installing the package (it is needed to build vignettes)
* creating vignettes ... ERROR
--- re-building ‘tr_2005_02.Rnw’ using Sweave
Loading required package: Biobase
Loading required package: BiocGenerics
Loading required package: generics
Attaching package: ‘generics’
The following objects are masked from ‘package:base’:
as.difftime, as.factor, as.ordered, intersect, is.element, setdiff,
setequal, union
Attaching package: ‘BiocGenerics’
The following objects are masked from ‘package:stats’:
IQR, mad, sd, var, xtabs
The following objects are masked from ‘package:base’:
Filter, Find, Map, Position, Reduce, anyDuplicated, aperm, append,
as.data.frame, basename, cbind, colnames, dirname, do.call,
duplicated, eval, evalq, get, grep, grepl, is.unsorted, lapply,
mapply, match, mget, order, paste, pmax, pmax.int, pmin, pmin.int,
rank, rbind, rownames, sapply, saveRDS, table, tapply, unique,
unsplit, which.max, which.min
Welcome to Bioconductor
Vignettes contain introductory material; view with
'browseVignettes()'. To cite Bioconductor, see
'citation("Biobase")', and for packages 'citation("pkgname")'.
Loading required package: hu6800.db
Warning in library(package, lib.loc = lib.loc, character.only = TRUE, logical.return = TRUE, :
there is no package called ‘hu6800.db’
Error: processing vignette 'tr_2005_02.Rnw' failed with diagnostics:
chunk 6
Error in eval(as.symbol(paste(chip.name, "GO2ALLPROBES", sep = ""))) :
object 'hu6800GO2ALLPROBES' not found
--- failed re-building ‘tr_2005_02.Rnw’
epstopdf splitSet.eps
epstopdf ($Id: epstopdf.pl 68289 2023-09-15 22:17:54Z karl $) 2.33
!!! Error: Cannot open splitSet.eps: No such file or directory
make: *** [Makefile:4: pdf] Error 2
Error in tools::buildVignettes(dir = ".", tangle = TRUE) :
running 'make' failed
Execution halted