Back to Multiple platform build/check report for BioC 3.22:   simplified   long
ABCDEFGHIJKLMNOPQRSTU[V]WXYZ

This page was generated on 2025-05-22 12:11 -0400 (Thu, 22 May 2025).

HostnameOSArch (*)R versionInstalled pkgs
nebbiolo2Linux (Ubuntu 24.04.1 LTS)x86_644.5.0 (2025-04-11) -- "How About a Twenty-Six" 4750
palomino8Windows Server 2022 Datacenterx644.5.0 (2025-04-11 ucrt) -- "How About a Twenty-Six" 4525
lconwaymacOS 12.7.1 Montereyx86_644.5.0 Patched (2025-04-21 r88169) -- "How About a Twenty-Six" 4550
kjohnson3macOS 13.7.1 Venturaarm644.5.0 Patched (2025-04-21 r88169) -- "How About a Twenty-Six" 4491
taishanLinux (openEuler 24.03 LTS)aarch644.5.0 (2025-04-11) -- "How About a Twenty-Six" 4455
Click on any hostname to see more info about the system (e.g. compilers)      (*) as reported by 'uname -p', except on Windows and Mac OS X

Package 2248/2304HostnameOS / ArchINSTALLBUILDCHECKBUILD BIN
VariantExperiment 1.23.0  (landing page)
Qian Liu
Snapshot Date: 2025-05-21 13:25 -0400 (Wed, 21 May 2025)
git_url: https://git.bioconductor.org/packages/VariantExperiment
git_branch: devel
git_last_commit: 3efd4d5
git_last_commit_date: 2025-04-15 11:49:03 -0400 (Tue, 15 Apr 2025)
nebbiolo2Linux (Ubuntu 24.04.1 LTS) / x86_64  OK    OK    OK  UNNEEDED, same version is already published
palomino8Windows Server 2022 Datacenter / x64  OK    ERROR  skippedskipped
lconwaymacOS 12.7.1 Monterey / x86_64  OK    ERROR  skippedskipped
kjohnson3macOS 13.7.1 Ventura / arm64  OK    ERROR  skippedskipped
taishanLinux (openEuler 24.03 LTS) / aarch64  OK    OK    OK  


BUILD results for VariantExperiment on kjohnson3

To the developers/maintainers of the VariantExperiment package:
- Allow up to 24 hours (and sometimes 48 hours) for your latest push to git@git.bioconductor.org:packages/VariantExperiment.git to reflect on this report. See Troubleshooting Build Report for more information.
- Use the following Renviron settings to reproduce errors and warnings.
- If 'R CMD check' started to fail recently on the Linux builder(s) over a missing dependency, add the missing dependency to 'Suggests:' in your DESCRIPTION file. See Renviron.bioc for more information.

raw results


Summary

Package: VariantExperiment
Version: 1.23.0
Command: /Library/Frameworks/R.framework/Resources/bin/R CMD build --keep-empty-dirs --no-resave-data VariantExperiment
StartedAt: 2025-05-21 17:47:40 -0400 (Wed, 21 May 2025)
EndedAt: 2025-05-21 17:47:55 -0400 (Wed, 21 May 2025)
EllapsedTime: 15.2 seconds
RetCode: 1
Status:   ERROR  
PackageFile: None
PackageFileSize: NA

Command output

##############################################################################
##############################################################################
###
### Running command:
###
###   /Library/Frameworks/R.framework/Resources/bin/R CMD build --keep-empty-dirs --no-resave-data VariantExperiment
###
##############################################################################
##############################################################################


* checking for file ‘VariantExperiment/DESCRIPTION’ ... OK
* preparing ‘VariantExperiment’:
* checking DESCRIPTION meta-information ... OK
* installing the package to build vignettes
* creating vignettes ... ERROR
--- re-building ‘VariantExperiment-class.Rmd’ using rmarkdown

Quitting from VariantExperiment-class.Rmd:244-248 [makeVariantExperimentFromVCF]
~~~~~~~~~~~~~~~~~~~~~~~~~~~~~~~~~~~~~~~~~~~~~~~~~~~~~~~~~~~~~~~~~~~~~~~~~~~~~~~~
<error/rlang_error>
Error in `seqGetData()`:
! The GDS node "$ref" does not exist.
---
Backtrace:
    ▆
 1. └─VariantExperiment::makeVariantExperimentFromVCF(vcf, out.dir = tempfile())
 2.   └─VariantExperiment::makeVariantExperimentFromGDS(...)
 3.     └─VariantExperiment::makeVariantExperimentFromSEQGDS(...)
 4.       └─VariantExperiment:::.rowRanges_seqgds(...)
 5.         └─VariantExperiment:::.granges_seqgds(seqgdsfile)
 6.           ├─SeqArray::granges(f)
 7.           └─SeqArray::granges(f)
 8.             └─SeqArray::seqGetData(x, "$ref")
~~~~~~~~~~~~~~~~~~~~~~~~~~~~~~~~~~~~~~~~~~~~~~~~~~~~~~~~~~~~~~~~~~~~~~~~~~~~~~~~

Error: processing vignette 'VariantExperiment-class.Rmd' failed with diagnostics:
The GDS node "$ref" does not exist.
--- failed re-building ‘VariantExperiment-class.Rmd’

SUMMARY: processing the following file failed:
  ‘VariantExperiment-class.Rmd’

Error: Vignette re-building failed.
Execution halted